| Back to Multiple platform build/check report for BioC 3.10 |
|
This page was generated on 2020-04-15 12:19:16 -0400 (Wed, 15 Apr 2020).
| Package 593/1823 | Hostname | OS / Arch | INSTALL | BUILD | CHECK | BUILD BIN | ||||||
| flowMeans 1.46.0 Nima Aghaeepour
| malbec1 | Linux (Ubuntu 18.04.4 LTS) / x86_64 | OK | OK | OK | |||||||
| tokay1 | Windows Server 2012 R2 Standard / x64 | ERROR | OK | [ ERROR ] | ERROR | |||||||
| merida1 | OS X 10.11.6 El Capitan / x86_64 | OK | OK | WARNINGS | OK |
| Package: flowMeans |
| Version: 1.46.0 |
| Command: C:\Users\biocbuild\bbs-3.10-bioc\R\bin\R.exe CMD check --force-multiarch --install=check:flowMeans.install-out.txt --library=C:\Users\biocbuild\bbs-3.10-bioc\R\library --no-vignettes --timings flowMeans_1.46.0.tar.gz |
| StartedAt: 2020-04-15 03:13:59 -0400 (Wed, 15 Apr 2020) |
| EndedAt: 2020-04-15 03:14:03 -0400 (Wed, 15 Apr 2020) |
| EllapsedTime: 4.5 seconds |
| RetCode: 1 |
| Status: ERROR |
| CheckDir: flowMeans.Rcheck |
| Warnings: NA |
############################################################################## ############################################################################## ### ### Running command: ### ### C:\Users\biocbuild\bbs-3.10-bioc\R\bin\R.exe CMD check --force-multiarch --install=check:flowMeans.install-out.txt --library=C:\Users\biocbuild\bbs-3.10-bioc\R\library --no-vignettes --timings flowMeans_1.46.0.tar.gz ### ############################################################################## ############################################################################## * using log directory 'C:/Users/biocbuild/bbs-3.10-bioc/meat/flowMeans.Rcheck' * using R version 3.6.3 (2020-02-29) * using platform: x86_64-w64-mingw32 (64-bit) * using session charset: ISO8859-1 * using option '--no-vignettes' * checking for file 'flowMeans/DESCRIPTION' ... OK * checking extension type ... Package * this is package 'flowMeans' version '1.46.0' * checking package namespace information ... OK * checking package dependencies ... OK * checking if this is a source package ... OK * checking if there is a namespace ... OK * checking for hidden files and directories ... OK * checking for portable file names ... OK * checking whether package 'flowMeans' can be installed ... ERROR Installation failed. See 'C:/Users/biocbuild/bbs-3.10-bioc/meat/flowMeans.Rcheck/00install.out' for details. * DONE Status: 1 ERROR See 'C:/Users/biocbuild/bbs-3.10-bioc/meat/flowMeans.Rcheck/00check.log' for details.
flowMeans.Rcheck/00install.out
##############################################################################
##############################################################################
###
### Running command:
###
### C:\cygwin\bin\curl.exe -O https://malbec1.bioconductor.org/BBS/3.10/bioc/src/contrib/flowMeans_1.46.0.tar.gz && rm -rf flowMeans.buildbin-libdir && mkdir flowMeans.buildbin-libdir && C:\Users\biocbuild\bbs-3.10-bioc\R\bin\R.exe CMD INSTALL --merge-multiarch --build --library=flowMeans.buildbin-libdir flowMeans_1.46.0.tar.gz && C:\Users\biocbuild\bbs-3.10-bioc\R\bin\R.exe CMD INSTALL flowMeans_1.46.0.zip && rm flowMeans_1.46.0.tar.gz flowMeans_1.46.0.zip
###
##############################################################################
##############################################################################
% Total % Received % Xferd Average Speed Time Time Time Current
Dload Upload Total Spent Left Speed
0 0 0 0 0 0 0 0 --:--:-- --:--:-- --:--:-- 0
100 206k 100 206k 0 0 5041k 0 --:--:-- --:--:-- --:--:-- 5591k
install for i386
* installing *source* package 'flowMeans' ...
** using staged installation
** R
** data
** byte-compile and prepare package for lazy loading
Error in library.dynam(dynlib, pkg, lib) :
DLL 'rgl' not found: maybe not installed for this architecture?
Error: .onLoad failed in loadNamespace() for 'rgl', details:
call: NULL
error: Loading rgl's DLL failed.
Execution halted
ERROR: lazy loading failed for package 'flowMeans'
* removing 'C:/Users/biocbuild/bbs-3.10-bioc/meat/flowMeans.buildbin-libdir/flowMeans'