| Back to Multiple platform build/check report for BioC 3.10 |
|
This page was generated on 2020-04-15 12:17:51 -0400 (Wed, 15 Apr 2020).
| Package 586/1823 | Hostname | OS / Arch | INSTALL | BUILD | CHECK | BUILD BIN | ||||||
| flowCore 1.52.1 Mike Jiang
| malbec1 | Linux (Ubuntu 18.04.4 LTS) / x86_64 | OK | OK | WARNINGS | |||||||
| tokay1 | Windows Server 2012 R2 Standard / x64 | OK | OK | [ WARNINGS ] | OK | |||||||
| merida1 | OS X 10.11.6 El Capitan / x86_64 | OK | OK | WARNINGS | OK |
| Package: flowCore |
| Version: 1.52.1 |
| Command: C:\Users\biocbuild\bbs-3.10-bioc\R\bin\R.exe CMD check --force-multiarch --install=check:flowCore.install-out.txt --library=C:\Users\biocbuild\bbs-3.10-bioc\R\library --no-vignettes --timings flowCore_1.52.1.tar.gz |
| StartedAt: 2020-04-15 03:12:44 -0400 (Wed, 15 Apr 2020) |
| EndedAt: 2020-04-15 03:16:21 -0400 (Wed, 15 Apr 2020) |
| EllapsedTime: 217.1 seconds |
| RetCode: 0 |
| Status: WARNINGS |
| CheckDir: flowCore.Rcheck |
| Warnings: 5 |
##############################################################################
##############################################################################
###
### Running command:
###
### C:\Users\biocbuild\bbs-3.10-bioc\R\bin\R.exe CMD check --force-multiarch --install=check:flowCore.install-out.txt --library=C:\Users\biocbuild\bbs-3.10-bioc\R\library --no-vignettes --timings flowCore_1.52.1.tar.gz
###
##############################################################################
##############################################################################
* using log directory 'C:/Users/biocbuild/bbs-3.10-bioc/meat/flowCore.Rcheck'
* using R version 3.6.3 (2020-02-29)
* using platform: x86_64-w64-mingw32 (64-bit)
* using session charset: ISO8859-1
* using option '--no-vignettes'
* checking for file 'flowCore/DESCRIPTION' ... OK
* this is package 'flowCore' version '1.52.1'
* package encoding: UTF-8
* checking package namespace information ... OK
* checking package dependencies ... OK
* checking if this is a source package ... OK
* checking if there is a namespace ... OK
* checking for hidden files and directories ... OK
* checking for portable file names ... OK
* checking whether package 'flowCore' can be installed ... WARNING
Found the following significant warnings:
Rd warning: C:/Users/biocbuild/bbs-3.10-bioc/tmpdir/RtmpWCGnFR/R.INSTALL17a059ea76b3/flowCore/man/FCSTransTransform.Rd:62: file link 'estimateLogicle' in package 'flowCore' does not exist and so has been treated as a topic
Rd warning: C:/Users/biocbuild/bbs-3.10-bioc/tmpdir/RtmpWCGnFR/R.INSTALL17a059ea76b3/flowCore/man/compensation-class.Rd:82: missing file link 'spillover-flowSet'
Rd warning: C:/Users/biocbuild/bbs-3.10-bioc/tmpdir/RtmpWCGnFR/R.INSTALL17a059ea76b3/flowCore/man/compensation-class.Rd:219: missing file link 'spillover-flowSet'
Rd warning: C:/Users/biocbuild/bbs-3.10-bioc/tmpdir/RtmpWCGnFR/R.INSTALL17a059ea76b3/flowCore/man/filter-class.Rd:40: file link 'rectangleGate' in package 'flowCore' does not exist and so has been treated as a topic
Rd warning: C:/Users/biocbuild/bbs-3.10-bioc/tmpdir/RtmpWCGnFR/R.INSTALL17a059ea76b3/flowCore/man/filter-class.Rd:42: file link 'kmeansFilter' in package 'flowCore' does not exist and so has been treated as a topic
Rd warning: C:/Users/biocbuild/bbs-3.10-bioc/tmpdir/RtmpWCGnFR/R.INSTALL17a059ea76b3/flowCore/man/filters-class.Rd:33: file link 'filterList' in package 'flowCore' does not exist and so has been treated as a topic
Rd warning: C:/Users/biocbuild/bbs-3.10-bioc/tmpdir/RtmpWCGnFR/R.INSTALL17a059ea76b3/flowCore/man/logicleTransform.Rd:76: file link 'estimateLogicle' in package 'flowCore' does not exist and so has been treated as a topic
Rd warning: C:/Users/biocbuild/bbs-3.10-bioc/tmpdir/RtmpWCGnFR/R.INSTALL17a059ea76b3/flowCore/man/normalization-class.Rd:33: file link 'normalize-methods' in package 'flowStats' does not exist and so has been treated as a topic
Rd warning: C:/Users/biocbuild/bbs-3.10-bioc/tmpdir/RtmpWCGnFR/R.INSTALL17a059ea76b3/flowCore/man/scale_gate.Rd:31: file link 'rescale_gate' in package 'ggcyto' does not exist and so has been treated as a topic
Rd warning: C:/Users/biocbuild/bbs-3.10-bioc/tmpdir/RtmpWCGnFR/R.INSTALL17a059ea76b3/flowCore/man/transform_gate.Rd:56: file link 'rescale_gate' in package 'ggcyto' does not exist and so has been treated as a topic
See 'C:/Users/biocbuild/bbs-3.10-bioc/meat/flowCore.Rcheck/00install.out' for details.
* checking installed package size ... NOTE
installed size is 10.4Mb
sub-directories of 1Mb or more:
R 1.0Mb
data 5.0Mb
extdata 1.1Mb
libs 1.7Mb
* checking package directory ... OK
* checking 'build' directory ... OK
* checking DESCRIPTION meta-information ... OK
* checking top-level files ... OK
* checking for left-over files ... OK
* checking index information ... OK
* checking package subdirectories ... OK
* checking R files for non-ASCII characters ... WARNING
Found the following file with non-ASCII characters:
AllGenerics.R
Portable packages must use only ASCII characters in their R code,
except perhaps in comments.
Use \uxxxx escapes for other characters.
* checking R files for syntax errors ... OK
* loading checks for arch 'i386'
** checking whether the package can be loaded ... OK
** checking whether the package can be loaded with stated dependencies ... OK
** checking whether the package can be unloaded cleanly ... OK
** checking whether the namespace can be loaded with stated dependencies ... OK
** checking whether the namespace can be unloaded cleanly ... OK
* loading checks for arch 'x64'
** checking whether the package can be loaded ... OK
** checking whether the package can be loaded with stated dependencies ... OK
** checking whether the package can be unloaded cleanly ... OK
** checking whether the namespace can be loaded with stated dependencies ... OK
** checking whether the namespace can be unloaded cleanly ... OK
* checking dependencies in R code ... OK
* checking S3 generic/method consistency ... OK
* checking replacement functions ... OK
* checking foreign function calls ... OK
* checking R code for possible problems ... NOTE
eval,compensatedParameter-missing : <anonymous>: no visible binding for
global variable 'mat'
eval,compensatedParameter-missing : <anonymous>: no visible binding for
global variable 'msv'
Undefined global functions or variables:
mat msv
* checking Rd files ... OK
* checking Rd metadata ... OK
* checking Rd cross-references ... WARNING
Missing link or links in documentation object 'compensation-class.Rd':
'[flowCore:spillover-flowSet]{spillover}'
See section 'Cross-references' in the 'Writing R Extensions' manual.
* checking for missing documentation entries ... WARNING
Undocumented code objects:
'Data' 'action' 'actions' 'gate' 'isNull' 'journal' 'parent'
'spillover' 'spillover_match' 'tree' 'views'
Undocumented S4 methods:
generic 'identifier' and siglist 'NULL'
All user-level objects in a package (including S4 classes and methods)
should have documentation entries.
See chapter 'Writing R documentation files' in the 'Writing R
Extensions' manual.
* checking for code/documentation mismatches ... OK
* checking Rd \usage sections ... WARNING
Documented arguments not in \usage in documentation object 'read.flowSet':
'truncate.max.range'
Functions with \usage entries need to have the appropriate \alias
entries, and all their arguments documented.
The \usage entries must correspond to syntactically valid R code.
See chapter 'Writing R documentation files' in the 'Writing R
Extensions' manual.
* checking Rd contents ... OK
* checking for unstated dependencies in examples ... OK
* checking contents of 'data' directory ... OK
* checking data for non-ASCII characters ... OK
* checking data for ASCII and uncompressed saves ... OK
* checking line endings in C/C++/Fortran sources/headers ... OK
* checking line endings in Makefiles ... OK
* checking compilation flags in Makevars ... OK
* checking for GNU extensions in Makefiles ... OK
* checking for portable use of $(BLAS_LIBS) and $(LAPACK_LIBS) ... OK
* checking compiled code ... NOTE
Note: information on .o files for i386 is not available
Note: information on .o files for x64 is not available
File 'C:/Users/biocbuild/bbs-3.10-bioc/R/library/flowCore/libs/i386/flowCore.dll':
Found 'abort', possibly from 'abort' (C), 'runtime' (Fortran)
Found 'exit', possibly from 'exit' (C), 'stop' (Fortran)
Found 'printf', possibly from 'printf' (C)
File 'C:/Users/biocbuild/bbs-3.10-bioc/R/library/flowCore/libs/x64/flowCore.dll':
Found 'abort', possibly from 'abort' (C), 'runtime' (Fortran)
Found 'exit', possibly from 'exit' (C), 'stop' (Fortran)
Found 'printf', possibly from 'printf' (C)
Compiled code should not call entry points which might terminate R nor
write to stdout/stderr instead of to the console, nor use Fortran I/O
nor system RNGs. The detected symbols are linked into the code but
might come from libraries and not actually be called.
See 'Writing portable packages' in the 'Writing R Extensions' manual.
* checking installed files from 'inst/doc' ... OK
* checking files in 'vignettes' ... OK
* checking examples ...
** running examples for arch 'i386' ... OK
Examples with CPU or elapsed time > 5s
user system elapsed
biexponentialTransform 6.64 0.08 6.72
flowFrame-class 5.78 0.22 6.00
filterResultList-class 4.94 0.35 5.29
** running examples for arch 'x64' ... OK
Examples with CPU or elapsed time > 5s
user system elapsed
biexponentialTransform 5.2 0.06 5.27
* checking for unstated dependencies in 'tests' ... OK
* checking tests ...
** running tests for arch 'i386' ...
Running 'testthat.R'
OK
** running tests for arch 'x64' ...
Running 'testthat.R'
OK
* checking for unstated dependencies in vignettes ... OK
* checking package vignettes in 'inst/doc' ... OK
* checking running R code from vignettes ... SKIPPED
* checking re-building of vignette outputs ... SKIPPED
* checking PDF version of manual ... OK
* DONE
Status: 5 WARNINGs, 3 NOTEs
See
'C:/Users/biocbuild/bbs-3.10-bioc/meat/flowCore.Rcheck/00check.log'
for details.
flowCore.Rcheck/00install.out
##############################################################################
##############################################################################
###
### Running command:
###
### C:\cygwin\bin\curl.exe -O https://malbec1.bioconductor.org/BBS/3.10/bioc/src/contrib/flowCore_1.52.1.tar.gz && rm -rf flowCore.buildbin-libdir && mkdir flowCore.buildbin-libdir && C:\Users\biocbuild\bbs-3.10-bioc\R\bin\R.exe CMD INSTALL --merge-multiarch --build --library=flowCore.buildbin-libdir flowCore_1.52.1.tar.gz && C:\Users\biocbuild\bbs-3.10-bioc\R\bin\R.exe CMD INSTALL flowCore_1.52.1.zip && rm flowCore_1.52.1.tar.gz flowCore_1.52.1.zip
###
##############################################################################
##############################################################################
% Total % Received % Xferd Average Speed Time Time Time Current
Dload Upload Total Spent Left Speed
0 0 0 0 0 0 0 0 --:--:-- --:--:-- --:--:-- 0
100 7900k 100 7900k 0 0 60.8M 0 --:--:-- --:--:-- --:--:-- 62.7M
install for i386
* installing *source* package 'flowCore' ...
** using staged installation
** libs
C:/Rtools/mingw_32/bin/g++ -std=gnu++11 -I"C:/Users/BIOCBU~1/BBS-3~1.10-/R/include" -DNDEBUG -I"C:/Users/biocbuild/bbs-3.10-bioc/R/library/Rcpp/include" -I"C:/Users/biocbuild/bbs-3.10-bioc/R/library/BH/include" -I"C:/Users/biocbuild/bbs-3.10-bioc/R/library/cytolib/include" -I"C:/extsoft/include" -O2 -Wall -mtune=core2 -c FastLogicle.cpp -o FastLogicle.o
C:/Rtools/mingw_32/bin/g++ -std=gnu++11 -I"C:/Users/BIOCBU~1/BBS-3~1.10-/R/include" -DNDEBUG -I"C:/Users/biocbuild/bbs-3.10-bioc/R/library/Rcpp/include" -I"C:/Users/biocbuild/bbs-3.10-bioc/R/library/BH/include" -I"C:/Users/biocbuild/bbs-3.10-bioc/R/library/cytolib/include" -I"C:/extsoft/include" -O2 -Wall -mtune=core2 -c Hyperlog.cpp -o Hyperlog.o
C:/Rtools/mingw_32/bin/g++ -std=gnu++11 -I"C:/Users/BIOCBU~1/BBS-3~1.10-/R/include" -DNDEBUG -I"C:/Users/biocbuild/bbs-3.10-bioc/R/library/Rcpp/include" -I"C:/Users/biocbuild/bbs-3.10-bioc/R/library/BH/include" -I"C:/Users/biocbuild/bbs-3.10-bioc/R/library/cytolib/include" -I"C:/extsoft/include" -O2 -Wall -mtune=core2 -c Logicle.cpp -o Logicle.o
C:/Rtools/mingw_32/bin/g++ -std=gnu++11 -I"C:/Users/BIOCBU~1/BBS-3~1.10-/R/include" -DNDEBUG -I"C:/Users/biocbuild/bbs-3.10-bioc/R/library/Rcpp/include" -I"C:/Users/biocbuild/bbs-3.10-bioc/R/library/BH/include" -I"C:/Users/biocbuild/bbs-3.10-bioc/R/library/cytolib/include" -I"C:/extsoft/include" -O2 -Wall -mtune=core2 -c RcppExports.cpp -o RcppExports.o
C:/Rtools/mingw_32/bin/g++ -std=gnu++11 -I"C:/Users/BIOCBU~1/BBS-3~1.10-/R/include" -DNDEBUG -I"C:/Users/biocbuild/bbs-3.10-bioc/R/library/Rcpp/include" -I"C:/Users/biocbuild/bbs-3.10-bioc/R/library/BH/include" -I"C:/Users/biocbuild/bbs-3.10-bioc/R/library/cytolib/include" -I"C:/extsoft/include" -O2 -Wall -mtune=core2 -c biexponential.cpp -o biexponential.o
C:/Rtools/mingw_32/bin/g++ -std=gnu++11 -I"C:/Users/BIOCBU~1/BBS-3~1.10-/R/include" -DNDEBUG -I"C:/Users/biocbuild/bbs-3.10-bioc/R/library/Rcpp/include" -I"C:/Users/biocbuild/bbs-3.10-bioc/R/library/BH/include" -I"C:/Users/biocbuild/bbs-3.10-bioc/R/library/cytolib/include" -I"C:/extsoft/include" -O2 -Wall -mtune=core2 -c convertRawBytes.cpp -o convertRawBytes.o
C:/Rtools/mingw_32/bin/g++ -std=gnu++11 -I"C:/Users/BIOCBU~1/BBS-3~1.10-/R/include" -DNDEBUG -I"C:/Users/biocbuild/bbs-3.10-bioc/R/library/Rcpp/include" -I"C:/Users/biocbuild/bbs-3.10-bioc/R/library/BH/include" -I"C:/Users/biocbuild/bbs-3.10-bioc/R/library/cytolib/include" -I"C:/extsoft/include" -O2 -Wall -mtune=core2 -c fcsTextParse.cpp -o fcsTextParse.o
C:/Rtools/mingw_32/bin/g++ -std=gnu++11 -I"C:/Users/BIOCBU~1/BBS-3~1.10-/R/include" -DNDEBUG -I"C:/Users/biocbuild/bbs-3.10-bioc/R/library/Rcpp/include" -I"C:/Users/biocbuild/bbs-3.10-bioc/R/library/BH/include" -I"C:/Users/biocbuild/bbs-3.10-bioc/R/library/cytolib/include" -I"C:/extsoft/include" -O2 -Wall -mtune=core2 -c hyperlogTransform.cpp -o hyperlogTransform.o
C:/Rtools/mingw_32/bin/g++ -std=gnu++11 -I"C:/Users/BIOCBU~1/BBS-3~1.10-/R/include" -DNDEBUG -I"C:/Users/biocbuild/bbs-3.10-bioc/R/library/Rcpp/include" -I"C:/Users/biocbuild/bbs-3.10-bioc/R/library/BH/include" -I"C:/Users/biocbuild/bbs-3.10-bioc/R/library/cytolib/include" -I"C:/extsoft/include" -O2 -Wall -mtune=core2 -c inPolygon.cpp -o inPolygon.o
C:/Rtools/mingw_32/bin/g++ -std=gnu++11 -I"C:/Users/BIOCBU~1/BBS-3~1.10-/R/include" -DNDEBUG -I"C:/Users/biocbuild/bbs-3.10-bioc/R/library/Rcpp/include" -I"C:/Users/biocbuild/bbs-3.10-bioc/R/library/BH/include" -I"C:/Users/biocbuild/bbs-3.10-bioc/R/library/cytolib/include" -I"C:/extsoft/include" -O2 -Wall -mtune=core2 -c inPolytope.cpp -o inPolytope.o
C:/Rtools/mingw_32/bin/g++ -std=gnu++11 -I"C:/Users/BIOCBU~1/BBS-3~1.10-/R/include" -DNDEBUG -I"C:/Users/biocbuild/bbs-3.10-bioc/R/library/Rcpp/include" -I"C:/Users/biocbuild/bbs-3.10-bioc/R/library/BH/include" -I"C:/Users/biocbuild/bbs-3.10-bioc/R/library/cytolib/include" -I"C:/extsoft/include" -O2 -Wall -mtune=core2 -c logicleTransform.cpp -o logicleTransform.o
C:/Rtools/mingw_32/bin/g++ -std=gnu++11 -I"C:/Users/BIOCBU~1/BBS-3~1.10-/R/include" -DNDEBUG -I"C:/Users/biocbuild/bbs-3.10-bioc/R/library/Rcpp/include" -I"C:/Users/biocbuild/bbs-3.10-bioc/R/library/BH/include" -I"C:/Users/biocbuild/bbs-3.10-bioc/R/library/cytolib/include" -I"C:/extsoft/include" -O2 -Wall -mtune=core2 -c pairVectorRcppWrap.cpp -o pairVectorRcppWrap.o
C:/Rtools/mingw_32/bin/g++ -std=gnu++11 -I"C:/Users/BIOCBU~1/BBS-3~1.10-/R/include" -DNDEBUG -I"C:/Users/biocbuild/bbs-3.10-bioc/R/library/Rcpp/include" -I"C:/Users/biocbuild/bbs-3.10-bioc/R/library/BH/include" -I"C:/Users/biocbuild/bbs-3.10-bioc/R/library/cytolib/include" -I"C:/extsoft/include" -O2 -Wall -mtune=core2 -c poly_centroid.cpp -o poly_centroid.o
C:/Rtools/mingw_32/bin/g++ -std=gnu++11 -I"C:/Users/BIOCBU~1/BBS-3~1.10-/R/include" -DNDEBUG -I"C:/Users/biocbuild/bbs-3.10-bioc/R/library/Rcpp/include" -I"C:/Users/biocbuild/bbs-3.10-bioc/R/library/BH/include" -I"C:/Users/biocbuild/bbs-3.10-bioc/R/library/cytolib/include" -I"C:/extsoft/include" -O2 -Wall -mtune=core2 -c sortBytes.cpp -o sortBytes.o
C:/Rtools/mingw_32/bin/g++ -std=gnu++11 -I"C:/Users/BIOCBU~1/BBS-3~1.10-/R/include" -DNDEBUG -I"C:/Users/biocbuild/bbs-3.10-bioc/R/library/Rcpp/include" -I"C:/Users/biocbuild/bbs-3.10-bioc/R/library/BH/include" -I"C:/Users/biocbuild/bbs-3.10-bioc/R/library/cytolib/include" -I"C:/extsoft/include" -O2 -Wall -mtune=core2 -c uint2double.cpp -o uint2double.o
C:/Rtools/mingw_32/bin/g++ -std=gnu++11 -I"C:/Users/BIOCBU~1/BBS-3~1.10-/R/include" -DNDEBUG -I"C:/Users/biocbuild/bbs-3.10-bioc/R/library/Rcpp/include" -I"C:/Users/biocbuild/bbs-3.10-bioc/R/library/BH/include" -I"C:/Users/biocbuild/bbs-3.10-bioc/R/library/cytolib/include" -I"C:/extsoft/include" -O2 -Wall -mtune=core2 -c zeroin.cpp -o zeroin.o
C:/Rtools/mingw_32/bin/g++ -shared -s -static-libgcc -o flowCore.dll tmp.def FastLogicle.o Hyperlog.o Logicle.o RcppExports.o biexponential.o convertRawBytes.o fcsTextParse.o hyperlogTransform.o inPolygon.o inPolytope.o logicleTransform.o pairVectorRcppWrap.o poly_centroid.o sortBytes.o uint2double.o zeroin.o -LC:/extsoft/lib/i386 -LC:/extsoft/lib -LC:/Users/BIOCBU~1/BBS-3~1.10-/R/bin/i386 -lR
if [ `uname -s` = 'Darwin' ]; then install_name_tool -change /usr/local/clang4/lib/libc++.1.dylib /usr/lib/libc++.1.dylib flowCore.dll; fi
installing to C:/Users/biocbuild/bbs-3.10-bioc/meat/flowCore.buildbin-libdir/00LOCK-flowCore/00new/flowCore/libs/i386
** R
** data
** inst
** byte-compile and prepare package for lazy loading
** help
*** installing help indices
converting help for package 'flowCore'
finding HTML links ... done
EHtrans-class html
FCSTransTransform html
Rd warning: C:/Users/biocbuild/bbs-3.10-bioc/tmpdir/RtmpWCGnFR/R.INSTALL17a059ea76b3/flowCore/man/FCSTransTransform.Rd:62: file link 'estimateLogicle' in package 'flowCore' does not exist and so has been treated as a topic
GvHD html
Subset-methods html
arcsinhTransform html
asinht-class html
asinhtGml2-class html
biexponentialTransform html
boundaryFilter-class html
characterOrNumeric-class html
characterOrParameters-class html
characterOrTransformation-class html
checkOffset html
coerce html
collapse_desc html
compensatedParameter-class html
compensation-class html
Rd warning: C:/Users/biocbuild/bbs-3.10-bioc/tmpdir/RtmpWCGnFR/R.INSTALL17a059ea76b3/flowCore/man/compensation-class.Rd:82: missing file link 'spillover-flowSet'
Rd warning: C:/Users/biocbuild/bbs-3.10-bioc/tmpdir/RtmpWCGnFR/R.INSTALL17a059ea76b3/flowCore/man/compensation-class.Rd:219: missing file link 'spillover-flowSet'
complementFilter-class html
concreteFilter-class html
decompensate-methods html
dg1polynomial-class html
each_col html
ellipsoidGate-class html
estimateMedianLogicle html
exponential-class html
expressionFilter-class html
filter-and-methods html
filter-class html
Rd warning: C:/Users/biocbuild/bbs-3.10-bioc/tmpdir/RtmpWCGnFR/R.INSTALL17a059ea76b3/flowCore/man/filter-class.Rd:40: file link 'rectangleGate' in package 'flowCore' does not exist and so has been treated as a topic
Rd warning: C:/Users/biocbuild/bbs-3.10-bioc/tmpdir/RtmpWCGnFR/R.INSTALL17a059ea76b3/flowCore/man/filter-class.Rd:42: file link 'kmeansFilter' in package 'flowCore' does not exist and so has been treated as a topic
filter-in-methods html
filter-methods html
filter-on-methods html
filterDetails-methods html
filterList-class html
filterReference-class html
filterResult-class html
filterResultList-class html
filterSummary-class html
filterSummaryList-class html
filter_keywords html
filters-class html
Rd warning: C:/Users/biocbuild/bbs-3.10-bioc/tmpdir/RtmpWCGnFR/R.INSTALL17a059ea76b3/flowCore/man/filters-class.Rd:33: file link 'filterList' in package 'flowCore' does not exist and so has been treated as a topic
flowCore-package html
flowFrame-class html
flowSet-class html
fr_append_cols html
fsApply html
getChannelMarker html
getIndexSort-methods html
hyperlog-class html
hyperlogtGml2-class html
identifier-methods html
intersectFilter-class html
inverseLogicleTransform html
invsplitscale-class html
keyword-methods html
kmeansFilter-class html
linearTransform html
lintGml2-class html
lnTransform html
logTransform html
logarithm-class html
logicalFilterResult-class html
logicleTransform html
Rd warning: C:/Users/biocbuild/bbs-3.10-bioc/tmpdir/RtmpWCGnFR/R.INSTALL17a059ea76b3/flowCore/man/logicleTransform.Rd:76: file link 'estimateLogicle' in package 'flowCore' does not exist and so has been treated as a topic
logicletGml2-class html
logtGml2-class html
manyFilterResult-class html
markernames html
multipleFilterResult-class html
normalization-class html
Rd warning: C:/Users/biocbuild/bbs-3.10-bioc/tmpdir/RtmpWCGnFR/R.INSTALL17a059ea76b3/flowCore/man/normalization-class.Rd:33: file link 'normalize-methods' in package 'flowStats' does not exist and so has been treated as a topic
nullParameter-class html
parameterFilter-class html
parameterTransform-class html
parameters-class html
parameters-methods html
polygonGate-class html
polytopeGate-class html
quadGate-class html
quadratic-class html
quadraticTransform html
randomFilterResult-class html
ratio-class html
ratiotGml2-class html
read.FCS html
read.FCSheader html
read.flowSet html
rectangleGate-class html
rotate_gate html
sampleFilter-class html
scaleTransform html
scale_gate html
Rd warning: C:/Users/biocbuild/bbs-3.10-bioc/tmpdir/RtmpWCGnFR/R.INSTALL17a059ea76b3/flowCore/man/scale_gate.Rd:31: file link 'rescale_gate' in package 'ggcyto' does not exist and so has been treated as a topic
setOperationFilter-class html
shift_gate html
singleParameterTransform-class html
sinht-class html
split-methods html
splitScaleTransform html
splitscale-class html
squareroot-class html
subsetFilter-class html
summarizeFilter-methods html
timeFilter-class html
transform-class html
transformFilter-class html
transformList-class html
transformMap-class html
transformReference-class html
transform_gate html
Rd warning: C:/Users/biocbuild/bbs-3.10-bioc/tmpdir/RtmpWCGnFR/R.INSTALL17a059ea76b3/flowCore/man/transform_gate.Rd:56: file link 'rescale_gate' in package 'ggcyto' does not exist and so has been treated as a topic
transformation-class html
truncateTransform html
unionFilter-class html
unitytransform-class html
updateTransformKeywords html
validFilters html
write.FCS html
write.flowSet html
** building package indices
** installing vignettes
'HowTo-flowCore.Rnw' using 'UTF-8'
** testing if installed package can be loaded from temporary location
** testing if installed package can be loaded from final location
** testing if installed package keeps a record of temporary installation path
install for x64
* installing *source* package 'flowCore' ...
** libs
C:/Rtools/mingw_64/bin/g++ -std=gnu++11 -I"C:/Users/BIOCBU~1/BBS-3~1.10-/R/include" -DNDEBUG -I"C:/Users/biocbuild/bbs-3.10-bioc/R/library/Rcpp/include" -I"C:/Users/biocbuild/bbs-3.10-bioc/R/library/BH/include" -I"C:/Users/biocbuild/bbs-3.10-bioc/R/library/cytolib/include" -I"C:/extsoft/include" -O2 -Wall -mtune=core2 -c FastLogicle.cpp -o FastLogicle.o
C:/Rtools/mingw_64/bin/g++ -std=gnu++11 -I"C:/Users/BIOCBU~1/BBS-3~1.10-/R/include" -DNDEBUG -I"C:/Users/biocbuild/bbs-3.10-bioc/R/library/Rcpp/include" -I"C:/Users/biocbuild/bbs-3.10-bioc/R/library/BH/include" -I"C:/Users/biocbuild/bbs-3.10-bioc/R/library/cytolib/include" -I"C:/extsoft/include" -O2 -Wall -mtune=core2 -c Hyperlog.cpp -o Hyperlog.o
C:/Rtools/mingw_64/bin/g++ -std=gnu++11 -I"C:/Users/BIOCBU~1/BBS-3~1.10-/R/include" -DNDEBUG -I"C:/Users/biocbuild/bbs-3.10-bioc/R/library/Rcpp/include" -I"C:/Users/biocbuild/bbs-3.10-bioc/R/library/BH/include" -I"C:/Users/biocbuild/bbs-3.10-bioc/R/library/cytolib/include" -I"C:/extsoft/include" -O2 -Wall -mtune=core2 -c Logicle.cpp -o Logicle.o
C:/Rtools/mingw_64/bin/g++ -std=gnu++11 -I"C:/Users/BIOCBU~1/BBS-3~1.10-/R/include" -DNDEBUG -I"C:/Users/biocbuild/bbs-3.10-bioc/R/library/Rcpp/include" -I"C:/Users/biocbuild/bbs-3.10-bioc/R/library/BH/include" -I"C:/Users/biocbuild/bbs-3.10-bioc/R/library/cytolib/include" -I"C:/extsoft/include" -O2 -Wall -mtune=core2 -c RcppExports.cpp -o RcppExports.o
C:/Rtools/mingw_64/bin/g++ -std=gnu++11 -I"C:/Users/BIOCBU~1/BBS-3~1.10-/R/include" -DNDEBUG -I"C:/Users/biocbuild/bbs-3.10-bioc/R/library/Rcpp/include" -I"C:/Users/biocbuild/bbs-3.10-bioc/R/library/BH/include" -I"C:/Users/biocbuild/bbs-3.10-bioc/R/library/cytolib/include" -I"C:/extsoft/include" -O2 -Wall -mtune=core2 -c biexponential.cpp -o biexponential.o
C:/Rtools/mingw_64/bin/g++ -std=gnu++11 -I"C:/Users/BIOCBU~1/BBS-3~1.10-/R/include" -DNDEBUG -I"C:/Users/biocbuild/bbs-3.10-bioc/R/library/Rcpp/include" -I"C:/Users/biocbuild/bbs-3.10-bioc/R/library/BH/include" -I"C:/Users/biocbuild/bbs-3.10-bioc/R/library/cytolib/include" -I"C:/extsoft/include" -O2 -Wall -mtune=core2 -c convertRawBytes.cpp -o convertRawBytes.o
C:/Rtools/mingw_64/bin/g++ -std=gnu++11 -I"C:/Users/BIOCBU~1/BBS-3~1.10-/R/include" -DNDEBUG -I"C:/Users/biocbuild/bbs-3.10-bioc/R/library/Rcpp/include" -I"C:/Users/biocbuild/bbs-3.10-bioc/R/library/BH/include" -I"C:/Users/biocbuild/bbs-3.10-bioc/R/library/cytolib/include" -I"C:/extsoft/include" -O2 -Wall -mtune=core2 -c fcsTextParse.cpp -o fcsTextParse.o
C:/Rtools/mingw_64/bin/g++ -std=gnu++11 -I"C:/Users/BIOCBU~1/BBS-3~1.10-/R/include" -DNDEBUG -I"C:/Users/biocbuild/bbs-3.10-bioc/R/library/Rcpp/include" -I"C:/Users/biocbuild/bbs-3.10-bioc/R/library/BH/include" -I"C:/Users/biocbuild/bbs-3.10-bioc/R/library/cytolib/include" -I"C:/extsoft/include" -O2 -Wall -mtune=core2 -c hyperlogTransform.cpp -o hyperlogTransform.o
C:/Rtools/mingw_64/bin/g++ -std=gnu++11 -I"C:/Users/BIOCBU~1/BBS-3~1.10-/R/include" -DNDEBUG -I"C:/Users/biocbuild/bbs-3.10-bioc/R/library/Rcpp/include" -I"C:/Users/biocbuild/bbs-3.10-bioc/R/library/BH/include" -I"C:/Users/biocbuild/bbs-3.10-bioc/R/library/cytolib/include" -I"C:/extsoft/include" -O2 -Wall -mtune=core2 -c inPolygon.cpp -o inPolygon.o
C:/Rtools/mingw_64/bin/g++ -std=gnu++11 -I"C:/Users/BIOCBU~1/BBS-3~1.10-/R/include" -DNDEBUG -I"C:/Users/biocbuild/bbs-3.10-bioc/R/library/Rcpp/include" -I"C:/Users/biocbuild/bbs-3.10-bioc/R/library/BH/include" -I"C:/Users/biocbuild/bbs-3.10-bioc/R/library/cytolib/include" -I"C:/extsoft/include" -O2 -Wall -mtune=core2 -c inPolytope.cpp -o inPolytope.o
C:/Rtools/mingw_64/bin/g++ -std=gnu++11 -I"C:/Users/BIOCBU~1/BBS-3~1.10-/R/include" -DNDEBUG -I"C:/Users/biocbuild/bbs-3.10-bioc/R/library/Rcpp/include" -I"C:/Users/biocbuild/bbs-3.10-bioc/R/library/BH/include" -I"C:/Users/biocbuild/bbs-3.10-bioc/R/library/cytolib/include" -I"C:/extsoft/include" -O2 -Wall -mtune=core2 -c logicleTransform.cpp -o logicleTransform.o
C:/Rtools/mingw_64/bin/g++ -std=gnu++11 -I"C:/Users/BIOCBU~1/BBS-3~1.10-/R/include" -DNDEBUG -I"C:/Users/biocbuild/bbs-3.10-bioc/R/library/Rcpp/include" -I"C:/Users/biocbuild/bbs-3.10-bioc/R/library/BH/include" -I"C:/Users/biocbuild/bbs-3.10-bioc/R/library/cytolib/include" -I"C:/extsoft/include" -O2 -Wall -mtune=core2 -c pairVectorRcppWrap.cpp -o pairVectorRcppWrap.o
C:/Rtools/mingw_64/bin/g++ -std=gnu++11 -I"C:/Users/BIOCBU~1/BBS-3~1.10-/R/include" -DNDEBUG -I"C:/Users/biocbuild/bbs-3.10-bioc/R/library/Rcpp/include" -I"C:/Users/biocbuild/bbs-3.10-bioc/R/library/BH/include" -I"C:/Users/biocbuild/bbs-3.10-bioc/R/library/cytolib/include" -I"C:/extsoft/include" -O2 -Wall -mtune=core2 -c poly_centroid.cpp -o poly_centroid.o
C:/Rtools/mingw_64/bin/g++ -std=gnu++11 -I"C:/Users/BIOCBU~1/BBS-3~1.10-/R/include" -DNDEBUG -I"C:/Users/biocbuild/bbs-3.10-bioc/R/library/Rcpp/include" -I"C:/Users/biocbuild/bbs-3.10-bioc/R/library/BH/include" -I"C:/Users/biocbuild/bbs-3.10-bioc/R/library/cytolib/include" -I"C:/extsoft/include" -O2 -Wall -mtune=core2 -c sortBytes.cpp -o sortBytes.o
C:/Rtools/mingw_64/bin/g++ -std=gnu++11 -I"C:/Users/BIOCBU~1/BBS-3~1.10-/R/include" -DNDEBUG -I"C:/Users/biocbuild/bbs-3.10-bioc/R/library/Rcpp/include" -I"C:/Users/biocbuild/bbs-3.10-bioc/R/library/BH/include" -I"C:/Users/biocbuild/bbs-3.10-bioc/R/library/cytolib/include" -I"C:/extsoft/include" -O2 -Wall -mtune=core2 -c uint2double.cpp -o uint2double.o
C:/Rtools/mingw_64/bin/g++ -std=gnu++11 -I"C:/Users/BIOCBU~1/BBS-3~1.10-/R/include" -DNDEBUG -I"C:/Users/biocbuild/bbs-3.10-bioc/R/library/Rcpp/include" -I"C:/Users/biocbuild/bbs-3.10-bioc/R/library/BH/include" -I"C:/Users/biocbuild/bbs-3.10-bioc/R/library/cytolib/include" -I"C:/extsoft/include" -O2 -Wall -mtune=core2 -c zeroin.cpp -o zeroin.o
C:/Rtools/mingw_64/bin/g++ -shared -s -static-libgcc -o flowCore.dll tmp.def FastLogicle.o Hyperlog.o Logicle.o RcppExports.o biexponential.o convertRawBytes.o fcsTextParse.o hyperlogTransform.o inPolygon.o inPolytope.o logicleTransform.o pairVectorRcppWrap.o poly_centroid.o sortBytes.o uint2double.o zeroin.o -LC:/extsoft/lib/x64 -LC:/extsoft/lib -LC:/Users/BIOCBU~1/BBS-3~1.10-/R/bin/x64 -lR
if [ `uname -s` = 'Darwin' ]; then install_name_tool -change /usr/local/clang4/lib/libc++.1.dylib /usr/lib/libc++.1.dylib flowCore.dll; fi
installing to C:/Users/biocbuild/bbs-3.10-bioc/meat/flowCore.buildbin-libdir/flowCore/libs/x64
** testing if installed package can be loaded
* MD5 sums
packaged installation of 'flowCore' as flowCore_1.52.1.zip
* DONE (flowCore)
* installing to library 'C:/Users/biocbuild/bbs-3.10-bioc/R/library'
package 'flowCore' successfully unpacked and MD5 sums checked
|
flowCore.Rcheck/tests_i386/testthat.Rout
R version 3.6.3 (2020-02-29) -- "Holding the Windsock"
Copyright (C) 2020 The R Foundation for Statistical Computing
Platform: i386-w64-mingw32/i386 (32-bit)
R is free software and comes with ABSOLUTELY NO WARRANTY.
You are welcome to redistribute it under certain conditions.
Type 'license()' or 'licence()' for distribution details.
R is a collaborative project with many contributors.
Type 'contributors()' for more information and
'citation()' on how to cite R or R packages in publications.
Type 'demo()' for some demos, 'help()' for on-line help, or
'help.start()' for an HTML browser interface to help.
Type 'q()' to quit R.
> library(testthat)
> library(flowCore)
> library(flowStats)
>
>
> test_check("flowCore")
Loading required package: BiocGenerics
Loading required package: parallel
Attaching package: 'BiocGenerics'
The following objects are masked from 'package:parallel':
clusterApply, clusterApplyLB, clusterCall, clusterEvalQ,
clusterExport, clusterMap, parApply, parCapply, parLapply,
parLapplyLB, parRapply, parSapply, parSapplyLB
The following object is masked from 'package:flowStats':
normalize
The following object is masked from 'package:flowCore':
normalize
The following objects are masked from 'package:stats':
IQR, mad, sd, var, xtabs
The following objects are masked from 'package:base':
Filter, Find, Map, Position, Reduce, anyDuplicated, append,
as.data.frame, basename, cbind, colnames, dirname, do.call,
duplicated, eval, evalq, get, grep, grepl, intersect, is.unsorted,
lapply, mapply, match, mget, order, paste, pmax, pmax.int, pmin,
pmin.int, rank, rbind, rownames, sapply, setdiff, sort, table,
tapply, union, unique, unsplit, which, which.max, which.min
Welcome to Bioconductor
Vignettes contain introductory material; view with
'browseVignettes()'. To cite Bioconductor, see
'citation("Biobase")', and for packages 'citation("pkgname")'.
orig_channel_name new_channel_name
$P5N B710-A FL1-1
$P9N V545-A FL1-2
== testthat results ===========================================================
[ OK: 316 | SKIPPED: 2 | WARNINGS: 2 | FAILED: 0 ]
>
> #devtools::test("~/rglab/workspace/flowCore")
> #the FCS files are not included in package due to the size , thus only for internal testing
> #test_file("/home/wjiang2/rglab/workspace/flowCore/tests/testthat/IO-testSuite.R")
>
> proc.time()
user system elapsed
17.03 1.39 18.70
|
flowCore.Rcheck/tests_x64/testthat.Rout
R version 3.6.3 (2020-02-29) -- "Holding the Windsock"
Copyright (C) 2020 The R Foundation for Statistical Computing
Platform: x86_64-w64-mingw32/x64 (64-bit)
R is free software and comes with ABSOLUTELY NO WARRANTY.
You are welcome to redistribute it under certain conditions.
Type 'license()' or 'licence()' for distribution details.
R is a collaborative project with many contributors.
Type 'contributors()' for more information and
'citation()' on how to cite R or R packages in publications.
Type 'demo()' for some demos, 'help()' for on-line help, or
'help.start()' for an HTML browser interface to help.
Type 'q()' to quit R.
> library(testthat)
> library(flowCore)
> library(flowStats)
>
>
> test_check("flowCore")
Loading required package: BiocGenerics
Loading required package: parallel
Attaching package: 'BiocGenerics'
The following objects are masked from 'package:parallel':
clusterApply, clusterApplyLB, clusterCall, clusterEvalQ,
clusterExport, clusterMap, parApply, parCapply, parLapply,
parLapplyLB, parRapply, parSapply, parSapplyLB
The following object is masked from 'package:flowStats':
normalize
The following object is masked from 'package:flowCore':
normalize
The following objects are masked from 'package:stats':
IQR, mad, sd, var, xtabs
The following objects are masked from 'package:base':
Filter, Find, Map, Position, Reduce, anyDuplicated, append,
as.data.frame, basename, cbind, colnames, dirname, do.call,
duplicated, eval, evalq, get, grep, grepl, intersect, is.unsorted,
lapply, mapply, match, mget, order, paste, pmax, pmax.int, pmin,
pmin.int, rank, rbind, rownames, sapply, setdiff, sort, table,
tapply, union, unique, unsplit, which, which.max, which.min
Welcome to Bioconductor
Vignettes contain introductory material; view with
'browseVignettes()'. To cite Bioconductor, see
'citation("Biobase")', and for packages 'citation("pkgname")'.
orig_channel_name new_channel_name
$P5N B710-A FL1-1
$P9N V545-A FL1-2
== testthat results ===========================================================
[ OK: 316 | SKIPPED: 2 | WARNINGS: 2 | FAILED: 0 ]
>
> #devtools::test("~/rglab/workspace/flowCore")
> #the FCS files are not included in package due to the size , thus only for internal testing
> #test_file("/home/wjiang2/rglab/workspace/flowCore/tests/testthat/IO-testSuite.R")
>
> proc.time()
user system elapsed
15.78 1.43 17.82
|
|
flowCore.Rcheck/examples_i386/flowCore-Ex.timings
|
flowCore.Rcheck/examples_x64/flowCore-Ex.timings
|