| Back to Multiple platform build/check report for BioC 3.10 |
|
This page was generated on 2020-04-15 12:41:58 -0400 (Wed, 15 Apr 2020).
| Package 507/1823 | Hostname | OS / Arch | INSTALL | BUILD | CHECK | BUILD BIN | ||||||
| edge 2.18.0 John D. Storey
| malbec1 | Linux (Ubuntu 18.04.4 LTS) / x86_64 | OK | OK | WARNINGS | |||||||
| tokay1 | Windows Server 2012 R2 Standard / x64 | OK | OK | WARNINGS | OK | |||||||
| merida1 | OS X 10.11.6 El Capitan / x86_64 | OK | OK | [ WARNINGS ] | OK |
| Package: edge |
| Version: 2.18.0 |
| Command: /Library/Frameworks/R.framework/Versions/Current/Resources/bin/R CMD check --install=check:edge.install-out.txt --library=/Library/Frameworks/R.framework/Versions/Current/Resources/library --no-vignettes --timings edge_2.18.0.tar.gz |
| StartedAt: 2020-04-15 02:03:10 -0400 (Wed, 15 Apr 2020) |
| EndedAt: 2020-04-15 02:06:47 -0400 (Wed, 15 Apr 2020) |
| EllapsedTime: 217.3 seconds |
| RetCode: 0 |
| Status: WARNINGS |
| CheckDir: edge.Rcheck |
| Warnings: 1 |
##############################################################################
##############################################################################
###
### Running command:
###
### /Library/Frameworks/R.framework/Versions/Current/Resources/bin/R CMD check --install=check:edge.install-out.txt --library=/Library/Frameworks/R.framework/Versions/Current/Resources/library --no-vignettes --timings edge_2.18.0.tar.gz
###
##############################################################################
##############################################################################
* using log directory ‘/Users/biocbuild/bbs-3.10-bioc/meat/edge.Rcheck’
* using R version 3.6.3 (2020-02-29)
* using platform: x86_64-apple-darwin15.6.0 (64-bit)
* using session charset: UTF-8
* using option ‘--no-vignettes’
* checking for file ‘edge/DESCRIPTION’ ... OK
* checking extension type ... Package
* this is package ‘edge’ version ‘2.18.0’
* checking package namespace information ... OK
* checking package dependencies ... OK
* checking if this is a source package ... OK
* checking if there is a namespace ... OK
* checking for hidden files and directories ... OK
* checking for portable file names ... OK
* checking for sufficient/correct file permissions ... OK
* checking whether package ‘edge’ can be installed ... OK
* checking installed package size ... OK
* checking package directory ... OK
* checking ‘build’ directory ... OK
* checking DESCRIPTION meta-information ... OK
* checking top-level files ... OK
* checking for left-over files ... OK
* checking index information ... OK
* checking package subdirectories ... OK
* checking R files for non-ASCII characters ... OK
* checking R files for syntax errors ... OK
* checking whether the package can be loaded ... OK
* checking whether the package can be loaded with stated dependencies ... OK
* checking whether the package can be unloaded cleanly ... OK
* checking whether the namespace can be loaded with stated dependencies ... OK
* checking whether the namespace can be unloaded cleanly ... OK
* checking dependencies in R code ... OK
* checking S3 generic/method consistency ... OK
* checking replacement functions ... OK
* checking foreign function calls ... OK
* checking R code for possible problems ... NOTE
build_study: no visible global function definition for ‘as.formula’
createSet: no visible global function definition for ‘model.matrix’
deSetCheck: no visible global function definition for ‘model.matrix’
fitFDist: no visible global function definition for ‘median’
fitFDist: no visible global function definition for ‘lm.fit’
fitFDist: no visible global function definition for ‘predict’
fit_wmodels: no visible global function definition for ‘model.matrix’
fit_wmodels: no visible global function definition for ‘lm.wfit’
null: no visible global function definition for ‘model.matrix’
apply_sva,deSet: no visible global function definition for ‘as.formula’
apply_sva,deSet: no visible global function definition for ‘terms’
fit_models,deSet: no visible global function definition for
‘model.matrix’
fullModel<-,deSet: no visible global function definition for
‘model.matrix’
lrt,deSet-deFit: no visible global function definition for ‘pf’
nullModel<-,deSet: no visible global function definition for
‘model.matrix’
Undefined global functions or variables:
as.formula lm.fit lm.wfit median model.matrix pf predict terms
Consider adding
importFrom("stats", "as.formula", "lm.fit", "lm.wfit", "median",
"model.matrix", "pf", "predict", "terms")
to your NAMESPACE file.
* checking Rd files ... OK
* checking Rd metadata ... OK
* checking Rd cross-references ... OK
* checking for missing documentation entries ... OK
* checking for code/documentation mismatches ... OK
* checking Rd \usage sections ... WARNING
Documented arguments not in \usage in documentation object 'show':
‘...’
Functions with \usage entries need to have the appropriate \alias
entries, and all their arguments documented.
The \usage entries must correspond to syntactically valid R code.
See chapter ‘Writing R documentation files’ in the ‘Writing R
Extensions’ manual.
* checking Rd contents ... OK
* checking for unstated dependencies in examples ... OK
* checking contents of ‘data’ directory ... OK
* checking data for non-ASCII characters ... OK
* checking data for ASCII and uncompressed saves ... OK
* checking line endings in C/C++/Fortran sources/headers ... OK
* checking compiled code ... NOTE
Note: information on .o files is not available
* checking sizes of PDF files under ‘inst/doc’ ... OK
* checking files in ‘vignettes’ ... OK
* checking examples ... OK
Examples with CPU or elapsed time > 5s
user system elapsed
apply_snm 16.919 1.534 18.666
* checking for unstated dependencies in ‘tests’ ... OK
* checking tests ...
Running ‘testthat.R’
OK
* checking for unstated dependencies in vignettes ... OK
* checking package vignettes in ‘inst/doc’ ... OK
* checking running R code from vignettes ... SKIPPED
* checking re-building of vignette outputs ... SKIPPED
* checking PDF version of manual ... OK
* DONE
Status: 1 WARNING, 2 NOTEs
See
‘/Users/biocbuild/bbs-3.10-bioc/meat/edge.Rcheck/00check.log’
for details.
edge.Rcheck/00install.out
############################################################################## ############################################################################## ### ### Running command: ### ### /Library/Frameworks/R.framework/Versions/Current/Resources/bin/R CMD INSTALL edge ### ############################################################################## ############################################################################## * installing to library ‘/Library/Frameworks/R.framework/Versions/3.6/Resources/library’ * installing *source* package ‘edge’ ... ** using staged installation ** libs clang -I"/Library/Frameworks/R.framework/Resources/include" -DNDEBUG -isysroot /Library/Developer/CommandLineTools/SDKs/MacOSX.sdk -I/usr/local/include -fPIC -Wall -g -O2 -c edge-init.c -o edge-init.o clang -I"/Library/Frameworks/R.framework/Resources/include" -DNDEBUG -isysroot /Library/Developer/CommandLineTools/SDKs/MacOSX.sdk -I/usr/local/include -fPIC -Wall -g -O2 -c edgeKLODP.c -o edgeKLODP.o clang -dynamiclib -Wl,-headerpad_max_install_names -undefined dynamic_lookup -single_module -multiply_defined suppress -L/Library/Frameworks/R.framework/Resources/lib -L/usr/local/lib -o edge.so edge-init.o edgeKLODP.o -F/Library/Frameworks/R.framework/.. -framework R -Wl,-framework -Wl,CoreFoundation installing to /Library/Frameworks/R.framework/Versions/3.6/Resources/library/00LOCK-edge/00new/edge/libs ** R ** data *** moving datasets to lazyload DB ** inst ** byte-compile and prepare package for lazy loading ** help *** installing help indices ** building package indices ** installing vignettes ** testing if installed package can be loaded from temporary location ** checking absolute paths in shared objects and dynamic libraries ** testing if installed package can be loaded from final location ** testing if installed package keeps a record of temporary installation path * DONE (edge)
edge.Rcheck/tests/testthat.Rout
R version 3.6.3 (2020-02-29) -- "Holding the Windsock"
Copyright (C) 2020 The R Foundation for Statistical Computing
Platform: x86_64-apple-darwin15.6.0 (64-bit)
R is free software and comes with ABSOLUTELY NO WARRANTY.
You are welcome to redistribute it under certain conditions.
Type 'license()' or 'licence()' for distribution details.
R is a collaborative project with many contributors.
Type 'contributors()' for more information and
'citation()' on how to cite R or R packages in publications.
Type 'demo()' for some demos, 'help()' for on-line help, or
'help.start()' for an HTML browser interface to help.
Type 'q()' to quit R.
> library(testthat)
> library(edge)
Loading required package: Biobase
Loading required package: BiocGenerics
Loading required package: parallel
Attaching package: 'BiocGenerics'
The following objects are masked from 'package:parallel':
clusterApply, clusterApplyLB, clusterCall, clusterEvalQ,
clusterExport, clusterMap, parApply, parCapply, parLapply,
parLapplyLB, parRapply, parSapply, parSapplyLB
The following objects are masked from 'package:stats':
IQR, mad, sd, var, xtabs
The following objects are masked from 'package:base':
Filter, Find, Map, Position, Reduce, anyDuplicated, append,
as.data.frame, basename, cbind, colnames, dirname, do.call,
duplicated, eval, evalq, get, grep, grepl, intersect, is.unsorted,
lapply, mapply, match, mget, order, paste, pmax, pmax.int, pmin,
pmin.int, rank, rbind, rownames, sapply, setdiff, sort, table,
tapply, union, unique, unsplit, which, which.max, which.min
Welcome to Bioconductor
Vignettes contain introductory material; view with
'browseVignettes()'. To cite Bioconductor, see
'citation("Biobase")', and for packages 'citation("pkgname")'.
>
> test_check("edge")
══ testthat results ═══════════════════════════════════════════════════════════
[ OK: 29 | SKIPPED: 0 | WARNINGS: 0 | FAILED: 0 ]
>
> proc.time()
user system elapsed
12.164 0.540 12.802
edge.Rcheck/edge-Ex.timings
| name | user | system | elapsed | |
| apply_jackstraw | 3.095 | 0.108 | 3.231 | |
| apply_qvalue | 0.882 | 0.033 | 0.927 | |
| apply_snm | 16.919 | 1.534 | 18.666 | |
| apply_sva | 3.379 | 0.315 | 3.732 | |
| betaCoef | 0.426 | 0.008 | 0.442 | |
| build_models | 0.358 | 0.028 | 0.386 | |
| build_study | 0.493 | 0.046 | 0.544 | |
| deSet | 0.874 | 0.009 | 0.894 | |
| edge | 0.000 | 0.000 | 0.001 | |
| endotoxin | 1.160 | 0.083 | 1.253 | |
| fitFull | 0.433 | 0.034 | 0.469 | |
| fitNull | 0.406 | 0.007 | 0.417 | |
| fit_models | 0.422 | 0.012 | 0.438 | |
| fullMatrix | 0.396 | 0.014 | 0.412 | |
| fullModel | 0.623 | 0.008 | 0.637 | |
| gibson | 0.965 | 0.070 | 1.044 | |
| individual | 0.397 | 0.005 | 0.403 | |
| kidney | 1.125 | 0.119 | 1.260 | |
| kl_clust | 0.572 | 0.026 | 0.603 | |
| lrt | 1.169 | 0.130 | 1.305 | |
| nullMatrix | 0.383 | 0.007 | 0.394 | |
| nullModel | 0.856 | 0.039 | 0.902 | |
| odp | 1.968 | 0.314 | 2.299 | |
| qvalueObj | 1.183 | 0.115 | 1.308 | |
| resFull | 0.369 | 0.008 | 0.383 | |
| resNull | 0.382 | 0.007 | 0.404 | |
| sType | 0.372 | 0.027 | 0.400 | |
| show | 1.163 | 0.120 | 1.296 | |
| summary | 1.084 | 0.111 | 1.203 | |