| Back to Multiple platform build/check report for BioC 3.10 |
|
This page was generated on 2020-04-15 12:32:32 -0400 (Wed, 15 Apr 2020).
| Package 1221/1823 | Hostname | OS / Arch | INSTALL | BUILD | CHECK | BUILD BIN | ||||||
| PAST 1.2.8 Thrash Adam
| malbec1 | Linux (Ubuntu 18.04.4 LTS) / x86_64 | OK | OK | WARNINGS | |||||||
| tokay1 | Windows Server 2012 R2 Standard / x64 | OK | OK | [ WARNINGS ] | OK | |||||||
| merida1 | OS X 10.11.6 El Capitan / x86_64 | OK | OK | WARNINGS | OK |
| Package: PAST |
| Version: 1.2.8 |
| Command: C:\Users\biocbuild\bbs-3.10-bioc\R\bin\R.exe CMD check --force-multiarch --install=check:PAST.install-out.txt --library=C:\Users\biocbuild\bbs-3.10-bioc\R\library --no-vignettes --timings PAST_1.2.8.tar.gz |
| StartedAt: 2020-04-15 05:20:30 -0400 (Wed, 15 Apr 2020) |
| EndedAt: 2020-04-15 05:32:08 -0400 (Wed, 15 Apr 2020) |
| EllapsedTime: 697.3 seconds |
| RetCode: 0 |
| Status: WARNINGS |
| CheckDir: PAST.Rcheck |
| Warnings: 1 |
##############################################################################
##############################################################################
###
### Running command:
###
### C:\Users\biocbuild\bbs-3.10-bioc\R\bin\R.exe CMD check --force-multiarch --install=check:PAST.install-out.txt --library=C:\Users\biocbuild\bbs-3.10-bioc\R\library --no-vignettes --timings PAST_1.2.8.tar.gz
###
##############################################################################
##############################################################################
* using log directory 'C:/Users/biocbuild/bbs-3.10-bioc/meat/PAST.Rcheck'
* using R version 3.6.3 (2020-02-29)
* using platform: x86_64-w64-mingw32 (64-bit)
* using session charset: ISO8859-1
* using option '--no-vignettes'
* checking for file 'PAST/DESCRIPTION' ... OK
* checking extension type ... Package
* this is package 'PAST' version '1.2.8'
* package encoding: UTF-8
* checking package namespace information ... OK
* checking package dependencies ... OK
* checking if this is a source package ... OK
* checking if there is a namespace ... OK
* checking for hidden files and directories ... OK
* checking for portable file names ... OK
* checking whether package 'PAST' can be installed ... WARNING
Found the following significant warnings:
Warning: replacing previous import 'S4Vectors::setdiff' by 'dplyr::setdiff' when loading 'PAST'
Warning: replacing previous import 'S4Vectors::setequal' by 'dplyr::setequal' when loading 'PAST'
Warning: replacing previous import 'S4Vectors::rename' by 'dplyr::rename' when loading 'PAST'
Warning: replacing previous import 'S4Vectors::union' by 'dplyr::union' when loading 'PAST'
Warning: replacing previous import 'S4Vectors::first' by 'dplyr::first' when loading 'PAST'
Warning: replacing previous import 'S4Vectors::intersect' by 'dplyr::intersect' when loading 'PAST'
Warning: replacing previous import 'S4Vectors::head' by 'utils::head' when loading 'PAST'
Warning: replacing previous import 'S4Vectors::tail' by 'utils::tail' when loading 'PAST'
Warning: replacing previous import 'S4Vectors::complete.cases' by 'stats::complete.cases' when loading 'PAST'
Warning: replacing previous import 'S4Vectors::sd' by 'stats::sd' when loading 'PAST'
See 'C:/Users/biocbuild/bbs-3.10-bioc/meat/PAST.Rcheck/00install.out' for details.
* checking installed package size ... OK
* checking package directory ... OK
* checking 'build' directory ... OK
* checking DESCRIPTION meta-information ... OK
* checking top-level files ... OK
* checking for left-over files ... OK
* checking index information ... OK
* checking package subdirectories ... OK
* checking R files for non-ASCII characters ... OK
* checking R files for syntax errors ... OK
* loading checks for arch 'i386'
** checking whether the package can be loaded ... OK
** checking whether the package can be loaded with stated dependencies ... OK
** checking whether the package can be unloaded cleanly ... OK
** checking whether the namespace can be loaded with stated dependencies ... OK
** checking whether the namespace can be unloaded cleanly ... OK
* loading checks for arch 'x64'
** checking whether the package can be loaded ... OK
** checking whether the package can be loaded with stated dependencies ... OK
** checking whether the package can be unloaded cleanly ... OK
** checking whether the namespace can be loaded with stated dependencies ... OK
** checking whether the namespace can be unloaded cleanly ... OK
* checking dependencies in R code ... OK
* checking S3 generic/method consistency ... OK
* checking replacement functions ... OK
* checking foreign function calls ... OK
* checking R code for possible problems ... NOTE
assign_chunk: no visible binding for global variable 'chromosome'
assign_chunk: no visible global function definition for 'IRanges'
assign_chunk: no visible binding for global variable 'position'
assign_chunk: no visible binding for global variable 'seqid'
assign_chunk: no visible binding for global variable 'Name'
Undefined global functions or variables:
IRanges Name chromosome position seqid
* checking Rd files ... OK
* checking Rd metadata ... OK
* checking Rd cross-references ... OK
* checking for missing documentation entries ... OK
* checking for code/documentation mismatches ... OK
* checking Rd \usage sections ... OK
* checking Rd contents ... OK
* checking for unstated dependencies in examples ... OK
* checking files in 'vignettes' ... OK
* checking examples ...
** running examples for arch 'i386' ... OK
Examples with CPU or elapsed time > 5s
user system elapsed
plot_pathways 6.89 0.64 76.51
find_pathway_significance 5.86 0.39 71.81
assign_SNPs_to_genes 5.02 0.59 46.76
** running examples for arch 'x64' ... OK
Examples with CPU or elapsed time > 5s
user system elapsed
find_pathway_significance 6.15 0.47 89.64
plot_pathways 5.65 0.31 82.78
assign_SNPs_to_genes 3.90 0.31 54.42
* checking for unstated dependencies in vignettes ... OK
* checking package vignettes in 'inst/doc' ... OK
* checking running R code from vignettes ... SKIPPED
* checking re-building of vignette outputs ... SKIPPED
* checking PDF version of manual ... OK
* DONE
Status: 1 WARNING, 1 NOTE
See
'C:/Users/biocbuild/bbs-3.10-bioc/meat/PAST.Rcheck/00check.log'
for details.
PAST.Rcheck/00install.out
##############################################################################
##############################################################################
###
### Running command:
###
### C:\cygwin\bin\curl.exe -O https://malbec1.bioconductor.org/BBS/3.10/bioc/src/contrib/PAST_1.2.8.tar.gz && rm -rf PAST.buildbin-libdir && mkdir PAST.buildbin-libdir && C:\Users\biocbuild\bbs-3.10-bioc\R\bin\R.exe CMD INSTALL --merge-multiarch --build --library=PAST.buildbin-libdir PAST_1.2.8.tar.gz && C:\Users\biocbuild\bbs-3.10-bioc\R\bin\R.exe CMD INSTALL PAST_1.2.8.zip && rm PAST_1.2.8.tar.gz PAST_1.2.8.zip
###
##############################################################################
##############################################################################
% Total % Received % Xferd Average Speed Time Time Time Current
Dload Upload Total Spent Left Speed
0 0 0 0 0 0 0 0 --:--:-- --:--:-- --:--:-- 0
100 943k 100 943k 0 0 3383k 0 --:--:-- --:--:-- --:--:-- 3432k
install for i386
* installing *source* package 'PAST' ...
** using staged installation
** R
** inst
** byte-compile and prepare package for lazy loading
Warning: replacing previous import 'S4Vectors::setdiff' by 'dplyr::setdiff' when loading 'PAST'
Warning: replacing previous import 'S4Vectors::setequal' by 'dplyr::setequal' when loading 'PAST'
Warning: replacing previous import 'S4Vectors::rename' by 'dplyr::rename' when loading 'PAST'
Warning: replacing previous import 'S4Vectors::union' by 'dplyr::union' when loading 'PAST'
Warning: replacing previous import 'S4Vectors::first' by 'dplyr::first' when loading 'PAST'
Warning: replacing previous import 'S4Vectors::intersect' by 'dplyr::intersect' when loading 'PAST'
Warning: replacing previous import 'S4Vectors::head' by 'utils::head' when loading 'PAST'
Warning: replacing previous import 'S4Vectors::tail' by 'utils::tail' when loading 'PAST'
Warning: replacing previous import 'S4Vectors::complete.cases' by 'stats::complete.cases' when loading 'PAST'
Warning: replacing previous import 'S4Vectors::sd' by 'stats::sd' when loading 'PAST'
** help
*** installing help indices
converting help for package 'PAST'
finding HTML links ... done
assign_SNPs_to_genes html
assign_chunk html
determine_linkage html
find_pathway_significance html
find_representative_SNP html
find_representative_SNP_gene_pairing html
load_GWAS_data html
load_LD html
plot_pathways html
** building package indices
** installing vignettes
** testing if installed package can be loaded from temporary location
Warning: replacing previous import 'S4Vectors::setdiff' by 'dplyr::setdiff' when loading 'PAST'
Warning: replacing previous import 'S4Vectors::setequal' by 'dplyr::setequal' when loading 'PAST'
Warning: replacing previous import 'S4Vectors::rename' by 'dplyr::rename' when loading 'PAST'
Warning: replacing previous import 'S4Vectors::union' by 'dplyr::union' when loading 'PAST'
Warning: replacing previous import 'S4Vectors::first' by 'dplyr::first' when loading 'PAST'
Warning: replacing previous import 'S4Vectors::intersect' by 'dplyr::intersect' when loading 'PAST'
Warning: replacing previous import 'S4Vectors::head' by 'utils::head' when loading 'PAST'
Warning: replacing previous import 'S4Vectors::tail' by 'utils::tail' when loading 'PAST'
Warning: replacing previous import 'S4Vectors::complete.cases' by 'stats::complete.cases' when loading 'PAST'
Warning: replacing previous import 'S4Vectors::sd' by 'stats::sd' when loading 'PAST'
** testing if installed package can be loaded from final location
Warning: replacing previous import 'S4Vectors::setdiff' by 'dplyr::setdiff' when loading 'PAST'
Warning: replacing previous import 'S4Vectors::setequal' by 'dplyr::setequal' when loading 'PAST'
Warning: replacing previous import 'S4Vectors::rename' by 'dplyr::rename' when loading 'PAST'
Warning: replacing previous import 'S4Vectors::union' by 'dplyr::union' when loading 'PAST'
Warning: replacing previous import 'S4Vectors::first' by 'dplyr::first' when loading 'PAST'
Warning: replacing previous import 'S4Vectors::intersect' by 'dplyr::intersect' when loading 'PAST'
Warning: replacing previous import 'S4Vectors::head' by 'utils::head' when loading 'PAST'
Warning: replacing previous import 'S4Vectors::tail' by 'utils::tail' when loading 'PAST'
Warning: replacing previous import 'S4Vectors::complete.cases' by 'stats::complete.cases' when loading 'PAST'
Warning: replacing previous import 'S4Vectors::sd' by 'stats::sd' when loading 'PAST'
** testing if installed package keeps a record of temporary installation path
install for x64
* installing *source* package 'PAST' ...
** testing if installed package can be loaded
Warning: replacing previous import 'S4Vectors::union' by 'dplyr::union' when loading 'PAST'
Warning: replacing previous import 'S4Vectors::intersect' by 'dplyr::intersect' when loading 'PAST'
Warning: replacing previous import 'S4Vectors::setdiff' by 'dplyr::setdiff' when loading 'PAST'
Warning: replacing previous import 'S4Vectors::first' by 'dplyr::first' when loading 'PAST'
Warning: replacing previous import 'S4Vectors::setequal' by 'dplyr::setequal' when loading 'PAST'
Warning: replacing previous import 'S4Vectors::rename' by 'dplyr::rename' when loading 'PAST'
Warning: replacing previous import 'S4Vectors::tail' by 'utils::tail' when loading 'PAST'
Warning: replacing previous import 'S4Vectors::head' by 'utils::head' when loading 'PAST'
Warning: replacing previous import 'S4Vectors::complete.cases' by 'stats::complete.cases' when loading 'PAST'
Warning: replacing previous import 'S4Vectors::sd' by 'stats::sd' when loading 'PAST'
* MD5 sums
packaged installation of 'PAST' as PAST_1.2.8.zip
* DONE (PAST)
* installing to library 'C:/Users/biocbuild/bbs-3.10-bioc/R/library'
package 'PAST' successfully unpacked and MD5 sums checked
|
PAST.Rcheck/examples_i386/PAST-Ex.timings
|
PAST.Rcheck/examples_x64/PAST-Ex.timings
|