| Back to Multiple platform build/check report for BioC 3.10 |
|
This page was generated on 2020-04-15 12:16:35 -0400 (Wed, 15 Apr 2020).
| Package 773/1823 | Hostname | OS / Arch | INSTALL | BUILD | CHECK | BUILD BIN | ||||||
| HCAExplorer 1.0.0 Bioconductor Package Maintainer
| malbec1 | Linux (Ubuntu 18.04.4 LTS) / x86_64 | OK | OK | [ WARNINGS ] | |||||||
| tokay1 | Windows Server 2012 R2 Standard / x64 | OK | OK | WARNINGS | OK | |||||||
| merida1 | OS X 10.11.6 El Capitan / x86_64 | OK | OK | WARNINGS | OK |
| Package: HCAExplorer |
| Version: 1.0.0 |
| Command: /home/biocbuild/bbs-3.10-bioc/R/bin/R CMD check --install=check:HCAExplorer.install-out.txt --library=/home/biocbuild/bbs-3.10-bioc/R/library --no-vignettes --timings HCAExplorer_1.0.0.tar.gz |
| StartedAt: 2020-04-15 07:07:14 -0400 (Wed, 15 Apr 2020) |
| EndedAt: 2020-04-15 07:09:31 -0400 (Wed, 15 Apr 2020) |
| EllapsedTime: 137.7 seconds |
| RetCode: 0 |
| Status: WARNINGS |
| CheckDir: HCAExplorer.Rcheck |
| Warnings: 1 |
##############################################################################
##############################################################################
###
### Running command:
###
### /home/biocbuild/bbs-3.10-bioc/R/bin/R CMD check --install=check:HCAExplorer.install-out.txt --library=/home/biocbuild/bbs-3.10-bioc/R/library --no-vignettes --timings HCAExplorer_1.0.0.tar.gz
###
##############################################################################
##############################################################################
* using log directory ‘/home/biocbuild/bbs-3.10-bioc/meat/HCAExplorer.Rcheck’
* using R version 3.6.3 (2020-02-29)
* using platform: x86_64-pc-linux-gnu (64-bit)
* using session charset: UTF-8
* using option ‘--no-vignettes’
* checking for file ‘HCAExplorer/DESCRIPTION’ ... OK
* checking extension type ... Package
* this is package ‘HCAExplorer’ version ‘1.0.0’
* package encoding: UTF-8
* checking package namespace information ... OK
* checking package dependencies ... OK
* checking if this is a source package ... OK
* checking if there is a namespace ... OK
* checking for hidden files and directories ... OK
* checking for portable file names ... OK
* checking for sufficient/correct file permissions ... OK
* checking whether package ‘HCAExplorer’ can be installed ... OK
* checking installed package size ... OK
* checking package directory ... OK
* checking ‘build’ directory ... OK
* checking DESCRIPTION meta-information ... OK
* checking top-level files ... OK
* checking for left-over files ... OK
* checking index information ... OK
* checking package subdirectories ... OK
* checking R files for non-ASCII characters ... OK
* checking R files for syntax errors ... OK
* checking whether the package can be loaded ... OK
* checking whether the package can be loaded with stated dependencies ... OK
* checking whether the package can be unloaded cleanly ... OK
* checking whether the namespace can be loaded with stated dependencies ... OK
* checking whether the namespace can be unloaded cleanly ... OK
* checking dependencies in R code ... NOTE
Unexported object imported by a ':::' call: ‘utils:::format.object_size’
See the note in ?`:::` about the use of this operator.
* checking S3 generic/method consistency ... OK
* checking replacement functions ... OK
* checking foreign function calls ... OK
* checking R code for possible problems ... NOTE
.getManifest: no visible binding for global variable ‘projectId’
.getManifestFileFormats: no visible binding for global variable
‘projectId’
.subset.HCAExplorer: no visible binding for global variable ‘projectId’
[,HCAExplorer: no visible binding for global variable ‘projectId’
getManifest,HCAExplorer: no visible binding for global variable
‘projectId’
getManifestFileFormats,HCAExplorer: no visible binding for global
variable ‘projectId’
Undefined global functions or variables:
projectId
* checking Rd files ... OK
* checking Rd metadata ... OK
* checking Rd cross-references ... OK
* checking for missing documentation entries ... OK
* checking for code/documentation mismatches ... OK
* checking Rd \usage sections ... WARNING
Documented arguments not in \usage in documentation object 'values,HCAExplorer-method':
‘...’
Functions with \usage entries need to have the appropriate \alias
entries, and all their arguments documented.
The \usage entries must correspond to syntactically valid R code.
See chapter ‘Writing R documentation files’ in the ‘Writing R
Extensions’ manual.
* checking Rd contents ... OK
* checking for unstated dependencies in examples ... OK
* checking files in ‘vignettes’ ... OK
* checking examples ... OK
Examples with CPU or elapsed time > 5s
user system elapsed
getManifest 1.128 0.064 25.984
activate.HCAExplorer 0.884 0.004 8.986
resetQuery 0.640 0.008 6.150
filter.HCAExplorer 0.608 0.004 5.699
* checking for unstated dependencies in ‘tests’ ... OK
* checking tests ...
Running ‘testthat.R’
OK
* checking for unstated dependencies in vignettes ... OK
* checking package vignettes in ‘inst/doc’ ... OK
* checking running R code from vignettes ... SKIPPED
* checking re-building of vignette outputs ... SKIPPED
* checking PDF version of manual ... OK
* DONE
Status: 1 WARNING, 2 NOTEs
See
‘/home/biocbuild/bbs-3.10-bioc/meat/HCAExplorer.Rcheck/00check.log’
for details.
HCAExplorer.Rcheck/00install.out
############################################################################## ############################################################################## ### ### Running command: ### ### /home/biocbuild/bbs-3.10-bioc/R/bin/R CMD INSTALL HCAExplorer ### ############################################################################## ############################################################################## * installing to library ‘/home/biocbuild/bbs-3.10-bioc/R/library’ * installing *source* package ‘HCAExplorer’ ... ** using staged installation ** R ** byte-compile and prepare package for lazy loading Creating a generic function for ‘fields’ from package ‘vctrs’ in package ‘HCAExplorer’ ** help *** installing help indices ** building package indices ** installing vignettes ** testing if installed package can be loaded from temporary location ** testing if installed package can be loaded from final location ** testing if installed package keeps a record of temporary installation path * DONE (HCAExplorer)
HCAExplorer.Rcheck/tests/testthat.Rout
R version 3.6.3 (2020-02-29) -- "Holding the Windsock"
Copyright (C) 2020 The R Foundation for Statistical Computing
Platform: x86_64-pc-linux-gnu (64-bit)
R is free software and comes with ABSOLUTELY NO WARRANTY.
You are welcome to redistribute it under certain conditions.
Type 'license()' or 'licence()' for distribution details.
R is a collaborative project with many contributors.
Type 'contributors()' for more information and
'citation()' on how to cite R or R packages in publications.
Type 'demo()' for some demos, 'help()' for on-line help, or
'help.start()' for an HTML browser interface to help.
Type 'q()' to quit R.
> library(testthat)
> library(HCAExplorer)
Loading required package: dplyr
Attaching package: 'dplyr'
The following object is masked from 'package:testthat':
matches
The following objects are masked from 'package:stats':
filter, lag
The following objects are masked from 'package:base':
intersect, setdiff, setequal, union
>
> test_check("HCAExplorer")
══ testthat results ═══════════════════════════════════════════════════════════
[ OK: 1 | SKIPPED: 0 | WARNINGS: 0 | FAILED: 0 ]
>
> proc.time()
user system elapsed
2.156 0.064 2.226
HCAExplorer.Rcheck/HCAExplorer-Ex.timings
| name | user | system | elapsed | |
| HCAExplorer | 0.384 | 0.036 | 2.469 | |
| activate.HCAExplorer | 0.884 | 0.004 | 8.986 | |
| fields-HCAExplorer-method | 0.172 | 0.000 | 2.212 | |
| filter.HCAExplorer | 0.608 | 0.004 | 5.699 | |
| getManifest | 1.128 | 0.064 | 25.984 | |
| getManifestFileFormats | 0.332 | 0.000 | 2.882 | |
| nextResults | 0.364 | 0.000 | 2.821 | |
| resetQuery | 0.640 | 0.008 | 6.150 | |
| resetSelect | 0.392 | 0.000 | 4.398 | |
| results | 0.176 | 0.000 | 2.217 | |
| select.HCAExplorer | 0.412 | 0.004 | 4.483 | |
| show-HCAExplorer-method | 0.228 | 0.000 | 2.159 | |
| sub-HCAExplorer-method | 0.356 | 0.000 | 2.631 | |
| undoQuery | 0.516 | 0.000 | 4.437 | |
| values-HCAExplorer-method | 0.196 | 0.000 | 2.188 | |
| viewProjects | 0.548 | 0.036 | 4.490 | |