This page was generated on 2020-04-15 12:39:12 -0400 (Wed, 15 Apr 2020).
BiGGR 1.22.0 Anand K. Gavai
 
| Snapshot Date: 2020-04-14 16:46:13 -0400 (Tue, 14 Apr 2020) |  
| URL: https://git.bioconductor.org/packages/BiGGR |  
| Branch: RELEASE_3_10 |  
| Last Commit: f34d300 |  
| Last Changed Date: 2019-10-29 13:08:46 -0400 (Tue, 29 Oct 2019) |  
 
 | malbec1  | Linux (Ubuntu 18.04.4 LTS) / x86_64  |  OK  |  OK  |  WARNINGS  |  |   | 
| tokay1  | Windows Server 2012 R2 Standard / x64  |  OK  |  OK  |  WARNINGS  |  OK  |   | 
| merida1  | OS X 10.11.6 El Capitan / x86_64  |  OK  | [ ERROR ] |  skipped  |  skipped  |  | 
##############################################################################
##############################################################################
###
### Running command:
###
###   /Library/Frameworks/R.framework/Versions/Current/Resources/bin/R CMD build --keep-empty-dirs --no-resave-data BiGGR
###
##############################################################################
##############################################################################
* checking for file ‘BiGGR/DESCRIPTION’ ... OK
* preparing ‘BiGGR’:
* checking DESCRIPTION meta-information ... OK
* installing the package to build vignettes
* creating vignettes ... ERROR
--- re-building ‘BiGGR.Rnw’ using Sweave
Loading required package: rsbml
Loading required package: BiocGenerics
Loading required package: parallel
Attaching package: ‘BiocGenerics’
The following objects are masked from ‘package:parallel’:
    clusterApply, clusterApplyLB, clusterCall, clusterEvalQ,
    clusterExport, clusterMap, parApply, parCapply, parLapply,
    parLapplyLB, parRapply, parSapply, parSapplyLB
The following objects are masked from ‘package:stats’:
    IQR, mad, sd, var, xtabs
The following objects are masked from ‘package:base’:
    Filter, Find, Map, Position, Reduce, anyDuplicated, append,
    as.data.frame, basename, cbind, colnames, dirname, do.call,
    duplicated, eval, evalq, get, grep, grepl, intersect, is.unsorted,
    lapply, mapply, match, mget, order, paste, pmax, pmax.int, pmin,
    pmin.int, rank, rbind, rownames, sapply, setdiff, sort, table,
    tapply, union, unique, unsplit, which, which.max, which.min
Warning: multiple methods tables found for ‘type’
Warning: multiple methods tables found for ‘type<-’
Attaching package: ‘rsbml’
The following objects are masked from ‘package:BiocGenerics’:
    type, type<-
Loading required package: hyperdraw
Loading required package: LIM
Loading required package: limSolve
Loading required package: diagram
Loading required package: shape
Loading required package: stringr
Read 72 items
Lim file written to /tmp/RtmpMWmzLW/file8581611f3e37
Lim file written to /tmp/RtmpMWmzLW/file85814c83aeed
Error: processing vignette 'BiGGR.Rnw' failed with diagnostics:
Running 'texi2dvi' on 'BiGGR.tex' failed.
LaTeX errors:
! LaTeX Error: Command \counterwithout already defined.
               Or name \end... illegal, see p.192 of the manual.
See the LaTeX manual or LaTeX Companion for explanation.
Type  H <return>  for immediate help.
! LaTeX Error: Command \counterwithin already defined.
               Or name \end... illegal, see p.192 of the manual.
See the LaTeX manual or LaTeX Companion for explanation.
Type  H <return>  for immediate help.
--- failed re-building ‘BiGGR.Rnw’
SUMMARY: processing the following file failed:
  ‘BiGGR.Rnw’
Error: Vignette re-building failed.
Execution halted