| Back to Multiple platform build/check report for BioC 3.10 |
|
This page was generated on 2020-04-15 12:20:03 -0400 (Wed, 15 Apr 2020).
| Package 1164/1823 | Hostname | OS / Arch | INSTALL | BUILD | CHECK | BUILD BIN | ||||||
| nucleR 2.18.4 Diego Gallego
| malbec1 | Linux (Ubuntu 18.04.4 LTS) / x86_64 | OK | OK | WARNINGS | |||||||
| tokay1 | Windows Server 2012 R2 Standard / x64 | OK | OK | [ WARNINGS ] | OK | |||||||
| merida1 | OS X 10.11.6 El Capitan / x86_64 | OK | OK | WARNINGS | OK |
| Package: nucleR |
| Version: 2.18.4 |
| Command: C:\Users\biocbuild\bbs-3.10-bioc\R\bin\R.exe CMD check --force-multiarch --install=check:nucleR.install-out.txt --library=C:\Users\biocbuild\bbs-3.10-bioc\R\library --no-vignettes --timings nucleR_2.18.4.tar.gz |
| StartedAt: 2020-04-15 05:09:45 -0400 (Wed, 15 Apr 2020) |
| EndedAt: 2020-04-15 05:16:10 -0400 (Wed, 15 Apr 2020) |
| EllapsedTime: 384.9 seconds |
| RetCode: 0 |
| Status: WARNINGS |
| CheckDir: nucleR.Rcheck |
| Warnings: 2 |
##############################################################################
##############################################################################
###
### Running command:
###
### C:\Users\biocbuild\bbs-3.10-bioc\R\bin\R.exe CMD check --force-multiarch --install=check:nucleR.install-out.txt --library=C:\Users\biocbuild\bbs-3.10-bioc\R\library --no-vignettes --timings nucleR_2.18.4.tar.gz
###
##############################################################################
##############################################################################
* using log directory 'C:/Users/biocbuild/bbs-3.10-bioc/meat/nucleR.Rcheck'
* using R version 3.6.3 (2020-02-29)
* using platform: x86_64-w64-mingw32 (64-bit)
* using session charset: ISO8859-1
* using option '--no-vignettes'
* checking for file 'nucleR/DESCRIPTION' ... OK
* checking extension type ... Package
* this is package 'nucleR' version '2.18.4'
* checking package namespace information ... OK
* checking package dependencies ... OK
* checking if this is a source package ... OK
* checking if there is a namespace ... OK
* checking for hidden files and directories ... OK
* checking for portable file names ... OK
* checking whether package 'nucleR' can be installed ... WARNING
Found the following significant warnings:
Rd warning: C:/Users/biocbuild/bbs-3.10-bioc/tmpdir/RtmpwZe89I/R.INSTALL11b03b93459d/nucleR/man/coverage.rpm.Rd:35: file link 'GRanges' in package 'GenomicRanges' does not exist and so has been treated as a topic
Rd warning: C:/Users/biocbuild/bbs-3.10-bioc/tmpdir/RtmpwZe89I/R.INSTALL11b03b93459d/nucleR/man/coverage.rpm.Rd:36: file link 'IRanges' in package 'IRanges' does not exist and so has been treated as a topic
Rd warning: C:/Users/biocbuild/bbs-3.10-bioc/tmpdir/RtmpwZe89I/R.INSTALL11b03b93459d/nucleR/man/coverage.rpm.Rd:23: file link 'GenomicRanges' in package 'GenomicRanges' does not exist and so has been treated as a topic
Rd warning: C:/Users/biocbuild/bbs-3.10-bioc/tmpdir/RtmpwZe89I/R.INSTALL11b03b93459d/nucleR/man/coverage.rpm.Rd:23: file link 'IRanges' in package 'IRanges' does not exist and so has been treated as a topic
Rd warning: C:/Users/biocbuild/bbs-3.10-bioc/tmpdir/RtmpwZe89I/R.INSTALL11b03b93459d/nucleR/man/coverage.rpm.Rd:52: file link 'coverage' in package 'IRanges' does not exist and so has been treated as a topic
Rd warning: C:/Users/biocbuild/bbs-3.10-bioc/tmpdir/RtmpwZe89I/R.INSTALL11b03b93459d/nucleR/man/export.bed.Rd:28: file link 'IRanges' in package 'IRanges' does not exist and so has been treated as a topic
Rd warning: C:/Users/biocbuild/bbs-3.10-bioc/tmpdir/RtmpwZe89I/R.INSTALL11b03b93459d/nucleR/man/export.bed.Rd:29: file link 'IRangesList' in package 'IRanges' does not exist and so has been treated as a topic
Rd warning: C:/Users/biocbuild/bbs-3.10-bioc/tmpdir/RtmpwZe89I/R.INSTALL11b03b93459d/nucleR/man/export.bed.Rd:29: file link 'GRanges' in package 'GenomicRanges' does not exist and so has been treated as a topic
Rd warning: C:/Users/biocbuild/bbs-3.10-bioc/tmpdir/RtmpwZe89I/R.INSTALL11b03b93459d/nucleR/man/fragmentLenDetect.Rd:27: file link 'GRanges' in package 'GenomicRanges' does not exist and so has been treated as a topic
Rd warning: C:/Users/biocbuild/bbs-3.10-bioc/tmpdir/RtmpwZe89I/R.INSTALL11b03b93459d/nucleR/man/mergeCalls.Rd:16: file link 'GRanges' in package 'GenomicRanges' does not exist and so has been treated as a topic
Rd warning: C:/Users/biocbuild/bbs-3.10-bioc/tmpdir/RtmpwZe89I/R.INSTALL11b03b93459d/nucleR/man/mergeCalls.Rd:28: file link 'GRanges' in package 'GenomicRanges' does not exist and so has been treated as a topic
Rd warning: C:/Users/biocbuild/bbs-3.10-bioc/tmpdir/RtmpwZe89I/R.INSTALL11b03b93459d/nucleR/man/peakScoring.Rd:63: file link 'GRanges' in package 'GenomicRanges' does not exist and so has been treated as a topic
Rd warning: C:/Users/biocbuild/bbs-3.10-bioc/tmpdir/RtmpwZe89I/R.INSTALL11b03b93459d/nucleR/man/plotPeaks.Rd:67: file link 'geom_rect' in package 'ggplot2' does not exist and so has been treated as a topic
Rd warning: C:/Users/biocbuild/bbs-3.10-bioc/tmpdir/RtmpwZe89I/R.INSTALL11b03b93459d/nucleR/man/processReads.Rd:29: file link 'GRanges' in package 'GenomicRanges' does not exist and so has been treated as a topic
Rd warning: C:/Users/biocbuild/bbs-3.10-bioc/tmpdir/RtmpwZe89I/R.INSTALL11b03b93459d/nucleR/man/processReads.Rd:54: file link 'GRanges' in package 'GenomicRanges' does not exist and so has been treated as a topic
Rd warning: C:/Users/biocbuild/bbs-3.10-bioc/tmpdir/RtmpwZe89I/R.INSTALL11b03b93459d/nucleR/man/processReads.Rd:44: file link 'GRanges' in package 'GenomicRanges' does not exist and so has been treated as a topic
Rd warning: C:/Users/biocbuild/bbs-3.10-bioc/tmpdir/RtmpwZe89I/R.INSTALL11b03b93459d/nucleR/man/processReads.Rd:114: file link 'GRanges' in package 'GenomicRanges' does not exist and so has been treated as a topic
Rd warning: C:/Users/biocbuild/bbs-3.10-bioc/tmpdir/RtmpwZe89I/R.INSTALL11b03b93459d/nucleR/man/processTilingArray.Rd:123: file link 'ExpressionSet' in package 'Biobase' does not exist and so has been treated as a topic
Rd warning: C:/Users/biocbuild/bbs-3.10-bioc/tmpdir/RtmpwZe89I/R.INSTALL11b03b93459d/nucleR/man/readBAM.Rd:16: file link 'GRangesList' in package 'GenomicRanges' does not exist and so has been treated as a topic
Rd warning: C:/Users/biocbuild/bbs-3.10-bioc/tmpdir/RtmpwZe89I/R.INSTALL11b03b93459d/nucleR/man/readBowtie.Rd:16: file link 'GRangesList' in package 'GenomicRanges' does not exist and so has been treated as a topic
See 'C:/Users/biocbuild/bbs-3.10-bioc/meat/nucleR.Rcheck/00install.out' for details.
* checking installed package size ... OK
* checking package directory ... OK
* checking 'build' directory ... OK
* checking DESCRIPTION meta-information ... OK
* checking top-level files ... OK
* checking for left-over files ... OK
* checking index information ... OK
* checking package subdirectories ... OK
* checking R files for non-ASCII characters ... OK
* checking R files for syntax errors ... OK
* loading checks for arch 'i386'
** checking whether the package can be loaded ... OK
** checking whether the package can be loaded with stated dependencies ... OK
** checking whether the package can be unloaded cleanly ... OK
** checking whether the namespace can be loaded with stated dependencies ... OK
** checking whether the namespace can be unloaded cleanly ... OK
* loading checks for arch 'x64'
** checking whether the package can be loaded ... OK
** checking whether the package can be loaded with stated dependencies ... OK
** checking whether the package can be unloaded cleanly ... OK
** checking whether the namespace can be loaded with stated dependencies ... OK
** checking whether the namespace can be unloaded cleanly ... OK
* checking dependencies in R code ... OK
* checking S3 generic/method consistency ... OK
* checking replacement functions ... OK
* checking foreign function calls ... OK
* checking R code for possible problems ... OK
* checking Rd files ... OK
* checking Rd metadata ... OK
* checking Rd cross-references ... OK
* checking for missing documentation entries ... OK
* checking for code/documentation mismatches ... OK
* checking Rd \usage sections ... WARNING
Documented arguments not in \usage in documentation object 'pcKeepCompDetect':
'...'
Functions with \usage entries need to have the appropriate \alias
entries, and all their arguments documented.
The \usage entries must correspond to syntactically valid R code.
See chapter 'Writing R documentation files' in the 'Writing R
Extensions' manual.
* checking Rd contents ... OK
* checking for unstated dependencies in examples ... OK
* checking contents of 'data' directory ... OK
* checking data for non-ASCII characters ... OK
* checking data for ASCII and uncompressed saves ... OK
* checking files in 'vignettes' ... OK
* checking examples ...
** running examples for arch 'i386' ... OK
Examples with CPU or elapsed time > 5s
user system elapsed
syntheticNucMap 34.34 0.11 34.45
** running examples for arch 'x64' ... OK
Examples with CPU or elapsed time > 5s
user system elapsed
syntheticNucMap 42.51 0.04 42.58
* checking for unstated dependencies in 'tests' ... OK
* checking tests ...
** running tests for arch 'i386' ...
Running 'testthat.R'
OK
** running tests for arch 'x64' ...
Running 'testthat.R'
OK
* checking for unstated dependencies in vignettes ... OK
* checking package vignettes in 'inst/doc' ... OK
* checking running R code from vignettes ... SKIPPED
* checking re-building of vignette outputs ... SKIPPED
* checking PDF version of manual ... OK
* DONE
Status: 2 WARNINGs
See
'C:/Users/biocbuild/bbs-3.10-bioc/meat/nucleR.Rcheck/00check.log'
for details.
nucleR.Rcheck/00install.out
##############################################################################
##############################################################################
###
### Running command:
###
### C:\cygwin\bin\curl.exe -O https://malbec1.bioconductor.org/BBS/3.10/bioc/src/contrib/nucleR_2.18.4.tar.gz && rm -rf nucleR.buildbin-libdir && mkdir nucleR.buildbin-libdir && C:\Users\biocbuild\bbs-3.10-bioc\R\bin\R.exe CMD INSTALL --merge-multiarch --build --library=nucleR.buildbin-libdir nucleR_2.18.4.tar.gz && C:\Users\biocbuild\bbs-3.10-bioc\R\bin\R.exe CMD INSTALL nucleR_2.18.4.zip && rm nucleR_2.18.4.tar.gz nucleR_2.18.4.zip
###
##############################################################################
##############################################################################
% Total % Received % Xferd Average Speed Time Time Time Current
Dload Upload Total Spent Left Speed
0 0 0 0 0 0 0 0 --:--:-- --:--:-- --:--:-- 0
100 795k 100 795k 0 0 14.3M 0 --:--:-- --:--:-- --:--:-- 15.8M
install for i386
* installing *source* package 'nucleR' ...
** using staged installation
** R
** data
** inst
** byte-compile and prepare package for lazy loading
** help
*** installing help indices
converting help for package 'nucleR'
finding HTML links ... done
controlCorrection html
coverage.rpm html
Rd warning: C:/Users/biocbuild/bbs-3.10-bioc/tmpdir/RtmpwZe89I/R.INSTALL11b03b93459d/nucleR/man/coverage.rpm.Rd:35: file link 'GRanges' in package 'GenomicRanges' does not exist and so has been treated as a topic
Rd warning: C:/Users/biocbuild/bbs-3.10-bioc/tmpdir/RtmpwZe89I/R.INSTALL11b03b93459d/nucleR/man/coverage.rpm.Rd:36: file link 'IRanges' in package 'IRanges' does not exist and so has been treated as a topic
Rd warning: C:/Users/biocbuild/bbs-3.10-bioc/tmpdir/RtmpwZe89I/R.INSTALL11b03b93459d/nucleR/man/coverage.rpm.Rd:23: file link 'GenomicRanges' in package 'GenomicRanges' does not exist and so has been treated as a topic
Rd warning: C:/Users/biocbuild/bbs-3.10-bioc/tmpdir/RtmpwZe89I/R.INSTALL11b03b93459d/nucleR/man/coverage.rpm.Rd:23: file link 'IRanges' in package 'IRanges' does not exist and so has been treated as a topic
Rd warning: C:/Users/biocbuild/bbs-3.10-bioc/tmpdir/RtmpwZe89I/R.INSTALL11b03b93459d/nucleR/man/coverage.rpm.Rd:52: file link 'coverage' in package 'IRanges' does not exist and so has been treated as a topic
export.bed html
Rd warning: C:/Users/biocbuild/bbs-3.10-bioc/tmpdir/RtmpwZe89I/R.INSTALL11b03b93459d/nucleR/man/export.bed.Rd:28: file link 'IRanges' in package 'IRanges' does not exist and so has been treated as a topic
Rd warning: C:/Users/biocbuild/bbs-3.10-bioc/tmpdir/RtmpwZe89I/R.INSTALL11b03b93459d/nucleR/man/export.bed.Rd:29: file link 'IRangesList' in package 'IRanges' does not exist and so has been treated as a topic
Rd warning: C:/Users/biocbuild/bbs-3.10-bioc/tmpdir/RtmpwZe89I/R.INSTALL11b03b93459d/nucleR/man/export.bed.Rd:29: file link 'GRanges' in package 'GenomicRanges' does not exist and so has been treated as a topic
export.wig html
filterFFT html
fragmentLenDetect html
Rd warning: C:/Users/biocbuild/bbs-3.10-bioc/tmpdir/RtmpwZe89I/R.INSTALL11b03b93459d/nucleR/man/fragmentLenDetect.Rd:27: file link 'GRanges' in package 'GenomicRanges' does not exist and so has been treated as a topic
mergeCalls html
Rd warning: C:/Users/biocbuild/bbs-3.10-bioc/tmpdir/RtmpwZe89I/R.INSTALL11b03b93459d/nucleR/man/mergeCalls.Rd:16: file link 'GRanges' in package 'GenomicRanges' does not exist and so has been treated as a topic
Rd warning: C:/Users/biocbuild/bbs-3.10-bioc/tmpdir/RtmpwZe89I/R.INSTALL11b03b93459d/nucleR/man/mergeCalls.Rd:28: file link 'GRanges' in package 'GenomicRanges' does not exist and so has been treated as a topic
nucleR-package html
nucleosome_htseq html
nucleosome_tiling html
pcKeepCompDetect html
peakDetection html
peakScoring html
Rd warning: C:/Users/biocbuild/bbs-3.10-bioc/tmpdir/RtmpwZe89I/R.INSTALL11b03b93459d/nucleR/man/peakScoring.Rd:63: file link 'GRanges' in package 'GenomicRanges' does not exist and so has been treated as a topic
plotPeaks html
Rd warning: C:/Users/biocbuild/bbs-3.10-bioc/tmpdir/RtmpwZe89I/R.INSTALL11b03b93459d/nucleR/man/plotPeaks.Rd:67: file link 'geom_rect' in package 'ggplot2' does not exist and so has been treated as a topic
processReads html
Rd warning: C:/Users/biocbuild/bbs-3.10-bioc/tmpdir/RtmpwZe89I/R.INSTALL11b03b93459d/nucleR/man/processReads.Rd:29: file link 'GRanges' in package 'GenomicRanges' does not exist and so has been treated as a topic
Rd warning: C:/Users/biocbuild/bbs-3.10-bioc/tmpdir/RtmpwZe89I/R.INSTALL11b03b93459d/nucleR/man/processReads.Rd:54: file link 'GRanges' in package 'GenomicRanges' does not exist and so has been treated as a topic
Rd warning: C:/Users/biocbuild/bbs-3.10-bioc/tmpdir/RtmpwZe89I/R.INSTALL11b03b93459d/nucleR/man/processReads.Rd:44: file link 'GRanges' in package 'GenomicRanges' does not exist and so has been treated as a topic
Rd warning: C:/Users/biocbuild/bbs-3.10-bioc/tmpdir/RtmpwZe89I/R.INSTALL11b03b93459d/nucleR/man/processReads.Rd:114: file link 'GRanges' in package 'GenomicRanges' does not exist and so has been treated as a topic
processTilingArray html
Rd warning: C:/Users/biocbuild/bbs-3.10-bioc/tmpdir/RtmpwZe89I/R.INSTALL11b03b93459d/nucleR/man/processTilingArray.Rd:123: file link 'ExpressionSet' in package 'Biobase' does not exist and so has been treated as a topic
readBAM html
Rd warning: C:/Users/biocbuild/bbs-3.10-bioc/tmpdir/RtmpwZe89I/R.INSTALL11b03b93459d/nucleR/man/readBAM.Rd:16: file link 'GRangesList' in package 'GenomicRanges' does not exist and so has been treated as a topic
readBowtie html
Rd warning: C:/Users/biocbuild/bbs-3.10-bioc/tmpdir/RtmpwZe89I/R.INSTALL11b03b93459d/nucleR/man/readBowtie.Rd:16: file link 'GRangesList' in package 'GenomicRanges' does not exist and so has been treated as a topic
syntheticNucMap html
** building package indices
** installing vignettes
** testing if installed package can be loaded from temporary location
** testing if installed package can be loaded from final location
** testing if installed package keeps a record of temporary installation path
install for x64
* installing *source* package 'nucleR' ...
** testing if installed package can be loaded
* MD5 sums
packaged installation of 'nucleR' as nucleR_2.18.4.zip
* DONE (nucleR)
* installing to library 'C:/Users/biocbuild/bbs-3.10-bioc/R/library'
package 'nucleR' successfully unpacked and MD5 sums checked
|
nucleR.Rcheck/tests_i386/testthat.Rout
R version 3.6.3 (2020-02-29) -- "Holding the Windsock"
Copyright (C) 2020 The R Foundation for Statistical Computing
Platform: i386-w64-mingw32/i386 (32-bit)
R is free software and comes with ABSOLUTELY NO WARRANTY.
You are welcome to redistribute it under certain conditions.
Type 'license()' or 'licence()' for distribution details.
R is a collaborative project with many contributors.
Type 'contributors()' for more information and
'citation()' on how to cite R or R packages in publications.
Type 'demo()' for some demos, 'help()' for on-line help, or
'help.start()' for an HTML browser interface to help.
Type 'q()' to quit R.
> library(testthat)
> library(nucleR)
>
> test_check("nucleR")
== testthat results ===========================================================
[ OK: 2 | SKIPPED: 0 | WARNINGS: 0 | FAILED: 0 ]
>
> proc.time()
user system elapsed
8.70 0.84 9.53
|
nucleR.Rcheck/tests_x64/testthat.Rout
R version 3.6.3 (2020-02-29) -- "Holding the Windsock"
Copyright (C) 2020 The R Foundation for Statistical Computing
Platform: x86_64-w64-mingw32/x64 (64-bit)
R is free software and comes with ABSOLUTELY NO WARRANTY.
You are welcome to redistribute it under certain conditions.
Type 'license()' or 'licence()' for distribution details.
R is a collaborative project with many contributors.
Type 'contributors()' for more information and
'citation()' on how to cite R or R packages in publications.
Type 'demo()' for some demos, 'help()' for on-line help, or
'help.start()' for an HTML browser interface to help.
Type 'q()' to quit R.
> library(testthat)
> library(nucleR)
>
> test_check("nucleR")
== testthat results ===========================================================
[ OK: 2 | SKIPPED: 0 | WARNINGS: 0 | FAILED: 0 ]
>
> proc.time()
user system elapsed
11.75 0.40 12.23
|
|
nucleR.Rcheck/examples_i386/nucleR-Ex.timings
|
nucleR.Rcheck/examples_x64/nucleR-Ex.timings
|