| Back to Multiple platform build/check report for BioC 3.10 | 
  | 
This page was generated on 2020-04-15 12:26:07 -0400 (Wed, 15 Apr 2020).
| Package 998/1823 | Hostname | OS / Arch | INSTALL | BUILD | CHECK | BUILD BIN | ||||||
| metaCCA 1.14.0 Anna Cichonska 
  | malbec1 | Linux (Ubuntu 18.04.4 LTS) / x86_64 | OK | OK | WARNINGS | |||||||
| tokay1 | Windows Server 2012 R2 Standard / x64 | OK | OK | [ WARNINGS ] | OK | |||||||
| merida1 | OS X 10.11.6 El Capitan / x86_64 | OK | OK | WARNINGS | OK | 
| Package: metaCCA | 
| Version: 1.14.0 | 
| Command: C:\Users\biocbuild\bbs-3.10-bioc\R\bin\R.exe CMD check --force-multiarch --install=check:metaCCA.install-out.txt --library=C:\Users\biocbuild\bbs-3.10-bioc\R\library --no-vignettes --timings metaCCA_1.14.0.tar.gz | 
| StartedAt: 2020-04-15 04:35:16 -0400 (Wed, 15 Apr 2020) | 
| EndedAt: 2020-04-15 04:35:40 -0400 (Wed, 15 Apr 2020) | 
| EllapsedTime: 23.7 seconds | 
| RetCode: 0 | 
| Status: WARNINGS | 
| CheckDir: metaCCA.Rcheck | 
| Warnings: 1 | 
############################################################################## ############################################################################## ### ### Running command: ### ### C:\Users\biocbuild\bbs-3.10-bioc\R\bin\R.exe CMD check --force-multiarch --install=check:metaCCA.install-out.txt --library=C:\Users\biocbuild\bbs-3.10-bioc\R\library --no-vignettes --timings metaCCA_1.14.0.tar.gz ### ############################################################################## ############################################################################## * using log directory 'C:/Users/biocbuild/bbs-3.10-bioc/meat/metaCCA.Rcheck' * using R version 3.6.3 (2020-02-29) * using platform: x86_64-w64-mingw32 (64-bit) * using session charset: ISO8859-1 * using option '--no-vignettes' * checking for file 'metaCCA/DESCRIPTION' ... OK * checking extension type ... Package * this is package 'metaCCA' version '1.14.0' * checking package namespace information ... OK * checking package dependencies ... OK * checking if this is a source package ... OK * checking if there is a namespace ... OK * checking for hidden files and directories ... OK * checking for portable file names ... OK * checking whether package 'metaCCA' can be installed ... OK * checking installed package size ... OK * checking package directory ... OK * checking 'build' directory ... OK * checking DESCRIPTION meta-information ... OK * checking top-level files ... OK * checking for left-over files ... OK * checking index information ... OK * checking package subdirectories ... OK * checking R files for non-ASCII characters ... OK * checking R files for syntax errors ... OK * loading checks for arch 'i386' ** checking whether the package can be loaded ... OK ** checking whether the package can be loaded with stated dependencies ... OK ** checking whether the package can be unloaded cleanly ... OK ** checking whether the namespace can be loaded with stated dependencies ... OK ** checking whether the namespace can be unloaded cleanly ... OK * loading checks for arch 'x64' ** checking whether the package can be loaded ... OK ** checking whether the package can be loaded with stated dependencies ... OK ** checking whether the package can be unloaded cleanly ... OK ** checking whether the namespace can be loaded with stated dependencies ... OK ** checking whether the namespace can be unloaded cleanly ... OK * checking dependencies in R code ... OK * checking S3 generic/method consistency ... OK * checking replacement functions ... OK * checking foreign function calls ... OK * checking R code for possible problems ... OK * checking Rd files ... WARNING man/metaCcaGp.Rd: non-ASCII input and no declared encoding man/metaCcaPlusGp.Rd: non-ASCII input and no declared encoding problems found in 'metaCcaGp.Rd', 'metaCcaPlusGp.Rd' * checking Rd metadata ... OK * checking Rd cross-references ... OK * checking for missing documentation entries ... OK * checking for code/documentation mismatches ... OK * checking Rd \usage sections ... OK * checking Rd contents ... OK * checking for unstated dependencies in examples ... OK * checking contents of 'data' directory ... OK * checking data for non-ASCII characters ... OK * checking data for ASCII and uncompressed saves ... OK * checking files in 'vignettes' ... OK * checking examples ... ** running examples for arch 'i386' ... OK ** running examples for arch 'x64' ... OK * checking for unstated dependencies in vignettes ... OK * checking package vignettes in 'inst/doc' ... OK * checking running R code from vignettes ... SKIPPED * checking re-building of vignette outputs ... SKIPPED * checking PDF version of manual ... OK * DONE Status: 1 WARNING See 'C:/Users/biocbuild/bbs-3.10-bioc/meat/metaCCA.Rcheck/00check.log' for details.
metaCCA.Rcheck/00install.out
##############################################################################
##############################################################################
###
### Running command:
###
###   C:\cygwin\bin\curl.exe -O https://malbec1.bioconductor.org/BBS/3.10/bioc/src/contrib/metaCCA_1.14.0.tar.gz && rm -rf metaCCA.buildbin-libdir && mkdir metaCCA.buildbin-libdir && C:\Users\biocbuild\bbs-3.10-bioc\R\bin\R.exe CMD INSTALL --merge-multiarch --build --library=metaCCA.buildbin-libdir metaCCA_1.14.0.tar.gz && C:\Users\biocbuild\bbs-3.10-bioc\R\bin\R.exe CMD INSTALL metaCCA_1.14.0.zip && rm metaCCA_1.14.0.tar.gz metaCCA_1.14.0.zip
###
##############################################################################
##############################################################################
  % Total    % Received % Xferd  Average Speed   Time    Time     Time  Current
                                 Dload  Upload   Total   Spent    Left  Speed
  0     0    0     0    0     0      0      0 --:--:-- --:--:-- --:--:--     0
  0  655k    0     0    0     0      0      0 --:--:-- --:--:-- --:--:--     0
100  655k  100  655k    0     0  3319k      0 --:--:-- --:--:-- --:--:-- 3359k
install for i386
* installing *source* package 'metaCCA' ...
** using staged installation
** R
** data
*** moving datasets to lazyload DB
** inst
** byte-compile and prepare package for lazy loading
** help
*** installing help indices
  converting help for package 'metaCCA'
    finding HTML links ... done
    N1                                      html  
    N2                                      html  
    S_XX_study1                             html  
    S_XX_study2                             html  
    S_XY_full_study1                        html  
    S_XY_full_study2                        html  
    S_XY_study1                             html  
    S_XY_study2                             html  
    estimateSyy                             html  
    metaCcaGp                               html  
    metaCcaPlusGp                           html  
** building package indices
** installing vignettes
** testing if installed package can be loaded from temporary location
** testing if installed package can be loaded from final location
** testing if installed package keeps a record of temporary installation path
install for x64
* installing *source* package 'metaCCA' ...
** testing if installed package can be loaded
* MD5 sums
packaged installation of 'metaCCA' as metaCCA_1.14.0.zip
* DONE (metaCCA)
* installing to library 'C:/Users/biocbuild/bbs-3.10-bioc/R/library'
package 'metaCCA' successfully unpacked and MD5 sums checked
| 
 metaCCA.Rcheck/examples_i386/metaCCA-Ex.timings 
  | 
 metaCCA.Rcheck/examples_x64/metaCCA-Ex.timings 
  |