| Back to Multiple platform build/check report for BioC 3.10 | 
  | 
This page was generated on 2020-04-15 12:47:31 -0400 (Wed, 15 Apr 2020).
| Package 955/1823 | Hostname | OS / Arch | INSTALL | BUILD | CHECK | BUILD BIN | ||||||
| maser 1.4.0 Diogo F.T. Veiga 
  | malbec1 | Linux (Ubuntu 18.04.4 LTS) / x86_64 | OK | OK | ERROR | |||||||
| tokay1 | Windows Server 2012 R2 Standard / x64 | OK | OK | ERROR | OK | |||||||
| merida1 | OS X 10.11.6 El Capitan / x86_64 | OK | OK | [ ERROR ] | OK | 
| Package: maser | 
| Version: 1.4.0 | 
| Command: /Library/Frameworks/R.framework/Versions/Current/Resources/bin/R CMD check --install=check:maser.install-out.txt --library=/Library/Frameworks/R.framework/Versions/Current/Resources/library --no-vignettes --timings maser_1.4.0.tar.gz | 
| StartedAt: 2020-04-15 03:33:34 -0400 (Wed, 15 Apr 2020) | 
| EndedAt: 2020-04-15 03:40:23 -0400 (Wed, 15 Apr 2020) | 
| EllapsedTime: 408.6 seconds | 
| RetCode: 1 | 
| Status: ERROR | 
| CheckDir: maser.Rcheck | 
| Warnings: NA | 
##############################################################################
##############################################################################
###
### Running command:
###
###   /Library/Frameworks/R.framework/Versions/Current/Resources/bin/R CMD check --install=check:maser.install-out.txt --library=/Library/Frameworks/R.framework/Versions/Current/Resources/library --no-vignettes --timings maser_1.4.0.tar.gz
###
##############################################################################
##############################################################################
* using log directory ‘/Users/biocbuild/bbs-3.10-bioc/meat/maser.Rcheck’
* using R version 3.6.3 (2020-02-29)
* using platform: x86_64-apple-darwin15.6.0 (64-bit)
* using session charset: UTF-8
* using option ‘--no-vignettes’
* checking for file ‘maser/DESCRIPTION’ ... OK
* checking extension type ... Package
* this is package ‘maser’ version ‘1.4.0’
* package encoding: UTF-8
* checking package namespace information ... OK
* checking package dependencies ... OK
* checking if this is a source package ... OK
* checking if there is a namespace ... OK
* checking for hidden files and directories ... OK
* checking for portable file names ... OK
* checking for sufficient/correct file permissions ... OK
* checking whether package ‘maser’ can be installed ... OK
* checking installed package size ... OK
* checking package directory ... OK
* checking ‘build’ directory ... OK
* checking DESCRIPTION meta-information ... OK
* checking top-level files ... OK
* checking for left-over files ... OK
* checking index information ... OK
* checking package subdirectories ... OK
* checking R files for non-ASCII characters ... OK
* checking R files for syntax errors ... OK
* checking whether the package can be loaded ... OK
* checking whether the package can be loaded with stated dependencies ... OK
* checking whether the package can be unloaded cleanly ... OK
* checking whether the namespace can be loaded with stated dependencies ... OK
* checking whether the namespace can be unloaded cleanly ... OK
* checking dependencies in R code ... OK
* checking S3 generic/method consistency ... OK
* checking replacement functions ... OK
* checking foreign function calls ... OK
* checking R code for possible problems ... NOTE
filterByIds: no visible binding for global variable 'ID'
mapTranscriptsA3SSevent: no visible global function definition for
  'subjectHits'
mapTranscriptsA5SSevent: no visible global function definition for
  'subjectHits'
mapTranscriptsMXEevent: no visible global function definition for
  'subjectHits'
mapTranscriptsRIevent: no visible global function definition for
  'subjectHits'
mapTranscriptsSEevent: no visible global function definition for
  'subjectHits'
overlappingFeatures: no visible global function definition for
  'subjectHits'
urlTracksUniprotKB: no visible binding for global variable 'Name'
Undefined global functions or variables:
  ID Name subjectHits
* checking Rd files ... OK
* checking Rd metadata ... OK
* checking Rd cross-references ... OK
* checking for missing documentation entries ... OK
* checking for code/documentation mismatches ... OK
* checking Rd \usage sections ... OK
* checking Rd contents ... OK
* checking for unstated dependencies in examples ... OK
* checking R/sysdata.rda ... OK
* checking files in ‘vignettes’ ... OK
* checking examples ... ERROR
Running examples in ‘maser-Ex.R’ failed
The error most likely occurred in:
> base::assign(".ptime", proc.time(), pos = "CheckExEnv")
> ### Name: availableFeaturesUniprotKB
> ### Title: Query available human protein features in UniprotKB.
> ### Aliases: availableFeaturesUniprotKB
> 
> ### ** Examples
> 
> head(availableFeaturesUniprotKB(), 10)
Warning in file(con, "r") :
  URL 'ftp://ftp.uniprot.org/pub/databases/uniprot/current_release/knowledgebase/genome_annotation_tracks/UP000005640_9606_tracks.txt': status was 'Couldn't connect to server'
Error in file(con, "r") : 
  cannot open the connection to 'ftp://ftp.uniprot.org/pub/databases/uniprot/current_release/knowledgebase/genome_annotation_tracks/UP000005640_9606_tracks.txt'
Calls: head ... availableFeaturesUniprotKB -> urlTracksUniprotKB -> readLines -> file
Execution halted
* checking for unstated dependencies in vignettes ... OK
* checking package vignettes in ‘inst/doc’ ... OK
* checking running R code from vignettes ... SKIPPED
* checking re-building of vignette outputs ... SKIPPED
* checking PDF version of manual ... OK
* DONE
Status: 1 ERROR, 1 NOTE
See
  ‘/Users/biocbuild/bbs-3.10-bioc/meat/maser.Rcheck/00check.log’
for details.
maser.Rcheck/00install.out
############################################################################## ############################################################################## ### ### Running command: ### ### /Library/Frameworks/R.framework/Versions/Current/Resources/bin/R CMD INSTALL maser ### ############################################################################## ############################################################################## * installing to library ‘/Library/Frameworks/R.framework/Versions/3.6/Resources/library’ * installing *source* package ‘maser’ ... ** using staged installation ** R ** inst ** byte-compile and prepare package for lazy loading ** help *** installing help indices ** building package indices ** installing vignettes ** testing if installed package can be loaded from temporary location ** testing if installed package can be loaded from final location ** testing if installed package keeps a record of temporary installation path * DONE (maser)
maser.Rcheck/maser-Ex.timings
| name | user | system | elapsed | |
| PSI-Maser-character-method | 1.629 | 0.064 | 1.723 | |
| PSI | 0.724 | 0.088 | 0.817 | |
| annotation-Maser-method | 0.687 | 0.020 | 0.712 | |