| Back to Multiple platform build/check report for BioC 3.10 |
|
This page was generated on 2020-04-15 12:17:53 -0400 (Wed, 15 Apr 2020).
| Package 928/1823 | Hostname | OS / Arch | INSTALL | BUILD | CHECK | BUILD BIN | ||||||
| lumi 2.38.0 Pan Du
| malbec1 | Linux (Ubuntu 18.04.4 LTS) / x86_64 | OK | OK | WARNINGS | |||||||
| tokay1 | Windows Server 2012 R2 Standard / x64 | OK | OK | [ WARNINGS ] | OK | |||||||
| merida1 | OS X 10.11.6 El Capitan / x86_64 | OK | OK | WARNINGS | OK |
| Package: lumi |
| Version: 2.38.0 |
| Command: C:\Users\biocbuild\bbs-3.10-bioc\R\bin\R.exe CMD check --force-multiarch --install=check:lumi.install-out.txt --library=C:\Users\biocbuild\bbs-3.10-bioc\R\library --no-vignettes --timings lumi_2.38.0.tar.gz |
| StartedAt: 2020-04-15 04:22:39 -0400 (Wed, 15 Apr 2020) |
| EndedAt: 2020-04-15 04:33:24 -0400 (Wed, 15 Apr 2020) |
| EllapsedTime: 645.1 seconds |
| RetCode: 0 |
| Status: WARNINGS |
| CheckDir: lumi.Rcheck |
| Warnings: 4 |
##############################################################################
##############################################################################
###
### Running command:
###
### C:\Users\biocbuild\bbs-3.10-bioc\R\bin\R.exe CMD check --force-multiarch --install=check:lumi.install-out.txt --library=C:\Users\biocbuild\bbs-3.10-bioc\R\library --no-vignettes --timings lumi_2.38.0.tar.gz
###
##############################################################################
##############################################################################
* using log directory 'C:/Users/biocbuild/bbs-3.10-bioc/meat/lumi.Rcheck'
* using R version 3.6.3 (2020-02-29)
* using platform: x86_64-w64-mingw32 (64-bit)
* using session charset: ISO8859-1
* using option '--no-vignettes'
* checking for file 'lumi/DESCRIPTION' ... OK
* checking extension type ... Package
* this is package 'lumi' version '2.38.0'
* checking package namespace information ... OK
* checking package dependencies ... OK
* checking if this is a source package ... OK
* checking if there is a namespace ... OK
* checking for hidden files and directories ... OK
* checking for portable file names ... OK
* checking whether package 'lumi' can be installed ... WARNING
Found the following significant warnings:
Rd warning: C:/Users/biocbuild/bbs-3.10-bioc/tmpdir/RtmpotGBZF/R.INSTALL25e03d7d419/lumi/man/LumiBatch-class.Rd:44: file link 'ExpressionSet' in package 'Biobase' does not exist and so has been treated as a topic
Rd warning: C:/Users/biocbuild/bbs-3.10-bioc/tmpdir/RtmpotGBZF/R.INSTALL25e03d7d419/lumi/man/LumiBatch-class.Rd:46: file link 'ExpressionSet' in package 'Biobase' does not exist and so has been treated as a topic
Rd warning: C:/Users/biocbuild/bbs-3.10-bioc/tmpdir/RtmpotGBZF/R.INSTALL25e03d7d419/lumi/man/LumiBatch-class.Rd:83: file link 'ExpressionSet' in package 'Biobase' does not exist and so has been treated as a topic
Rd warning: C:/Users/biocbuild/bbs-3.10-bioc/tmpdir/RtmpotGBZF/R.INSTALL25e03d7d419/lumi/man/LumiBatch-class.Rd:84: file link 'eSet' in package 'Biobase' does not exist and so has been treated as a topic
Rd warning: C:/Users/biocbuild/bbs-3.10-bioc/tmpdir/RtmpotGBZF/R.INSTALL25e03d7d419/lumi/man/LumiBatch-class.Rd:85: file link 'eSet' in package 'Biobase' does not exist and so has been treated as a topic
Rd warning: C:/Users/biocbuild/bbs-3.10-bioc/tmpdir/RtmpotGBZF/R.INSTALL25e03d7d419/lumi/man/LumiBatch-class.Rd:86: file link 'eSet' in package 'Biobase' does not exist and so has been treated as a topic
Rd warning: C:/Users/biocbuild/bbs-3.10-bioc/tmpdir/RtmpotGBZF/R.INSTALL25e03d7d419/lumi/man/LumiBatch-class.Rd:103: file link 'ExpressionSet' in package 'Biobase' does not exist and so has been treated as a topic
Rd warning: C:/Users/biocbuild/bbs-3.10-bioc/tmpdir/RtmpotGBZF/R.INSTALL25e03d7d419/lumi/man/LumiBatch-class.Rd:104: file link 'ExpressionSet' in package 'Biobase' does not exist and so has been treated as a topic
Rd warning: C:/Users/biocbuild/bbs-3.10-bioc/tmpdir/RtmpotGBZF/R.INSTALL25e03d7d419/lumi/man/LumiBatch-class.Rd:104: file link 'eSet' in package 'Biobase' does not exist and so has been treated as a topic
Rd warning: C:/Users/biocbuild/bbs-3.10-bioc/tmpdir/RtmpotGBZF/R.INSTALL25e03d7d419/lumi/man/LumiBatch-class.Rd:106: file link 'eSet' in package 'Biobase' does not exist and so has been treated as a topic
Rd warning: C:/Users/biocbuild/bbs-3.10-bioc/tmpdir/RtmpotGBZF/R.INSTALL25e03d7d419/lumi/man/LumiBatch-class.Rd:113: file link 'ExpressionSet' in package 'Biobase' does not exist and so has been treated as a topic
Rd warning: C:/Users/biocbuild/bbs-3.10-bioc/tmpdir/RtmpotGBZF/R.INSTALL25e03d7d419/lumi/man/LumiBatch-class.Rd:113: file link 'eSet' in package 'Biobase' does not exist and so has been treated as a topic
Rd warning: C:/Users/biocbuild/bbs-3.10-bioc/tmpdir/RtmpotGBZF/R.INSTALL25e03d7d419/lumi/man/MAplot-methods.Rd:16: file link 'ExpressionSet' in package 'Biobase' does not exist and so has been treated as a topic
Rd warning: C:/Users/biocbuild/bbs-3.10-bioc/tmpdir/RtmpotGBZF/R.INSTALL25e03d7d419/lumi/man/asBigMatrix-methods.Rd:15: file link 'ExpressionSet' in package 'Biobase' does not exist and so has been treated as a topic
Rd warning: C:/Users/biocbuild/bbs-3.10-bioc/tmpdir/RtmpotGBZF/R.INSTALL25e03d7d419/lumi/man/boxplot-MethyLumiM-methods.Rd:16: file link 'bwplot' in package 'lattice' does not exist and so has been treated as a topic
Rd warning: C:/Users/biocbuild/bbs-3.10-bioc/tmpdir/RtmpotGBZF/R.INSTALL25e03d7d419/lumi/man/boxplot-methods.Rd:15: file link 'ExpressionSet' in package 'Biobase' does not exist and so has been treated as a topic
Rd warning: C:/Users/biocbuild/bbs-3.10-bioc/tmpdir/RtmpotGBZF/R.INSTALL25e03d7d419/lumi/man/density-methods.Rd:17: file link 'ExpressionSet' in package 'Biobase' does not exist and so has been treated as a topic
Rd warning: C:/Users/biocbuild/bbs-3.10-bioc/tmpdir/RtmpotGBZF/R.INSTALL25e03d7d419/lumi/man/getControlType.Rd:20: file link 'controlTypes' in package 'methylumi' does not exist and so has been treated as a topic
Rd warning: C:/Users/biocbuild/bbs-3.10-bioc/tmpdir/RtmpotGBZF/R.INSTALL25e03d7d419/lumi/man/hist-methods.Rd:15: file link 'ExpressionSet' in package 'Biobase' does not exist and so has been treated as a topic
Rd warning: C:/Users/biocbuild/bbs-3.10-bioc/tmpdir/RtmpotGBZF/R.INSTALL25e03d7d419/lumi/man/importMethyIDAT.Rd:7: file link 'lumIDAT' in package 'methylumi' does not exist and so has been treated as a topic
Rd warning: C:/Users/biocbuild/bbs-3.10-bioc/tmpdir/RtmpotGBZF/R.INSTALL25e03d7d419/lumi/man/importMethyIDAT.Rd:20: file link 'lumIDAT' in package 'methylumi' does not exist and so has been treated as a topic
Rd warning: C:/Users/biocbuild/bbs-3.10-bioc/tmpdir/RtmpotGBZF/R.INSTALL25e03d7d419/lumi/man/importMethyIDAT.Rd:23: file link 'lumIDAT' in package 'methylumi' does not exist and so has been treated as a topic
Rd warning: C:/Users/biocbuild/bbs-3.10-bioc/tmpdir/RtmpotGBZF/R.INSTALL25e03d7d419/lumi/man/importMethyIDAT.Rd:37: file link 'lumIDAT' in package 'methylumi' does not exist and so has been treated as a topic
Rd warning: C:/Users/biocbuild/bbs-3.10-bioc/tmpdir/RtmpotGBZF/R.INSTALL25e03d7d419/lumi/man/lumiN.Rd:19: missing file link 'vsn'
Rd warning: C:/Users/biocbuild/bbs-3.10-bioc/tmpdir/RtmpotGBZF/R.INSTALL25e03d7d419/lumi/man/pairs-methods.Rd:16: file link 'ExpressionSet' in package 'Biobase' does not exist and so has been treated as a topic
Rd warning: C:/Users/biocbuild/bbs-3.10-bioc/tmpdir/RtmpotGBZF/R.INSTALL25e03d7d419/lumi/man/plotCDF.Rd:17: file link 'ExpressionSet' in package 'Biobase' does not exist and so has been treated as a topic
Rd warning: C:/Users/biocbuild/bbs-3.10-bioc/tmpdir/RtmpotGBZF/R.INSTALL25e03d7d419/lumi/man/plotCDF.Rd:29: file link 'plot.ecdf' in package 'stats' does not exist and so has been treated as a topic
Rd warning: C:/Users/biocbuild/bbs-3.10-bioc/tmpdir/RtmpotGBZF/R.INSTALL25e03d7d419/lumi/man/plotDensity.Rd:14: file link 'ExpressionSet' in package 'Biobase' does not exist and so has been treated as a topic
See 'C:/Users/biocbuild/bbs-3.10-bioc/meat/lumi.Rcheck/00install.out' for details.
* checking installed package size ... NOTE
installed size is 5.4Mb
sub-directories of 1Mb or more:
R 1.0Mb
data 3.6Mb
* checking package directory ... OK
* checking DESCRIPTION meta-information ... OK
* checking top-level files ... OK
* checking for left-over files ... OK
* checking index information ... OK
* checking package subdirectories ... OK
* checking R files for non-ASCII characters ... OK
* checking R files for syntax errors ... OK
* loading checks for arch 'i386'
** checking whether the package can be loaded ... OK
** checking whether the package can be loaded with stated dependencies ... OK
** checking whether the package can be unloaded cleanly ... OK
** checking whether the namespace can be loaded with stated dependencies ... OK
** checking whether the namespace can be unloaded cleanly ... OK
* loading checks for arch 'x64'
** checking whether the package can be loaded ... OK
** checking whether the package can be loaded with stated dependencies ... OK
** checking whether the package can be unloaded cleanly ... OK
** checking whether the namespace can be loaded with stated dependencies ... OK
** checking whether the namespace can be unloaded cleanly ... OK
* checking dependencies in R code ... WARNING
'::' or ':::' imports not declared from:
'IRanges' 'bigmemoryExtras'
* checking S3 generic/method consistency ... OK
* checking replacement functions ... OK
* checking foreign function calls ... OK
* checking R code for possible problems ... OK
* checking Rd files ... OK
* checking Rd metadata ... OK
* checking Rd cross-references ... WARNING
Packages unavailable to check Rd xrefs: 'bigmemoryExtras', 'hdrcde'
Missing link or links in documentation object 'lumiN.Rd':
'[vsn]{vsn}'
See section 'Cross-references' in the 'Writing R Extensions' manual.
* checking for missing documentation entries ... OK
* checking for code/documentation mismatches ... OK
* checking Rd \usage sections ... OK
* checking Rd contents ... OK
* checking for unstated dependencies in examples ... OK
* checking contents of 'data' directory ... OK
* checking data for non-ASCII characters ... OK
* checking data for ASCII and uncompressed saves ... OK
* checking files in 'vignettes' ... WARNING
Files in the 'vignettes' directory but no files in 'inst/doc':
'IlluminaAnnotation.R', 'IlluminaAnnotation.pdf', 'lumi.R',
'lumi.pdf', 'lumi_VST_evaluation.R', 'lumi_VST_evaluation.pdf',
'methylationAnalysis.R', 'methylationAnalysis.pdf'
Package has no Sweave vignette sources and no VignetteBuilder field.
* checking examples ...
** running examples for arch 'i386' ... OK
Examples with CPU or elapsed time > 5s
user system elapsed
lumiMethyStatus 45.64 0.01 45.66
getChipInfo 4.49 0.08 12.00
** running examples for arch 'x64' ... OK
Examples with CPU or elapsed time > 5s
user system elapsed
lumiMethyStatus 50.53 0.03 50.56
nuID2IlluminaID 5.74 0.05 5.78
MAplot-methods 5.66 0.01 5.67
* checking PDF version of manual ... OK
* DONE
Status: 4 WARNINGs, 1 NOTE
See
'C:/Users/biocbuild/bbs-3.10-bioc/meat/lumi.Rcheck/00check.log'
for details.
lumi.Rcheck/00install.out
##############################################################################
##############################################################################
###
### Running command:
###
### C:\cygwin\bin\curl.exe -O https://malbec1.bioconductor.org/BBS/3.10/bioc/src/contrib/lumi_2.38.0.tar.gz && rm -rf lumi.buildbin-libdir && mkdir lumi.buildbin-libdir && C:\Users\biocbuild\bbs-3.10-bioc\R\bin\R.exe CMD INSTALL --merge-multiarch --build --library=lumi.buildbin-libdir lumi_2.38.0.tar.gz && C:\Users\biocbuild\bbs-3.10-bioc\R\bin\R.exe CMD INSTALL lumi_2.38.0.zip && rm lumi_2.38.0.tar.gz lumi_2.38.0.zip
###
##############################################################################
##############################################################################
% Total % Received % Xferd Average Speed Time Time Time Current
Dload Upload Total Spent Left Speed
0 0 0 0 0 0 0 0 --:--:-- --:--:-- --:--:-- 0
99 8224k 99 8208k 0 0 32.8M 0 --:--:-- --:--:-- --:--:-- 33.2M
100 8224k 100 8224k 0 0 32.8M 0 --:--:-- --:--:-- --:--:-- 33.3M
install for i386
* installing *source* package 'lumi' ...
** using staged installation
** R
** data
** inst
** byte-compile and prepare package for lazy loading
No methods found in package 'RSQLite' for request: 'dbListFields' when loading 'lumi'
** help
*** installing help indices
converting help for package 'lumi'
finding HTML links ... done
IlluminaID2nuID html
LumiBatch-class html
Rd warning: C:/Users/biocbuild/bbs-3.10-bioc/tmpdir/RtmpotGBZF/R.INSTALL25e03d7d419/lumi/man/LumiBatch-class.Rd:44: file link 'ExpressionSet' in package 'Biobase' does not exist and so has been treated as a topic
Rd warning: C:/Users/biocbuild/bbs-3.10-bioc/tmpdir/RtmpotGBZF/R.INSTALL25e03d7d419/lumi/man/LumiBatch-class.Rd:46: file link 'ExpressionSet' in package 'Biobase' does not exist and so has been treated as a topic
Rd warning: C:/Users/biocbuild/bbs-3.10-bioc/tmpdir/RtmpotGBZF/R.INSTALL25e03d7d419/lumi/man/LumiBatch-class.Rd:83: file link 'ExpressionSet' in package 'Biobase' does not exist and so has been treated as a topic
Rd warning: C:/Users/biocbuild/bbs-3.10-bioc/tmpdir/RtmpotGBZF/R.INSTALL25e03d7d419/lumi/man/LumiBatch-class.Rd:84: file link 'eSet' in package 'Biobase' does not exist and so has been treated as a topic
Rd warning: C:/Users/biocbuild/bbs-3.10-bioc/tmpdir/RtmpotGBZF/R.INSTALL25e03d7d419/lumi/man/LumiBatch-class.Rd:85: file link 'eSet' in package 'Biobase' does not exist and so has been treated as a topic
Rd warning: C:/Users/biocbuild/bbs-3.10-bioc/tmpdir/RtmpotGBZF/R.INSTALL25e03d7d419/lumi/man/LumiBatch-class.Rd:86: file link 'eSet' in package 'Biobase' does not exist and so has been treated as a topic
Rd warning: C:/Users/biocbuild/bbs-3.10-bioc/tmpdir/RtmpotGBZF/R.INSTALL25e03d7d419/lumi/man/LumiBatch-class.Rd:103: file link 'ExpressionSet' in package 'Biobase' does not exist and so has been treated as a topic
Rd warning: C:/Users/biocbuild/bbs-3.10-bioc/tmpdir/RtmpotGBZF/R.INSTALL25e03d7d419/lumi/man/LumiBatch-class.Rd:104: file link 'ExpressionSet' in package 'Biobase' does not exist and so has been treated as a topic
Rd warning: C:/Users/biocbuild/bbs-3.10-bioc/tmpdir/RtmpotGBZF/R.INSTALL25e03d7d419/lumi/man/LumiBatch-class.Rd:104: file link 'eSet' in package 'Biobase' does not exist and so has been treated as a topic
Rd warning: C:/Users/biocbuild/bbs-3.10-bioc/tmpdir/RtmpotGBZF/R.INSTALL25e03d7d419/lumi/man/LumiBatch-class.Rd:106: file link 'eSet' in package 'Biobase' does not exist and so has been treated as a topic
Rd warning: C:/Users/biocbuild/bbs-3.10-bioc/tmpdir/RtmpotGBZF/R.INSTALL25e03d7d419/lumi/man/LumiBatch-class.Rd:113: file link 'ExpressionSet' in package 'Biobase' does not exist and so has been treated as a topic
Rd warning: C:/Users/biocbuild/bbs-3.10-bioc/tmpdir/RtmpotGBZF/R.INSTALL25e03d7d419/lumi/man/LumiBatch-class.Rd:113: file link 'eSet' in package 'Biobase' does not exist and so has been treated as a topic
MAplot-methods html
Rd warning: C:/Users/biocbuild/bbs-3.10-bioc/tmpdir/RtmpotGBZF/R.INSTALL25e03d7d419/lumi/man/MAplot-methods.Rd:16: file link 'ExpressionSet' in package 'Biobase' does not exist and so has been treated as a topic
addAnnotationInfo html
addControlData2lumi html
addControlData2methyLumiM html
addNuID2lumi html
adjColorBias.quantile html
adjColorBias.ssn html
asBigMatrix-methods html
Rd warning: C:/Users/biocbuild/bbs-3.10-bioc/tmpdir/RtmpotGBZF/R.INSTALL25e03d7d419/lumi/man/asBigMatrix-methods.Rd:15: file link 'ExpressionSet' in package 'Biobase' does not exist and so has been treated as a topic
beta2m html
bgAdjust html
bgAdjustMethylation html
boxplot-MethyLumiM-methods html
finding level-2 HTML links ... done
Rd warning: C:/Users/biocbuild/bbs-3.10-bioc/tmpdir/RtmpotGBZF/R.INSTALL25e03d7d419/lumi/man/boxplot-MethyLumiM-methods.Rd:16: file link 'bwplot' in package 'lattice' does not exist and so has been treated as a topic
boxplot-methods html
Rd warning: C:/Users/biocbuild/bbs-3.10-bioc/tmpdir/RtmpotGBZF/R.INSTALL25e03d7d419/lumi/man/boxplot-methods.Rd:15: file link 'ExpressionSet' in package 'Biobase' does not exist and so has been treated as a topic
boxplotColorBias html
colorBiasSummary html
density-methods html
Rd warning: C:/Users/biocbuild/bbs-3.10-bioc/tmpdir/RtmpotGBZF/R.INSTALL25e03d7d419/lumi/man/density-methods.Rd:17: file link 'ExpressionSet' in package 'Biobase' does not exist and so has been treated as a topic
detectOutlier html
detectionCall html
estimateBeta html
estimateIntensity html
estimateLumiCV html
estimateM html
estimateMethylationBG html
example.lumi html
example.lumiMethy html
example.methyTitration html
gammaFitEM html
getChipInfo html
getChrInfo html
getControlData html
getControlProbe html
getControlType html
Rd warning: C:/Users/biocbuild/bbs-3.10-bioc/tmpdir/RtmpotGBZF/R.INSTALL25e03d7d419/lumi/man/getControlType.Rd:20: file link 'controlTypes' in package 'methylumi' does not exist and so has been treated as a topic
getNuIDMappingInfo html
hist-methods html
Rd warning: C:/Users/biocbuild/bbs-3.10-bioc/tmpdir/RtmpotGBZF/R.INSTALL25e03d7d419/lumi/man/hist-methods.Rd:15: file link 'ExpressionSet' in package 'Biobase' does not exist and so has been treated as a topic
id2seq html
importMethyIDAT html
Rd warning: C:/Users/biocbuild/bbs-3.10-bioc/tmpdir/RtmpotGBZF/R.INSTALL25e03d7d419/lumi/man/importMethyIDAT.Rd:7: file link 'lumIDAT' in package 'methylumi' does not exist and so has been treated as a topic
Rd warning: C:/Users/biocbuild/bbs-3.10-bioc/tmpdir/RtmpotGBZF/R.INSTALL25e03d7d419/lumi/man/importMethyIDAT.Rd:20: file link 'lumIDAT' in package 'methylumi' does not exist and so has been treated as a topic
Rd warning: C:/Users/biocbuild/bbs-3.10-bioc/tmpdir/RtmpotGBZF/R.INSTALL25e03d7d419/lumi/man/importMethyIDAT.Rd:23: file link 'lumIDAT' in package 'methylumi' does not exist and so has been treated as a topic
Rd warning: C:/Users/biocbuild/bbs-3.10-bioc/tmpdir/RtmpotGBZF/R.INSTALL25e03d7d419/lumi/man/importMethyIDAT.Rd:37: file link 'lumIDAT' in package 'methylumi' does not exist and so has been treated as a topic
inverseVST html
is.nuID html
lumi.package html
lumiB html
lumiExpresso html
lumiMethyB html
lumiMethyC html
lumiMethyN html
lumiMethyR html
lumiMethyStatus html
lumiN html
Rd warning: C:/Users/biocbuild/bbs-3.10-bioc/tmpdir/RtmpotGBZF/R.INSTALL25e03d7d419/lumi/man/lumiN.Rd:19: missing file link 'vsn'
lumiQ html
lumiR html
lumiR.batch html
lumiT html
m2beta html
methylationCall html
monoSmu html
monoSpline html
normalizeMethylation.quantile html
normalizeMethylation.ssn html
nuID2EntrezID html
nuID2IlluminaID html
nuID2RefSeqID html
nuID2probeID html
nuID2targetID html
pairs-methods html
Rd warning: C:/Users/biocbuild/bbs-3.10-bioc/tmpdir/RtmpotGBZF/R.INSTALL25e03d7d419/lumi/man/pairs-methods.Rd:16: file link 'ExpressionSet' in package 'Biobase' does not exist and so has been treated as a topic
plot-methods html
plotCDF html
Rd warning: C:/Users/biocbuild/bbs-3.10-bioc/tmpdir/RtmpotGBZF/R.INSTALL25e03d7d419/lumi/man/plotCDF.Rd:17: file link 'ExpressionSet' in package 'Biobase' does not exist and so has been treated as a topic
Rd warning: C:/Users/biocbuild/bbs-3.10-bioc/tmpdir/RtmpotGBZF/R.INSTALL25e03d7d419/lumi/man/plotCDF.Rd:29: file link 'plot.ecdf' in package 'stats' does not exist and so has been treated as a topic
plotColorBias1D html
plotColorBias2D html
plotControlData html
plotDensity html
Rd warning: C:/Users/biocbuild/bbs-3.10-bioc/tmpdir/RtmpotGBZF/R.INSTALL25e03d7d419/lumi/man/plotDensity.Rd:14: file link 'ExpressionSet' in package 'Biobase' does not exist and so has been treated as a topic
plotGammaFit html
plotHousekeepingGene html
plotSampleRelation html
plotStringencyGene html
plotVST html
probeID2nuID html
produceGEOPlatformFile html
produceGEOSampleInfoTemplate html
produceGEOSubmissionFile html
produceMethylationGEOSubmissionFile html
rankinvariant html
rsn html
seq2id html
smoothQuantileNormalization html
ssn html
targetID2nuID html
vst html
** building package indices
** installing vignettes
** testing if installed package can be loaded from temporary location
No methods found in package 'RSQLite' for request: 'dbListFields' when loading 'lumi'
** testing if installed package can be loaded from final location
No methods found in package 'RSQLite' for request: 'dbListFields' when loading 'lumi'
** testing if installed package keeps a record of temporary installation path
install for x64
* installing *source* package 'lumi' ...
** testing if installed package can be loaded
No methods found in package 'RSQLite' for request: 'dbListFields' when loading 'lumi'
* MD5 sums
packaged installation of 'lumi' as lumi_2.38.0.zip
* DONE (lumi)
* installing to library 'C:/Users/biocbuild/bbs-3.10-bioc/R/library'
package 'lumi' successfully unpacked and MD5 sums checked
|
lumi.Rcheck/examples_i386/lumi-Ex.timings
|
lumi.Rcheck/examples_x64/lumi-Ex.timings
|