| Back to Multiple platform build/check report for BioC 3.10 |
|
This page was generated on 2020-04-15 12:35:53 -0400 (Wed, 15 Apr 2020).
| Package 602/1823 | Hostname | OS / Arch | INSTALL | BUILD | CHECK | BUILD BIN | ||||||
| flowStats 3.44.0 Greg Finak
| malbec1 | Linux (Ubuntu 18.04.4 LTS) / x86_64 | OK | OK | WARNINGS | |||||||
| tokay1 | Windows Server 2012 R2 Standard / x64 | OK | OK | WARNINGS | OK | |||||||
| merida1 | OS X 10.11.6 El Capitan / x86_64 | OK | OK | [ WARNINGS ] | OK |
| Package: flowStats |
| Version: 3.44.0 |
| Command: /Library/Frameworks/R.framework/Versions/Current/Resources/bin/R CMD check --install=check:flowStats.install-out.txt --library=/Library/Frameworks/R.framework/Versions/Current/Resources/library --no-vignettes --timings flowStats_3.44.0.tar.gz |
| StartedAt: 2020-04-15 02:23:12 -0400 (Wed, 15 Apr 2020) |
| EndedAt: 2020-04-15 02:26:30 -0400 (Wed, 15 Apr 2020) |
| EllapsedTime: 197.5 seconds |
| RetCode: 0 |
| Status: WARNINGS |
| CheckDir: flowStats.Rcheck |
| Warnings: 4 |
##############################################################################
##############################################################################
###
### Running command:
###
### /Library/Frameworks/R.framework/Versions/Current/Resources/bin/R CMD check --install=check:flowStats.install-out.txt --library=/Library/Frameworks/R.framework/Versions/Current/Resources/library --no-vignettes --timings flowStats_3.44.0.tar.gz
###
##############################################################################
##############################################################################
* using log directory ‘/Users/biocbuild/bbs-3.10-bioc/meat/flowStats.Rcheck’
* using R version 3.6.3 (2020-02-29)
* using platform: x86_64-apple-darwin15.6.0 (64-bit)
* using session charset: UTF-8
* using option ‘--no-vignettes’
* checking for file ‘flowStats/DESCRIPTION’ ... OK
* checking extension type ... Package
* this is package ‘flowStats’ version ‘3.44.0’
* package encoding: UTF-8
* checking package namespace information ... OK
* checking package dependencies ... OK
* checking if this is a source package ... OK
* checking if there is a namespace ... OK
* checking for hidden files and directories ... OK
* checking for portable file names ... OK
* checking for sufficient/correct file permissions ... OK
* checking whether package ‘flowStats’ can be installed ... OK
* checking installed package size ... OK
* checking package directory ... OK
* checking ‘build’ directory ... OK
* checking DESCRIPTION meta-information ... OK
* checking top-level files ... OK
* checking for left-over files ... OK
* checking index information ... OK
* checking package subdirectories ... OK
* checking R files for non-ASCII characters ... OK
* checking R files for syntax errors ... OK
* checking whether the package can be loaded ... OK
* checking whether the package can be loaded with stated dependencies ... OK
* checking whether the package can be unloaded cleanly ... OK
* checking whether the namespace can be loaded with stated dependencies ... OK
* checking whether the namespace can be unloaded cleanly ... OK
* checking dependencies in R code ... NOTE
Missing object imported by a ':::' call: ‘flowWorkspace:::.isBooleanGate.graphNEL’
Unexported objects imported by ':::' calls:
‘flowCore:::checkClass’ ‘flowCore:::copyFlowSet’
‘flowCore:::findTimeChannel’ ‘flowCore:::inPolygon’
‘flowViz:::evalError’ ‘flowViz:::plotType’
See the note in ?`:::` about the use of this operator.
* checking S3 generic/method consistency ... OK
* checking replacement functions ... OK
* checking foreign function calls ... OK
* checking R code for possible problems ... NOTE
.plotGPAprocess: no visible binding for global variable ‘whichS’
.plotGPAprocess: no visible binding for global variable ‘cluster’
.plotWorkFlow: no visible binding for global variable ‘cluster’
.plotWorkFlow: no visible binding for global variable ‘bogus’
.usingSVD: no visible binding for global variable ‘params’
density1d_simple: no visible binding for global variable ‘y’
normQA: no visible binding for global variable ‘group’
normQA: no visible binding for global variable ‘hasPeak’
Undefined global functions or variables:
bogus cluster group hasPeak params whichS y
* checking Rd files ... OK
* checking Rd metadata ... OK
* checking Rd cross-references ... WARNING
Missing link or links in documentation object 'autoGate.Rd':
‘[flowCore:norm2Filter-class]{norm2Filter}’
Missing link or links in documentation object 'lymphGate.Rd':
‘[flowCore:norm2Filter-class]{norm2Filter}’
See section 'Cross-references' in the 'Writing R Extensions' manual.
* checking for missing documentation entries ... WARNING
Undocumented S4 methods:
generic '%in%' and siglist 'flowFrame,norm2Filter'
All user-level objects in a package (including S4 classes and methods)
should have documentation entries.
See chapter ‘Writing R documentation files’ in the ‘Writing R
Extensions’ manual.
* checking for code/documentation mismatches ... WARNING
Codoc mismatches from documentation object 'spillover-flowSet':
\S4method{spillover}{flowSet}
Code: function(x, unstained = NULL, fsc = "FSC-A", ssc = "SSC-A",
patt = NULL, method = "median", stain_match =
c("intensity", "ordered", "regexpr"), useNormFilt =
FALSE, prematched = FALSE, exact_match = FALSE)
Docs: function(x, unstained = NULL, fsc = "FSC-A", ssc = "SSC-A",
patt = NULL, method = "median", stain_match =
c("intensity", "ordered", "regexpr"), useNormFilt =
FALSE, prematched = FALSE)
Argument names in code not in docs:
exact_match
* checking Rd \usage sections ... OK
* checking Rd contents ... OK
* checking for unstated dependencies in examples ... OK
* checking contents of ‘data’ directory ... OK
* checking data for non-ASCII characters ... OK
* checking data for ASCII and uncompressed saves ... WARNING
Warning: package needs dependence on R (>= 2.10)
* checking sizes of PDF files under ‘inst/doc’ ... OK
* checking files in ‘vignettes’ ... OK
* checking examples ... OK
Examples with CPU or elapsed time > 5s
user system elapsed
warpSet 16.682 4.550 21.414
gaussNorm 5.146 0.484 5.669
* checking for unstated dependencies in ‘tests’ ... OK
* checking tests ...
Running ‘testthat.R’
OK
* checking for unstated dependencies in vignettes ... OK
* checking package vignettes in ‘inst/doc’ ... OK
* checking running R code from vignettes ... SKIPPED
* checking re-building of vignette outputs ... SKIPPED
* checking PDF version of manual ... OK
* DONE
Status: 4 WARNINGs, 2 NOTEs
See
‘/Users/biocbuild/bbs-3.10-bioc/meat/flowStats.Rcheck/00check.log’
for details.
flowStats.Rcheck/00install.out
############################################################################## ############################################################################## ### ### Running command: ### ### /Library/Frameworks/R.framework/Versions/Current/Resources/bin/R CMD INSTALL flowStats ### ############################################################################## ############################################################################## * installing to library ‘/Library/Frameworks/R.framework/Versions/3.6/Resources/library’ * installing *source* package ‘flowStats’ ... ** using staged installation ** R ** data ** byte-compile and prepare package for lazy loading ** help *** installing help indices ** building package indices ** installing vignettes ** testing if installed package can be loaded from temporary location ** testing if installed package can be loaded from final location ** testing if installed package keeps a record of temporary installation path * DONE (flowStats)
flowStats.Rcheck/tests/testthat.Rout
R version 3.6.3 (2020-02-29) -- "Holding the Windsock"
Copyright (C) 2020 The R Foundation for Statistical Computing
Platform: x86_64-apple-darwin15.6.0 (64-bit)
R is free software and comes with ABSOLUTELY NO WARRANTY.
You are welcome to redistribute it under certain conditions.
Type 'license()' or 'licence()' for distribution details.
R is a collaborative project with many contributors.
Type 'contributors()' for more information and
'citation()' on how to cite R or R packages in publications.
Type 'demo()' for some demos, 'help()' for on-line help, or
'help.start()' for an HTML browser interface to help.
Type 'q()' to quit R.
> library(testthat)
> library(flowStats)
>
> test_check("flowStats")
Estimating landmarks for channel CD4 ...
Registering curves for parameter CD4 ...
══ testthat results ═══════════════════════════════════════════════════════════
[ OK: 23 | SKIPPED: 0 | WARNINGS: 3 | FAILED: 0 ]
>
> proc.time()
user system elapsed
16.836 5.175 14.864
flowStats.Rcheck/flowStats-Ex.timings
| name | user | system | elapsed | |
| autoGate | 2.181 | 0.105 | 2.302 | |
| binByRef | 1.039 | 0.104 | 1.146 | |
| calcPBChiSquare | 0.751 | 0.071 | 0.828 | |
| calcPearsonChi | 1.179 | 0.080 | 1.263 | |
| curv1Filter-class | 0.325 | 0.018 | 0.345 | |
| curv2Filter-class | 1.859 | 0.225 | 2.092 | |
| curvPeaks | 0.765 | 0.079 | 0.846 | |
| density1d | 3.148 | 0.409 | 3.577 | |
| gate_singlet | 0 | 0 | 0 | |
| gaussNorm | 5.146 | 0.484 | 5.669 | |
| gpaSet | 3.455 | 0.125 | 3.605 | |
| iProcrustes | 0.171 | 0.002 | 0.179 | |
| idFeaturesByBackgating | 1.347 | 0.014 | 1.381 | |
| landmarkMatrix | 0.931 | 0.116 | 1.063 | |
| lymphGate | 3.589 | 0.229 | 3.866 | |
| norm2Filter-class | 0.160 | 0.005 | 0.168 | |
| normalize | 0 | 0 | 0 | |
| overton_like | 0.006 | 0.000 | 0.007 | |
| plotBins | 0.924 | 0.100 | 1.032 | |
| proBin | 0.730 | 0.060 | 0.796 | |
| quadrantGate | 0.001 | 0.000 | 0.001 | |
| rangeGate | 3.834 | 0.413 | 4.289 | |
| warpSet | 16.682 | 4.550 | 21.414 | |