| Back to Multiple platform build/check report for BioC 3.10 |
|
This page was generated on 2020-04-15 12:16:39 -0400 (Wed, 15 Apr 2020).
| Package 23/1823 | Hostname | OS / Arch | INSTALL | BUILD | CHECK | BUILD BIN | ||||||
| affy 1.64.0 Rafael A. Irizarry
| malbec1 | Linux (Ubuntu 18.04.4 LTS) / x86_64 | OK | OK | WARNINGS | |||||||
| tokay1 | Windows Server 2012 R2 Standard / x64 | OK | OK | [ WARNINGS ] | OK | |||||||
| merida1 | OS X 10.11.6 El Capitan / x86_64 | OK | OK | WARNINGS | OK |
| Package: affy |
| Version: 1.64.0 |
| Command: C:\Users\biocbuild\bbs-3.10-bioc\R\bin\R.exe CMD check --force-multiarch --install=check:affy.install-out.txt --library=C:\Users\biocbuild\bbs-3.10-bioc\R\library --no-vignettes --timings affy_1.64.0.tar.gz |
| StartedAt: 2020-04-15 01:09:19 -0400 (Wed, 15 Apr 2020) |
| EndedAt: 2020-04-15 01:14:35 -0400 (Wed, 15 Apr 2020) |
| EllapsedTime: 315.6 seconds |
| RetCode: 0 |
| Status: WARNINGS |
| CheckDir: affy.Rcheck |
| Warnings: 1 |
##############################################################################
##############################################################################
###
### Running command:
###
### C:\Users\biocbuild\bbs-3.10-bioc\R\bin\R.exe CMD check --force-multiarch --install=check:affy.install-out.txt --library=C:\Users\biocbuild\bbs-3.10-bioc\R\library --no-vignettes --timings affy_1.64.0.tar.gz
###
##############################################################################
##############################################################################
* using log directory 'C:/Users/biocbuild/bbs-3.10-bioc/meat/affy.Rcheck'
* using R version 3.6.3 (2020-02-29)
* using platform: x86_64-w64-mingw32 (64-bit)
* using session charset: ISO8859-1
* using option '--no-vignettes'
* checking for file 'affy/DESCRIPTION' ... OK
* this is package 'affy' version '1.64.0'
* checking package namespace information ... OK
* checking package dependencies ... OK
* checking if this is a source package ... OK
* checking if there is a namespace ... OK
* checking for hidden files and directories ... OK
* checking for portable file names ... OK
* checking whether package 'affy' can be installed ... OK
* checking installed package size ... OK
* checking package directory ... OK
* checking 'build' directory ... OK
* checking DESCRIPTION meta-information ... OK
* checking top-level files ... OK
* checking for left-over files ... OK
* checking index information ... OK
* checking package subdirectories ... OK
* checking R files for non-ASCII characters ... OK
* checking R files for syntax errors ... OK
* loading checks for arch 'i386'
** checking whether the package can be loaded ... OK
** checking whether the package can be loaded with stated dependencies ... OK
** checking whether the package can be unloaded cleanly ... OK
** checking whether the namespace can be loaded with stated dependencies ... OK
** checking whether the namespace can be unloaded cleanly ... OK
* loading checks for arch 'x64'
** checking whether the package can be loaded ... OK
** checking whether the package can be loaded with stated dependencies ... OK
** checking whether the package can be unloaded cleanly ... OK
** checking whether the namespace can be loaded with stated dependencies ... OK
** checking whether the namespace can be unloaded cleanly ... OK
* checking dependencies in R code ... NOTE
'library' or 'require' call to 'tkWidgets' in package code.
Please use :: or requireNamespace() instead.
See section 'Suggested packages' in the 'Writing R Extensions' manual.
Unexported objects imported by ':::' calls:
'stats:::C_loess_raw' 'stats:::C_lowesp' 'stats:::C_lowesw'
See the note in ?`:::` about the use of this operator.
There are ::: calls to the package's namespace in its code. A package
almost never needs to use ::: for its own objects:
'bg.correct'
* checking S3 generic/method consistency ... NOTE
Found the following apparent S3 methods exported but not registered:
$.AffyBatch barplot.ProbeSet merge.AffyBatch pairs.AffyBatch
plot.ProbeSet
See section 'Registering S3 methods' in the 'Writing R Extensions'
manual.
* checking replacement functions ... OK
* checking foreign function calls ... WARNING
Foreign function calls to a base package:
.C(stats:::C_loess_raw, ...)
.Fortran(stats:::C_lowesp, ...)
.Fortran(stats:::C_lowesw, ...)
Packages should not make .C/.Call/.External/.Fortran calls to a base
package. They are not part of the API, for use only by R itself and
subject to change without notice.
* checking R code for possible problems ... NOTE
AllButCelsForReadAffy: no visible global function definition for
'fileBrowser'
AllButCelsForReadAffy: no visible global function definition for
'hasSuffix'
expressoWidget: no visible global function definition for 'tclVar'
expressoWidget : quit: no visible global function definition for
'tkdestroy'
expressoWidget : end: no visible global function definition for
'tclvalue'
expressoWidget: no visible global function definition for 'tktoplevel'
expressoWidget: no visible global function definition for 'tkdestroy'
expressoWidget: no visible global function definition for 'tktitle<-'
expressoWidget: no visible global function definition for 'tkpack'
expressoWidget: no visible global function definition for 'tklabel'
expressoWidget: no visible global function definition for 'tkframe'
expressoWidget: no visible global function definition for
'dropdownList'
expressoWidget: no visible global function definition for 'tclvalue'
expressoWidget: no visible global function definition for 'tkgrid'
expressoWidget: no visible global function definition for
'tkgrid.configure'
expressoWidget: no visible global function definition for 'tkbutton'
expressoWidget: no visible global function definition for
'tkwait.window'
Undefined global functions or variables:
dropdownList fileBrowser hasSuffix tclVar tclvalue tkbutton tkdestroy
tkframe tkgrid tkgrid.configure tklabel tkpack tktitle<- tktoplevel
tkwait.window
* checking Rd files ... OK
* checking Rd metadata ... OK
* checking Rd cross-references ... OK
* checking for missing documentation entries ... OK
* checking for code/documentation mismatches ... OK
* checking Rd \usage sections ... OK
* checking Rd contents ... OK
* checking for unstated dependencies in examples ... OK
* checking contents of 'data' directory ... OK
* checking data for non-ASCII characters ... OK
* checking data for ASCII and uncompressed saves ... OK
* checking line endings in shell scripts ... OK
* checking line endings in C/C++/Fortran sources/headers ... OK
* checking line endings in Makefiles ... OK
* checking compilation flags in Makevars ... OK
* checking for GNU extensions in Makefiles ... OK
* checking for portable use of $(BLAS_LIBS) and $(LAPACK_LIBS) ... OK
* checking compiled code ... NOTE
Note: information on .o files for i386 is not available
Note: information on .o files for x64 is not available
File 'C:/Users/biocbuild/bbs-3.10-bioc/R/library/affy/libs/i386/affy.dll':
Found 'abort', possibly from 'abort' (C), 'runtime' (Fortran)
File 'C:/Users/biocbuild/bbs-3.10-bioc/R/library/affy/libs/x64/affy.dll':
Found 'abort', possibly from 'abort' (C), 'runtime' (Fortran)
Compiled code should not call entry points which might terminate R nor
write to stdout/stderr instead of to the console, nor use Fortran I/O
nor system RNGs. The detected symbols are linked into the code but
might come from libraries and not actually be called.
See 'Writing portable packages' in the 'Writing R Extensions' manual.
* checking files in 'vignettes' ... OK
* checking examples ...
** running examples for arch 'i386' ... OK
Examples with CPU or elapsed time > 5s
user system elapsed
mas5 24.86 0.08 24.94
MAplot 15.00 0.48 15.78
expresso 9.50 0.08 9.58
read.affybatch 4.34 0.03 6.89
ProgressBarText-class 0.72 0.01 16.71
** running examples for arch 'x64' ... OK
Examples with CPU or elapsed time > 5s
user system elapsed
mas5 26.22 0.11 26.33
MAplot 14.09 0.53 14.62
expresso 12.28 0.03 12.31
ProgressBarText-class 0.93 0.01 16.93
* checking for unstated dependencies in vignettes ... OK
* checking package vignettes in 'inst/doc' ... OK
* checking running R code from vignettes ... SKIPPED
* checking re-building of vignette outputs ... SKIPPED
* checking PDF version of manual ... OK
* DONE
Status: 1 WARNING, 4 NOTEs
See
'C:/Users/biocbuild/bbs-3.10-bioc/meat/affy.Rcheck/00check.log'
for details.
affy.Rcheck/00install.out
##############################################################################
##############################################################################
###
### Running command:
###
### C:\cygwin\bin\curl.exe -O https://malbec1.bioconductor.org/BBS/3.10/bioc/src/contrib/affy_1.64.0.tar.gz && rm -rf affy.buildbin-libdir && mkdir affy.buildbin-libdir && C:\Users\biocbuild\bbs-3.10-bioc\R\bin\R.exe CMD INSTALL --merge-multiarch --build --library=affy.buildbin-libdir affy_1.64.0.tar.gz && C:\Users\biocbuild\bbs-3.10-bioc\R\bin\R.exe CMD INSTALL affy_1.64.0.zip && rm affy_1.64.0.tar.gz affy_1.64.0.zip
###
##############################################################################
##############################################################################
% Total % Received % Xferd Average Speed Time Time Time Current
Dload Upload Total Spent Left Speed
0 0 0 0 0 0 0 0 --:--:-- --:--:-- --:--:-- 0
100 283k 100 283k 0 0 7334k 0 --:--:-- --:--:-- --:--:-- 8108k
install for i386
* installing *source* package 'affy' ...
** using staged installation
**********************************************
WARNING: this package has a configure script
It probably needs manual configuration
**********************************************
** libs
C:/Rtools/mingw_32/bin/gcc -I"C:/Users/biocbuild/bbs-3.10-bioc/R/library/zlibbioc/include" -I"C:/Users/BIOCBU~1/BBS-3~1.10-/R/include" -DNDEBUG -DHAVE_ZLIB -I"C:/Users/biocbuild/bbs-3.10-bioc/R/library/preprocessCore/include" -I"C:/extsoft/include" -O3 -Wall -std=gnu99 -mtune=core2 -c chipbackground.c -o chipbackground.o
C:/Rtools/mingw_32/bin/gcc -I"C:/Users/biocbuild/bbs-3.10-bioc/R/library/zlibbioc/include" -I"C:/Users/BIOCBU~1/BBS-3~1.10-/R/include" -DNDEBUG -DHAVE_ZLIB -I"C:/Users/biocbuild/bbs-3.10-bioc/R/library/preprocessCore/include" -I"C:/extsoft/include" -O3 -Wall -std=gnu99 -mtune=core2 -c getall_locations.c -o getall_locations.o
C:/Rtools/mingw_32/bin/gcc -I"C:/Users/biocbuild/bbs-3.10-bioc/R/library/zlibbioc/include" -I"C:/Users/BIOCBU~1/BBS-3~1.10-/R/include" -DNDEBUG -DHAVE_ZLIB -I"C:/Users/biocbuild/bbs-3.10-bioc/R/library/preprocessCore/include" -I"C:/extsoft/include" -O3 -Wall -std=gnu99 -mtune=core2 -c mas5calls.c -o mas5calls.o
C:/Rtools/mingw_32/bin/gcc -I"C:/Users/biocbuild/bbs-3.10-bioc/R/library/zlibbioc/include" -I"C:/Users/BIOCBU~1/BBS-3~1.10-/R/include" -DNDEBUG -DHAVE_ZLIB -I"C:/Users/biocbuild/bbs-3.10-bioc/R/library/preprocessCore/include" -I"C:/extsoft/include" -O3 -Wall -std=gnu99 -mtune=core2 -c rma2.c -o rma2.o
C:/Rtools/mingw_32/bin/gcc -I"C:/Users/biocbuild/bbs-3.10-bioc/R/library/zlibbioc/include" -I"C:/Users/BIOCBU~1/BBS-3~1.10-/R/include" -DNDEBUG -DHAVE_ZLIB -I"C:/Users/biocbuild/bbs-3.10-bioc/R/library/preprocessCore/include" -I"C:/extsoft/include" -O3 -Wall -std=gnu99 -mtune=core2 -c rma_common.c -o rma_common.o
C:/Rtools/mingw_32/bin/gcc -shared -s -static-libgcc -o affy.dll tmp.def chipbackground.o getall_locations.o mas5calls.o rma2.o rma_common.o -LC:/Users/biocbuild/bbs-3.10-bioc/R/library/zlibbioc/libs/i386 -lzlib1bioc -LC:/extsoft/lib/i386 -LC:/extsoft/lib -LC:/Users/BIOCBU~1/BBS-3~1.10-/R/bin/i386 -lR
installing to C:/Users/biocbuild/bbs-3.10-bioc/meat/affy.buildbin-libdir/00LOCK-affy/00new/affy/libs/i386
** R
** data
** demo
** inst
** byte-compile and prepare package for lazy loading
** help
*** installing help indices
converting help for package 'affy'
finding HTML links ... done
AffyBatch-class html
finding level-2 HTML links ... done
AffyRNAdeg html
MAplot html
ProbeSet-class html
ProgressBarText-class html
SpikeIn html
affy-deprecated html
affy-options html
affy.scalevalue.exprSet html
barplot.ProbeSet html
bg.adjust html
bgc html
cdfFromBioC html
cdfenv.example html
cleancdfname html
debug.affy123 html
expresso html
expressoWidget html
fit.li.wong html
generateExprSet-methods html
generateExprVal-methods html
generateExprVal.method.avgdiff html
generateExprVal.method.playerout html
hlog html
justrma html
list.celfiles html
maffy.subset html
mas5 html
mas5calls html
merge.AffyBatch html
mva.pairs html
normalize-methods html
normalize.constant html
normalize.contrast html
normalize.invariantset html
normalize.loess html
normalize.qspline html
normalize.quantiles html
normalize.quantiles.robust html
pairs.AffyBatch html
plot.ProbeSet html
plot.density html
plotLocation html
pmcorrect html
ppsetApply html
probeMatch-methods html
probeNames-methods html
read.affybatch html
read.probematrix html
rma html
setAffyOptions html
summary html
tukey.biweight html
whatcdf html
xy2indices html
** building package indices
** installing vignettes
** testing if installed package can be loaded from temporary location
** testing if installed package can be loaded from final location
** testing if installed package keeps a record of temporary installation path
install for x64
* installing *source* package 'affy' ...
**********************************************
WARNING: this package has a configure script
It probably needs manual configuration
**********************************************
** libs
C:/Rtools/mingw_64/bin/gcc -I"C:/Users/biocbuild/bbs-3.10-bioc/R/library/zlibbioc/include" -I"C:/Users/BIOCBU~1/BBS-3~1.10-/R/include" -DNDEBUG -DHAVE_ZLIB -I"C:/Users/biocbuild/bbs-3.10-bioc/R/library/preprocessCore/include" -I"C:/extsoft/include" -O2 -Wall -std=gnu99 -mtune=core2 -c chipbackground.c -o chipbackground.o
C:/Rtools/mingw_64/bin/gcc -I"C:/Users/biocbuild/bbs-3.10-bioc/R/library/zlibbioc/include" -I"C:/Users/BIOCBU~1/BBS-3~1.10-/R/include" -DNDEBUG -DHAVE_ZLIB -I"C:/Users/biocbuild/bbs-3.10-bioc/R/library/preprocessCore/include" -I"C:/extsoft/include" -O2 -Wall -std=gnu99 -mtune=core2 -c getall_locations.c -o getall_locations.o
C:/Rtools/mingw_64/bin/gcc -I"C:/Users/biocbuild/bbs-3.10-bioc/R/library/zlibbioc/include" -I"C:/Users/BIOCBU~1/BBS-3~1.10-/R/include" -DNDEBUG -DHAVE_ZLIB -I"C:/Users/biocbuild/bbs-3.10-bioc/R/library/preprocessCore/include" -I"C:/extsoft/include" -O2 -Wall -std=gnu99 -mtune=core2 -c mas5calls.c -o mas5calls.o
C:/Rtools/mingw_64/bin/gcc -I"C:/Users/biocbuild/bbs-3.10-bioc/R/library/zlibbioc/include" -I"C:/Users/BIOCBU~1/BBS-3~1.10-/R/include" -DNDEBUG -DHAVE_ZLIB -I"C:/Users/biocbuild/bbs-3.10-bioc/R/library/preprocessCore/include" -I"C:/extsoft/include" -O2 -Wall -std=gnu99 -mtune=core2 -c rma2.c -o rma2.o
C:/Rtools/mingw_64/bin/gcc -I"C:/Users/biocbuild/bbs-3.10-bioc/R/library/zlibbioc/include" -I"C:/Users/BIOCBU~1/BBS-3~1.10-/R/include" -DNDEBUG -DHAVE_ZLIB -I"C:/Users/biocbuild/bbs-3.10-bioc/R/library/preprocessCore/include" -I"C:/extsoft/include" -O2 -Wall -std=gnu99 -mtune=core2 -c rma_common.c -o rma_common.o
C:/Rtools/mingw_64/bin/gcc -shared -s -static-libgcc -o affy.dll tmp.def chipbackground.o getall_locations.o mas5calls.o rma2.o rma_common.o -LC:/Users/biocbuild/bbs-3.10-bioc/R/library/zlibbioc/libs/x64 -lzlib1bioc -LC:/extsoft/lib/x64 -LC:/extsoft/lib -LC:/Users/BIOCBU~1/BBS-3~1.10-/R/bin/x64 -lR
installing to C:/Users/biocbuild/bbs-3.10-bioc/meat/affy.buildbin-libdir/affy/libs/x64
** testing if installed package can be loaded
* MD5 sums
packaged installation of 'affy' as affy_1.64.0.zip
* DONE (affy)
* installing to library 'C:/Users/biocbuild/bbs-3.10-bioc/R/library'
package 'affy' successfully unpacked and MD5 sums checked
|
affy.Rcheck/examples_i386/affy-Ex.timings
|
affy.Rcheck/examples_x64/affy-Ex.timings
|