| Back to Multiple platform build/check report for BioC 3.10 |
|
This page was generated on 2020-04-15 12:43:19 -0400 (Wed, 15 Apr 2020).
| Package 1642/1823 | Hostname | OS / Arch | INSTALL | BUILD | CHECK | BUILD BIN | ||||||
| SpidermiR 1.16.2 Claudia Cava
| malbec1 | Linux (Ubuntu 18.04.4 LTS) / x86_64 | OK | OK | WARNINGS | |||||||
| tokay1 | Windows Server 2012 R2 Standard / x64 | OK | OK | WARNINGS | OK | |||||||
| merida1 | OS X 10.11.6 El Capitan / x86_64 | OK | OK | [ WARNINGS ] | OK |
| Package: SpidermiR |
| Version: 1.16.2 |
| Command: /Library/Frameworks/R.framework/Versions/Current/Resources/bin/R CMD check --install=check:SpidermiR.install-out.txt --library=/Library/Frameworks/R.framework/Versions/Current/Resources/library --no-vignettes --timings SpidermiR_1.16.2.tar.gz |
| StartedAt: 2020-04-15 05:53:38 -0400 (Wed, 15 Apr 2020) |
| EndedAt: 2020-04-15 05:59:11 -0400 (Wed, 15 Apr 2020) |
| EllapsedTime: 333.4 seconds |
| RetCode: 0 |
| Status: WARNINGS |
| CheckDir: SpidermiR.Rcheck |
| Warnings: 1 |
##############################################################################
##############################################################################
###
### Running command:
###
### /Library/Frameworks/R.framework/Versions/Current/Resources/bin/R CMD check --install=check:SpidermiR.install-out.txt --library=/Library/Frameworks/R.framework/Versions/Current/Resources/library --no-vignettes --timings SpidermiR_1.16.2.tar.gz
###
##############################################################################
##############################################################################
* using log directory ‘/Users/biocbuild/bbs-3.10-bioc/meat/SpidermiR.Rcheck’
* using R version 3.6.3 (2020-02-29)
* using platform: x86_64-apple-darwin15.6.0 (64-bit)
* using session charset: UTF-8
* using option ‘--no-vignettes’
* checking for file ‘SpidermiR/DESCRIPTION’ ... OK
* checking extension type ... Package
* this is package ‘SpidermiR’ version ‘1.16.2’
* checking package namespace information ... OK
* checking package dependencies ... OK
* checking if this is a source package ... OK
* checking if there is a namespace ... OK
* checking for hidden files and directories ... OK
* checking for portable file names ... OK
* checking for sufficient/correct file permissions ... OK
* checking whether package ‘SpidermiR’ can be installed ... WARNING
Found the following significant warnings:
Note: possible error in 'simpleNetwork(NetworkData, ': unused argument (textColour = "black")
See ‘/Users/biocbuild/bbs-3.10-bioc/meat/SpidermiR.Rcheck/00install.out’ for details.
Information on the location(s) of code generating the ‘Note’s can be
obtained by re-running with environment variable R_KEEP_PKG_SOURCE set
to ‘yes’.
* checking installed package size ... OK
* checking package directory ... OK
* checking ‘build’ directory ... OK
* checking DESCRIPTION meta-information ... OK
* checking top-level files ... OK
* checking for left-over files ... OK
* checking index information ... OK
* checking package subdirectories ... OK
* checking R files for non-ASCII characters ... OK
* checking R files for syntax errors ... OK
* checking whether the package can be loaded ... OK
* checking whether the package can be loaded with stated dependencies ... OK
* checking whether the package can be unloaded cleanly ... OK
* checking whether the namespace can be loaded with stated dependencies ... OK
* checking whether the namespace can be unloaded cleanly ... OK
* checking dependencies in R code ... NOTE
Namespace in Imports field not imported from: ‘TCGAbiolinks’
All declared Imports should be used.
* checking S3 generic/method consistency ... OK
* checking replacement functions ... OK
* checking foreign function calls ... OK
* checking R code for possible problems ... NOTE
.SpidermiRvisualize_gene: possible error in simpleNetwork(NetworkData,
linkColour = "gray", textColour = "black", zoom = TRUE): unused
argument (textColour = "black")
SpidermiRdownload_pharmacomir: no visible binding for global variable
‘drug_gene’
SpidermiRvisualize_plot_target: no visible binding for global variable
‘miRNAs’
SpidermiRvisualize_plot_target: no visible binding for global variable
‘mRNA_target’
Undefined global functions or variables:
drug_gene mRNA_target miRNAs
* checking Rd files ... OK
* checking Rd metadata ... OK
* checking Rd cross-references ... OK
* checking for missing documentation entries ... OK
* checking for code/documentation mismatches ... OK
* checking Rd \usage sections ... OK
* checking Rd contents ... OK
* checking for unstated dependencies in examples ... OK
* checking files in ‘vignettes’ ... OK
* checking examples ... OK
Examples with CPU or elapsed time > 5s
user system elapsed
SpidermiRdownload_pharmacomir 12.468 0.513 17.270
SpidermiRdownload_miRNAvalidate 11.632 0.512 17.169
SpidermiRdownload_miRNAprediction 5.694 1.807 11.972
SpidermiRdownload_miRNAprediction_mmu 3.734 0.967 7.354
SpidermiRquery_disease 0.936 0.036 10.319
* checking for unstated dependencies in vignettes ... OK
* checking package vignettes in ‘inst/doc’ ... OK
* checking running R code from vignettes ... SKIPPED
* checking re-building of vignette outputs ... SKIPPED
* checking PDF version of manual ... OK
* DONE
Status: 1 WARNING, 2 NOTEs
See
‘/Users/biocbuild/bbs-3.10-bioc/meat/SpidermiR.Rcheck/00check.log’
for details.
SpidermiR.Rcheck/00install.out
############################################################################## ############################################################################## ### ### Running command: ### ### /Library/Frameworks/R.framework/Versions/Current/Resources/bin/R CMD INSTALL SpidermiR ### ############################################################################## ############################################################################## * installing to library ‘/Library/Frameworks/R.framework/Versions/3.6/Resources/library’ * installing *source* package ‘SpidermiR’ ... ** using staged installation ** R ** inst ** byte-compile and prepare package for lazy loading Note: possible error in 'simpleNetwork(NetworkData, ': unused argument (textColour = "black") ** help *** installing help indices ** building package indices ** installing vignettes ** testing if installed package can be loaded from temporary location ** testing if installed package can be loaded from final location ** testing if installed package keeps a record of temporary installation path * DONE (SpidermiR)
SpidermiR.Rcheck/SpidermiR-Ex.timings
| name | user | system | elapsed | |
| SpidermiRanalyze_Community_detection | 0.013 | 0.002 | 0.015 | |
| SpidermiRanalyze_Community_detection_bi | 0.283 | 0.012 | 0.297 | |
| SpidermiRanalyze_Community_detection_net | 0.009 | 0.001 | 0.009 | |
| SpidermiRanalyze_degree_centrality | 0.002 | 0.000 | 0.002 | |
| SpidermiRanalyze_direct_net | 0.003 | 0.000 | 0.003 | |
| SpidermiRanalyze_direct_subnetwork | 0.004 | 0.000 | 0.004 | |
| SpidermiRanalyze_subnetwork_neigh | 0.004 | 0.001 | 0.003 | |
| SpidermiRdownload_drug_gene | 0.509 | 0.026 | 1.793 | |
| SpidermiRdownload_miRNAextra_cir | 0.117 | 0.009 | 2.113 | |
| SpidermiRdownload_miRNAprediction | 5.694 | 1.807 | 11.972 | |
| SpidermiRdownload_miRNAprediction_mmu | 3.734 | 0.967 | 7.354 | |
| SpidermiRdownload_miRNAvalidate | 11.632 | 0.512 | 17.169 | |
| SpidermiRdownload_net | 0.285 | 0.015 | 1.186 | |
| SpidermiRdownload_pharmacomir | 12.468 | 0.513 | 17.270 | |
| SpidermiRprepare_NET | 0.783 | 0.058 | 1.893 | |
| SpidermiRquery_disease | 0.936 | 0.036 | 10.319 | |
| SpidermiRquery_networks_type | 0.018 | 0.001 | 0.456 | |
| SpidermiRquery_spec_networks | 0.070 | 0.000 | 0.306 | |
| SpidermiRquery_species | 0.014 | 0.001 | 0.183 | |
| SpidermiRvisualize_3Dbarplot | 0.125 | 0.002 | 0.128 | |
| SpidermiRvisualize_BI | 0.157 | 0.012 | 0.171 | |
| SpidermiRvisualize_adj_matrix | 0.083 | 0.004 | 0.086 | |
| SpidermiRvisualize_degree_dist | 0.012 | 0.001 | 0.014 | |
| SpidermiRvisualize_direction | 0.040 | 0.010 | 0.051 | |
| SpidermiRvisualize_mirnanet | 0.033 | 0.004 | 0.036 | |
| SpidermiRvisualize_plot_target | 0.293 | 0.010 | 0.303 | |