| Back to Multiple platform build/check report for BioC 3.10 |
|
This page was generated on 2020-04-15 12:21:03 -0400 (Wed, 15 Apr 2020).
| Package 1378/1823 | Hostname | OS / Arch | INSTALL | BUILD | CHECK | BUILD BIN | ||||||
| Rcade 1.28.0 Jonathan Cairns
| malbec1 | Linux (Ubuntu 18.04.4 LTS) / x86_64 | OK | OK | OK | |||||||
| tokay1 | Windows Server 2012 R2 Standard / x64 | ERROR | OK | [ ERROR ] | ERROR | |||||||
| merida1 | OS X 10.11.6 El Capitan / x86_64 | OK | OK | WARNINGS | OK |
| Package: Rcade |
| Version: 1.28.0 |
| Command: C:\Users\biocbuild\bbs-3.10-bioc\R\bin\R.exe CMD check --force-multiarch --install=check:Rcade.install-out.txt --library=C:\Users\biocbuild\bbs-3.10-bioc\R\library --no-vignettes --timings Rcade_1.28.0.tar.gz |
| StartedAt: 2020-04-15 05:54:00 -0400 (Wed, 15 Apr 2020) |
| EndedAt: 2020-04-15 05:54:11 -0400 (Wed, 15 Apr 2020) |
| EllapsedTime: 11.0 seconds |
| RetCode: 1 |
| Status: ERROR |
| CheckDir: Rcade.Rcheck |
| Warnings: NA |
############################################################################## ############################################################################## ### ### Running command: ### ### C:\Users\biocbuild\bbs-3.10-bioc\R\bin\R.exe CMD check --force-multiarch --install=check:Rcade.install-out.txt --library=C:\Users\biocbuild\bbs-3.10-bioc\R\library --no-vignettes --timings Rcade_1.28.0.tar.gz ### ############################################################################## ############################################################################## * using log directory 'C:/Users/biocbuild/bbs-3.10-bioc/meat/Rcade.Rcheck' * using R version 3.6.3 (2020-02-29) * using platform: x86_64-w64-mingw32 (64-bit) * using session charset: ISO8859-1 * using option '--no-vignettes' * checking for file 'Rcade/DESCRIPTION' ... OK * this is package 'Rcade' version '1.28.0' * checking package namespace information ... OK * checking package dependencies ... OK * checking if this is a source package ... OK * checking if there is a namespace ... OK * checking for hidden files and directories ... NOTE Found the following hidden files and directories: .BBSoptions These were most likely included in error. See section 'Package structure' in the 'Writing R Extensions' manual. * checking for portable file names ... OK * checking whether package 'Rcade' can be installed ... ERROR Installation failed. See 'C:/Users/biocbuild/bbs-3.10-bioc/meat/Rcade.Rcheck/00install.out' for details. * DONE Status: 1 ERROR, 1 NOTE See 'C:/Users/biocbuild/bbs-3.10-bioc/meat/Rcade.Rcheck/00check.log' for details.
Rcade.Rcheck/00install.out
##############################################################################
##############################################################################
###
### Running command:
###
### C:\cygwin\bin\curl.exe -O https://malbec1.bioconductor.org/BBS/3.10/bioc/src/contrib/Rcade_1.28.0.tar.gz && rm -rf Rcade.buildbin-libdir && mkdir Rcade.buildbin-libdir && C:\Users\biocbuild\bbs-3.10-bioc\R\bin\R.exe CMD INSTALL --merge-multiarch --build --library=Rcade.buildbin-libdir Rcade_1.28.0.tar.gz && C:\Users\biocbuild\bbs-3.10-bioc\R\bin\R.exe CMD INSTALL Rcade_1.28.0.zip && rm Rcade_1.28.0.tar.gz Rcade_1.28.0.zip
###
##############################################################################
##############################################################################
% Total % Received % Xferd Average Speed Time Time Time Current
Dload Upload Total Spent Left Speed
0 0 0 0 0 0 0 0 --:--:-- --:--:-- --:--:-- 0
0 1605k 0 16384 0 0 359k 0 0:00:04 --:--:-- 0:00:04 380k
100 1605k 100 1605k 0 0 14.2M 0 --:--:-- --:--:-- --:--:-- 14.6M
install for i386
* installing *source* package 'Rcade' ...
** using staged installation
** R
** data
** inst
** byte-compile and prepare package for lazy loading
Error in library.dynam(dynlib, pkg, lib) :
DLL 'rgl' not found: maybe not installed for this architecture?
Error: .onLoad failed in loadNamespace() for 'rgl', details:
call: NULL
error: Loading rgl's DLL failed.
Execution halted
ERROR: lazy loading failed for package 'Rcade'
* removing 'C:/Users/biocbuild/bbs-3.10-bioc/meat/Rcade.buildbin-libdir/Rcade'