| Back to Multiple platform build/check report for BioC 3.10 | 
 | 
This page was generated on 2020-04-15 12:46:44 -0400 (Wed, 15 Apr 2020).
| Package 130/1823 | Hostname | OS / Arch | INSTALL | BUILD | CHECK | BUILD BIN | ||||||
| BEARscc 1.6.0 Benjamin Schuster-Boeckler 
 | malbec1 | Linux (Ubuntu 18.04.4 LTS) / x86_64 | OK | OK | WARNINGS |  | ||||||
| tokay1 | Windows Server 2012 R2 Standard / x64 | OK | OK | WARNINGS | OK |  | ||||||
| merida1 | OS X 10.11.6 El Capitan / x86_64 | OK | OK | [ WARNINGS ] | OK |  | 
| Package: BEARscc | 
| Version: 1.6.0 | 
| Command: /Library/Frameworks/R.framework/Versions/Current/Resources/bin/R CMD check --install=check:BEARscc.install-out.txt --library=/Library/Frameworks/R.framework/Versions/Current/Resources/library --no-vignettes --timings BEARscc_1.6.0.tar.gz | 
| StartedAt: 2020-04-15 00:37:48 -0400 (Wed, 15 Apr 2020) | 
| EndedAt: 2020-04-15 00:42:16 -0400 (Wed, 15 Apr 2020) | 
| EllapsedTime: 268.1 seconds | 
| RetCode: 0 | 
| Status: WARNINGS | 
| CheckDir: BEARscc.Rcheck | 
| Warnings: 2 | 
##############################################################################
##############################################################################
###
### Running command:
###
###   /Library/Frameworks/R.framework/Versions/Current/Resources/bin/R CMD check --install=check:BEARscc.install-out.txt --library=/Library/Frameworks/R.framework/Versions/Current/Resources/library --no-vignettes --timings BEARscc_1.6.0.tar.gz
###
##############################################################################
##############################################################################
* using log directory ‘/Users/biocbuild/bbs-3.10-bioc/meat/BEARscc.Rcheck’
* using R version 3.6.3 (2020-02-29)
* using platform: x86_64-apple-darwin15.6.0 (64-bit)
* using session charset: UTF-8
* using option ‘--no-vignettes’
* checking for file ‘BEARscc/DESCRIPTION’ ... OK
* checking extension type ... Package
* this is package ‘BEARscc’ version ‘1.6.0’
* checking package namespace information ... OK
* checking package dependencies ... OK
* checking if this is a source package ... OK
* checking if there is a namespace ... OK
* checking for hidden files and directories ... OK
* checking for portable file names ... OK
* checking for sufficient/correct file permissions ... OK
* checking whether package ‘BEARscc’ can be installed ... OK
* checking installed package size ... OK
* checking package directory ... OK
* checking ‘build’ directory ... OK
* checking DESCRIPTION meta-information ... OK
* checking top-level files ... OK
* checking for left-over files ... OK
* checking index information ... OK
* checking package subdirectories ... OK
* checking R files for non-ASCII characters ... OK
* checking R files for syntax errors ... OK
* checking whether the package can be loaded ... OK
* checking whether the package can be loaded with stated dependencies ... OK
* checking whether the package can be unloaded cleanly ... OK
* checking whether the namespace can be loaded with stated dependencies ... OK
* checking whether the namespace can be unloaded cleanly ... OK
* checking dependencies in R code ... OK
* checking S3 generic/method consistency ... OK
* checking replacement functions ... OK
* checking foreign function calls ... OK
* checking R code for possible problems ... OK
* checking Rd files ... OK
* checking Rd metadata ... OK
* checking Rd cross-references ... OK
* checking for missing documentation entries ... OK
* checking for code/documentation mismatches ... OK
* checking Rd \usage sections ... OK
* checking Rd contents ... OK
* checking for unstated dependencies in examples ... OK
* checking contents of ‘data’ directory ... WARNING
Object named ‘.Random.seed’ found in datasets:
  ‘BEARscc_examples’ ‘analysis_examples’
Please remove it.
* checking data for non-ASCII characters ... OK
* checking data for ASCII and uncompressed saves ... OK
* checking sizes of PDF files under ‘inst/doc’ ... OK
* checking files in ‘vignettes’ ... OK
* checking examples ... WARNING
Found the following significant warnings:
  Warning: 'isSpike' is deprecated.
  Warning: 'isSpike' is deprecated.
Deprecated functions may be defunct as soon as of the next release of
R.
See ?Deprecated.
Examples with CPU or elapsed time > 5s
                           user system elapsed
estimate_noiseparameters 68.161 42.160  17.584
simulate_replicates      13.021  6.353   5.773
report_cell_metrics       4.664  1.774   0.871
* checking for unstated dependencies in ‘tests’ ... OK
* checking tests ...
  Running ‘testthat.R’
 OK
* checking for unstated dependencies in vignettes ... OK
* checking package vignettes in ‘inst/doc’ ... OK
* checking running R code from vignettes ... SKIPPED
* checking re-building of vignette outputs ... SKIPPED
* checking PDF version of manual ... OK
* DONE
Status: 2 WARNINGs
See
  ‘/Users/biocbuild/bbs-3.10-bioc/meat/BEARscc.Rcheck/00check.log’
for details.
BEARscc.Rcheck/00install.out
############################################################################## ############################################################################## ### ### Running command: ### ### /Library/Frameworks/R.framework/Versions/Current/Resources/bin/R CMD INSTALL BEARscc ### ############################################################################## ############################################################################## * installing to library ‘/Library/Frameworks/R.framework/Versions/3.6/Resources/library’ * installing *source* package ‘BEARscc’ ... ** using staged installation ** R ** data ** inst ** byte-compile and prepare package for lazy loading ** help *** installing help indices ** building package indices ** installing vignettes ** testing if installed package can be loaded from temporary location ** testing if installed package can be loaded from final location ** testing if installed package keeps a record of temporary installation path * DONE (BEARscc)
BEARscc.Rcheck/tests/testthat.Rout
R version 3.6.3 (2020-02-29) -- "Holding the Windsock"
Copyright (C) 2020 The R Foundation for Statistical Computing
Platform: x86_64-apple-darwin15.6.0 (64-bit)
R is free software and comes with ABSOLUTELY NO WARRANTY.
You are welcome to redistribute it under certain conditions.
Type 'license()' or 'licence()' for distribution details.
R is a collaborative project with many contributors.
Type 'contributors()' for more information and
'citation()' on how to cite R or R packages in publications.
Type 'demo()' for some demos, 'help()' for on-line help, or
'help.start()' for an HTML browser interface to help.
Type 'q()' to quit R.
> library(testthat)
> library(BEARscc)
> 
> test_check("BEARscc")
[1] "Running BEARscc on example data to test for correct installation."
[1] "Fitting parameter alpha to establish spike-in derived noise model."
[1] "Estimating error for spike-ins with alpha = 0"
[1] "Estimating error for spike-ins with alpha = 0.25"
[1] "Estimating error for spike-ins with alpha = 0.5"
[1] "Estimating error for spike-ins with alpha = 0.75"
[1] "Estimating error for spike-ins with alpha = 1"
[1] "There are adequate spike-in drop-outs to build the drop-out model. Estimating the drop-out model now."
[1] "Injecting noise for testing..."
[1] "Creating a simulated replicated counts matrix: 1."
[1] "Creating a simulated replicated counts matrix: 2."
[1] "Creating a simulated replicated counts matrix: 3."
[1] "Creating consensus matrix for testing..."
[1] "Computing cluster and cell metrics for testing..."
══ testthat results  ═══════════════════════════════════════════════════════════
[ OK: 25 | SKIPPED: 0 | WARNINGS: 14 | FAILED: 0 ]
> 
> proc.time()
   user  system elapsed 
 60.042  40.764  27.560 
BEARscc.Rcheck/BEARscc-Ex.timings
| name | user | system | elapsed | |
| BEARscc_examples | 0.013 | 0.001 | 0.015 | |
| analysis_examples | 0.033 | 0.002 | 0.036 | |
| cluster_consensus | 0.023 | 0.003 | 0.026 | |
| compute_consensus | 0.094 | 0.017 | 0.111 | |
| estimate_noiseparameters | 68.161 | 42.160 | 17.584 | |
| report_cell_metrics | 4.664 | 1.774 | 0.871 | |
| report_cluster_metrics | 1.934 | 0.765 | 1.197 | |
| simulate_replicates | 13.021 | 6.353 | 5.773 | |