RTools4TB 1.9.0 Aurelie Bergon
 | Snapshot Date: 2011-07-06 19:21:50 -0700 (Wed, 06 Jul 2011) |  | URL: https://hedgehog.fhcrc.org/bioconductor/trunk/madman/Rpacks/RTools4TB |  | Last Changed Rev: 54802 / Revision: 56603 |  | Last Changed Date: 2011-04-13 15:36:43 -0700 (Wed, 13 Apr 2011) |  
  | wilson2  | Linux (openSUSE 11.4) / x86_64  | [ ERROR ] |  skipped  |  | 
| liverpool  | Windows Server 2003 R2 (32-bit) / x64  |  ERROR  |  skipped  |  skipped  | 
| gewurz  | Windows Server 2008 R2 Enterprise (64-bit) / x64  |  ERROR  |  skipped  |  skipped  | 
| moscato1  | Windows Server 2008 R2 Enterprise (64-bit) / x64  |  ERROR  |  skipped  |  skipped  | 
| pitt  | Mac OS X Leopard (10.5.8) / i386  |  ERROR  |  skipped  |  skipped  | 
* checking for file ‘RTools4TB/DESCRIPTION’ ... OK
* preparing ‘RTools4TB’:
* checking DESCRIPTION meta-information ... OK
* cleaning src
* installing the package to re-build vignettes
* creating vignettes ... ERROR
Loading required package: Biobase
Welcome to Bioconductor
  Vignettes contain introductory material. To view, type
  ‘browseVignettes()’. To cite Bioconductor, see
  ‘citation("Biobase")’ and for packages ‘citation("pkgname")’.
Loading required package: limma
Error: processing vignette ‘RTools4TB.Rnw’ failed with diagnostics:
 chunk 8 
Error in names(x) <- value : 
  ‘names’ attribute [2] must be the same length as the vector [1]
Execution halted