BioSeqClass 1.11.0 Li Hong
 | Snapshot Date: 2011-06-21 19:21:48 -0700 (Tue, 21 Jun 2011) |  | URL: https://hedgehog.fhcrc.org/bioconductor/trunk/madman/Rpacks/BioSeqClass |  | Last Changed Rev: 56090 / Revision: 56351 |  | Last Changed Date: 2011-06-09 17:02:42 -0700 (Thu, 09 Jun 2011) |  
  | wilson2  | Linux (openSUSE 11.4) / x86_64  |  ERROR  |  skipped  |  | 
| liverpool  | Windows Server 2003 R2 (32-bit) / x64  |  ERROR  |  skipped  |  skipped  | 
| gewurz  | Windows Server 2008 R2 Enterprise (64-bit) / x64  |  ERROR  |  skipped  |  skipped  | 
| moscato1  | Windows Server 2008 R2 Enterprise (64-bit) / x64  |  ERROR  |  skipped  |  skipped  | 
| pelham  | Mac OS X Leopard (10.5.8) / i386  | [ ERROR ] |  skipped  |  skipped  | 
* checking for file ‘BioSeqClass/DESCRIPTION’ ... OK
* preparing ‘BioSeqClass’:
* checking DESCRIPTION meta-information ... OK
* installing the package to re-build vignettes
* creating vignettes ... ERROR
Loading required package: rpart
Loading required package: MASS
Loading required package: mlbench
Loading required package: survival
Loading required package: splines
Loading required package: class
Loading required package: nnet
Loading required package: mvtnorm
Loading required package: modeltools
Loading required package: stats4
Error in texi2dvi(file = bft, pdf = TRUE, clean = FALSE, quiet = quiet) : 
  Running ‘texi2dvi’ on ‘BioSeqClass.tex’ failed.
Messages:
/usr/bin/texi2dvi: pdflatex exited with bad status, quitting.
/usr/bin/texi2dvi: see BioSeqClass.log for errors.
Calls: <Anonymous> -> texi2dvi
Execution halted