| Back to the "Multiple platform build/check report" | A B C D E F G H I J K L M N O P Q [R] S T U V W X Y Z | 
| Package 339/436 | Hostname | OS / Arch | BUILD | CHECK | BUILD BIN | ||||
| RCytoscape 1.1.46 Paul Shannon 
 | lamb2 | Linux (openSUSE 11.2) / x86_64 | OK | WARNINGS | |||||
| liverpool | Windows Server 2003 R2 (32-bit) / x64 | OK | [ WARNINGS ] | OK | |||||
| gewurz | Windows Server 2008 R2 Enterprise (64-bit) / x64 | OK | WARNINGS | OK | |||||
| pelham | Mac OS X Leopard (10.5.8) / i386 | OK | WARNINGS | OK | |||||
| petty | Mac OS X Snow Leopard (10.6.4) / i386 | OK | WARNINGS | OK | 
| Package: RCytoscape | 
| Version: 1.1.46 | 
| Command: E:\biocbld\bbs-2.8-bioc\R\bin\R.exe CMD check --no-vignettes --timings RCytoscape_1.1.46.tar.gz | 
| StartedAt: 2011-02-24 19:29:32 -0800 (Thu, 24 Feb 2011) | 
| EndedAt: 2011-02-24 19:51:19 -0800 (Thu, 24 Feb 2011) | 
| EllapsedTime: 1306.9 seconds | 
| RetCode: 0 | 
| Status: WARNINGS | 
| CheckDir: RCytoscape.Rcheck | 
| Warnings: 1 | 
* using log directory 'E:/biocbld/bbs-2.8-bioc/meat/RCytoscape.Rcheck' * using R version 2.13.0 Under development (unstable) (2011-01-10 r53950) * using platform: i386-pc-mingw32 (32-bit) * using session charset: ISO8859-1 * using option '--no-vignettes' * checking for file 'RCytoscape/DESCRIPTION' ... OK * checking extension type ... Package * this is package 'RCytoscape' version '1.1.46' * checking package name space information ... OK * checking package dependencies ... OK * checking if this is a source package ... OK * checking whether package 'RCytoscape' can be installed ... OK * checking package directory ... OK * checking for portable file names ... OK * checking DESCRIPTION meta-information ... OK * checking top-level files ... OK * checking index information ... OK * checking package subdirectories ... WARNING Subdirectory 'data' contains no data sets. * checking R files for non-ASCII characters ... OK * checking R files for syntax errors ... OK * checking whether the package can be loaded ... OK * checking whether the package can be loaded with stated dependencies ... OK * checking whether the package can be unloaded cleanly ... OK * checking whether the name space can be loaded with stated dependencies ... OK * checking whether the name space can be unloaded cleanly ... OK * checking for unstated dependencies in R code ... OK * checking S3 generic/method consistency ... OK * checking replacement functions ... OK * checking foreign function calls ... OK * checking R code for possible problems ... OK * checking Rd files ... OK * checking Rd metadata ... OK * checking Rd cross-references ... OK * checking for missing documentation entries ... OK * checking for code/documentation mismatches ... OK * checking Rd \usage sections ... OK * checking Rd contents ... OK * checking for unstated dependencies in examples ... OK * checking data for non-ASCII characters ... OK * checking examples ... OK * checking for unstated dependencies in tests ... OK * checking tests ... Running 'RCytoscape_unit_tests.R' OK * checking package vignettes in 'inst/doc' ... SKIPPED * checking PDF version of manual ... OK WARNING: There was 1 warning, see 'E:/biocbld/bbs-2.8-bioc/meat/RCytoscape.Rcheck/00check.log' for details
RCytoscape.Rcheck/00install.out:
* installing *source* package 'RCytoscape' ... ** R ** data ** inst ** preparing package for lazy loading ** help *** installing help indices ** building package indices ... ** testing if installed package can be loaded * DONE (RCytoscape)
RCytoscape.Rcheck/RCytoscape-Ex.timings:
| name | user | system | elapsed | |
| CytoscapeConnection | 0.19 | 0.03 | 0.48 | |
| CytoscapeConnectionClass-class | 0 | 0 | 0 | |
| CytoscapeWindow | 0.04 | 0.01 | 0.11 | |
| CytoscapeWindowClass-class | 0.08 | 0.00 | 0.16 | |
| addCyEdge | 0.31 | 0.05 | 6.82 | |
| addCyNode | 0.24 | 0.02 | 6.78 | |
| addGraphToGraph | 0.42 | 0.01 | 9.22 | |
| clearMsg | 0.02 | 0.00 | 0.02 | |
| clearSelection | 0.21 | 0.02 | 6.55 | |
| copyVisualStyle | 0.25 | 0.00 | 7.20 | |
| cy.sfn | 0.27 | 0.00 | 6.78 | |
| cy2.edge.names | 0.02 | 0.00 | 0.02 | |
| deleteEdgeAttribute | 0.28 | 0.00 | 6.73 | |
| deleteNodeAttribute | 0.32 | 0.00 | 6.72 | |
| destroyAllWindows | 0.16 | 0.00 | 0.45 | |
| destroyWindow | 0.08 | 0.00 | 0.14 | |
| displayGraph | 0.22 | 0.01 | 6.61 | |
| dockPanel | 0.00 | 0.00 | 0.03 | |
| eda | 0.01 | 0.00 | 0.02 | |
| eda.names | 0.02 | 0.00 | 0.01 | |
| existing.CytoscapeWindow | 0.86 | 0.11 | 7.66 | |
| firstNeighbors | 0.06 | 0.00 | 0.13 | |
| floatPanel | 0.00 | 0.00 | 0.07 | |
| getAllEdgeAttributes | 0.25 | 0.02 | 6.63 | |
| getAllEdges | 0.06 | 0.00 | 0.11 | |
| getAllNodeAttributes | 0.22 | 0.05 | 6.61 | |
| getAllNodes | 0.05 | 0.00 | 0.17 | |
| getArrowShapes | 0.01 | 0.00 | 0.02 | |
| getAttributeClassNames | 0 | 0 | 0 | |
| getDefaultBackgroundColor | 0.02 | 0.00 | 0.02 | |
| getDefaultEdgeReverseSelectionColor | 0.00 | 0.00 | 0.01 | |
| getDefaultEdgeSelectionColor | 0.00 | 0.00 | 0.02 | |
| getDefaultNodeReverseSelectionColor | 0.03 | 0.00 | 0.03 | |
| getDefaultNodeSelectionColor | 0.01 | 0.00 | 0.03 | |
| getDirectlyModifiableVisualProperties | 0.02 | 0.00 | 0.03 | |
| getEdgeAttribute | 0.26 | 0.00 | 6.69 | |
| getEdgeAttributeNames | 0.02 | 0.00 | 0.01 | |
| getEdgeCount | 0.27 | 0.00 | 6.68 | |
| getGraph | 0.09 | 0.00 | 0.15 | |
| getGraphFromCyWindow | 0.94 | 0.06 | 7.99 | |
| getLayoutNames | 0.00 | 0.00 | 0.01 | |
| getLineStyles | 0.03 | 0.00 | 0.03 | |
| getNodeAttribute | 0.26 | 0.00 | 6.74 | |
| getNodeAttributeNames | 0.00 | 0.00 | 0.03 | |
| getNodeCount | 0.33 | 0.00 | 6.75 | |
| getNodeShapes | 0.02 | 0.00 | 0.02 | |
| getPosition | 0.28 | 0.00 | 6.73 | |
| getSelectedEdgeCount | 0.39 | 0.00 | 6.73 | |
| getSelectedEdges | 0.30 | 0.00 | 6.69 | |
| getSelectedNodeCount | 0.34 | 0.00 | 6.69 | |
| getSelectedNodes | 0.36 | 0.01 | 6.80 | |
| getVisualStyleNames | 0.00 | 0.00 | 0.03 | |
| getWindowCount | 0.26 | 0.00 | 0.39 | |
| getWindowID | 0.32 | 0.02 | 9.53 | |
| getWindowList | 0.06 | 0.00 | 0.12 | |
| hideAllPanels | 0.09 | 0.02 | 0.94 | |
| hideNodes | 0.14 | 0.00 | 0.30 | |
| hidePanel | 0.02 | 0.00 | 0.03 | |
| hideSelectedEdges | 0.16 | 0.00 | 0.87 | |
| hideSelectedNodes | 0.20 | 0.00 | 0.57 | |
| initEdgeAttribute | 0 | 0 | 0 | |
| initNodeAttribute | 0 | 0 | 0 | |
| invertEdgeSelection | 0.16 | 0.00 | 0.26 | |
| invertNodeSelection | 0.14 | 0.00 | 0.30 | |
| layout | 0.29 | 0.00 | 6.73 | |
| lockNodeDimensions | 0.33 | 0.01 | 6.83 | |
| makeRandomGraph | 0.02 | 0.00 | 0.02 | |
| makeSimpleGraph | 0.03 | 0.00 | 0.03 | |
| msg | 0.00 | 0.00 | 0.01 | |
| new.CytoscapeWindow | 0.11 | 0.00 | 0.19 | |
| noa | 0.01 | 0.00 | 0.02 | |
| noa.names | 0.02 | 0.00 | 0.01 | |
| ping | 0.01 | 0.00 | 0.02 | |
| raiseWindow | 0.14 | 0.00 | 0.22 | |
| redraw | 0.13 | 0.00 | 0.22 | |
| removeSelectedEdges | 0.16 | 0.00 | 0.29 | |
| removeSelectedNodes | 0.17 | 0.00 | 0.28 | |
| resizeWindow | 0.33 | 0.00 | 6.80 | |
| saveImage | 0.31 | 0.00 | 6.70 | |
| selectEdge | 0.40 | 0.00 | 6.83 | |
| selectEdges | 0.38 | 0.00 | 6.85 | |
| selectNodes | 0.19 | 0.03 | 0.32 | |
| sendEdgeAttributes | 0.22 | 0.02 | 4.30 | |
| sendEdgeAttributesDirect | 0.15 | 0.00 | 2.24 | |
| sendEdges | 0.16 | 0.01 | 2.26 | |
| sendNodeAttributes | 0.20 | 0.00 | 0.33 | |
| sendNodeAttributesDirect | 0.20 | 0.00 | 0.31 | |
| sendNodes | 0.16 | 0.02 | 0.24 | |
| setDefaultBackgroundColor | 0.02 | 0.00 | 0.03 | |
| setDefaultEdgeColor | 0.39 | 0.01 | 6.73 | |
| setDefaultEdgeLineWidth | 0.36 | 0.00 | 6.74 | |
| setDefaultEdgeReverseSelectionColor | 0.03 | 0.00 | 0.03 | |
| setDefaultEdgeSelectionColor | 0.00 | 0.00 | 0.01 | |
| setDefaultNodeBorderColor | 0.40 | 0.00 | 6.78 | |
| setDefaultNodeBorderWidth | 0.42 | 0.00 | 6.80 | |
| setDefaultNodeColor | 0.38 | 0.00 | 6.81 | |
| setDefaultNodeFontSize | 0.31 | 0.00 | 6.80 | |
| setDefaultNodeLabelColor | 0.36 | 0.00 | 6.81 | |
| setDefaultNodeReverseSelectionColor | 0.03 | 0.00 | 0.03 | |
| setDefaultNodeSelectionColor | 0.00 | 0.00 | 0.02 | |
| setDefaultNodeShape | 0.36 | 0.04 | 6.92 | |
| setDefaultNodeSize | 0.51 | 0.00 | 6.87 | |
| setEdgeColorRule | 0.27 | 0.00 | 6.61 | |
| setEdgeLabelRule | 0.39 | 0.00 | 6.74 | |
| setEdgeLineStyleRule | 0.22 | 0.00 | 2.29 | |
| setEdgeLineWidthRule | 0.39 | 0.00 | 8.72 | |
| setEdgeSourceArrowColorRule | 0.22 | 0.00 | 2.31 | |
| setEdgeSourceArrowRule | 0.22 | 0.00 | 2.32 | |
| setEdgeTargetArrowColorRule | 0.20 | 0.00 | 2.28 | |
| setEdgeTargetArrowRule | 0.24 | 0.00 | 2.31 | |
| setEdgeTooltipRule | 0.42 | 0.01 | 8.88 | |
| setGraph | 0.22 | 0.00 | 0.29 | |
| setNodeBorderColorRule | 0.28 | 0.00 | 4.36 | |
| setNodeBorderOpacityDirect | 0.39 | 0.00 | 7.08 | |
| setNodeBorderWidthRule | 0.37 | 0.02 | 8.92 | |
| setNodeColorDirect | 0.39 | 0.00 | 6.88 | |
| setNodeColorRule | 0.30 | 0.00 | 4.43 | |
| setNodeFillOpacityDirect | 0.41 | 0.01 | 6.90 | |
| setNodeHeightDirect | 0.40 | 0.00 | 7.07 | |
| setNodeLabelOpacityDirect | 0.53 | 0.00 | 6.94 | |
| setNodeLabelRule | 0.57 | 0.05 | 7.33 | |
| setNodeOpacityDirect | 0.43 | 0.00 | 6.97 | |
| setNodeShapeDirect | 0.49 | 0.03 | 6.92 | |
| setNodeShapeRule | 0.31 | 0.00 | 2.45 | |
| setNodeSizeDirect | 0.39 | 0.02 | 6.91 | |
| setNodeSizeRule | 0.49 | 0.03 | 10.97 | |
| setNodeTooltipRule | 0.50 | 0.00 | 12.84 | |
| setNodeWidthDirect | 0.50 | 0.01 | 6.88 | |
| setPosition | 0.50 | 0.00 | 8.82 | |
| setVisualStyle | 0.67 | 0.03 | 9.02 | |
| unhideAll | 0.53 | 0.00 | 6.92 | |
| unhideNodes | 0.41 | 0.05 | 1.81 | |
| version | 0.01 | 0.00 | 0.02 | |