| altcdfenvs 1.13.1 Laurent Gautier
 
 | Snapshot Date: 2007-12-11 00:09:07 -0800 (Tue, 11 Dec 2007) |  | URL: https://hedgehog.fhcrc.org/bioconductor/trunk/madman/Rpacks/altcdfenvs |  | Last Changed Rev: 28536 / Revision: 29143 |  | Last Changed Date: 2007-11-06 20:37:42 -0800 (Tue, 06 Nov 2007) | 
 | lamb1 | Linux (SUSE 10.1) / x86_64 | OK | WARNINGS |  | 
| wilson2 | Linux (openSUSE 10.3) / x86_64 | OK | WARNINGS |  | 
| wellington | Linux (openSUSE 10.3) / i686 | OK | WARNINGS |  | 
| liverpool | Windows Server 2003 R2 (32-bit) / x64 | OK | [ WARNINGS ] | OK | 
| lemming | Windows Server 2003 (32-bit) / x64 | OK | WARNINGS | OK | 
* checking for working latex ... OK
* using log directory 'E:/biocbld/bbs-2.2-bioc/meat/altcdfenvs.Rcheck'
* using R version 2.7.0 Under development (unstable) (2007-11-14 r43455)
* checking for file 'altcdfenvs/DESCRIPTION' ... OK
* this is package 'altcdfenvs' version '1.13.1'
* checking package dependencies ... OK
* checking if this is a source package ... OK
* checking whether package 'altcdfenvs' can be installed ... OK
* checking package directory ... OK
* checking for portable file names ... OK
* checking DESCRIPTION meta-information ... OK
* checking top-level files ... OK
* checking index information ... OK
* checking package subdirectories ... WARNING
Invalid citation information in 'inst/CITATION':
  unexpected symbol at
  1: The following
* checking R files for non-ASCII characters ... OK
* checking R files for syntax errors ... OK
* checking whether the package can be loaded ... OK
* checking whether the package can be loaded with stated dependencies ... OK
* checking for unstated dependencies in R code ... OK
* checking S3 generic/method consistency ... OK
* checking replacement functions ... OK
* checking foreign function calls ... OK
* checking R code for possible problems ... OK
* checking Rd files ... OK
* checking Rd cross-references ... OK
* checking for missing documentation entries ... OK
* checking for code/documentation mismatches ... OK
* checking Rd \usage sections ... OK
* checking data for non-ASCII characters ... OK
* creating altcdfenvs-Ex.R ... OK
* checking examples ... OK
* checking package vignettes in 'inst/doc' ... OK
* creating altcdfenvs-manual.tex ... OK
* checking altcdfenvs-manual.tex ... OK
WARNING: There was 1 warning, see
  E:/biocbld/bbs-2.2-bioc/meat/altcdfenvs.Rcheck/00check.log
for details
 
installing R.css in E:/biocbld/bbs-2.2-bioc/meat/altcdfenvs.Rcheck
---------- Making package altcdfenvs ------------
  adding build stamp to DESCRIPTION
  installing R files
  installing inst files
  installing data files
  preparing package altcdfenvs for lazy loading
Loading required package: Biobase
Loading required package: tools
Welcome to Bioconductor
  Vignettes contain introductory material. To view, type
  'openVignette()'. To cite Bioconductor, see
  'citation("Biobase")' and for packages 'citation(pkgname)'.
Loading required package: affy
Loading required package: affyio
Loading required package: preprocessCore
Loading required package: matchprobes
Loading required package: makecdfenv
Creating a new generic function for "plot" in "altcdfenvs"
  installing man source files
  installing indices
  not zipping data
  installing help
Note: removing empty section \details
Note: removing empty section \examples
Note: removing empty section \details
Note: removing empty section \examples
Note: removing empty section \details
Note: removing empty section \section{Warning}
Note: removing empty section \details
Note: removing empty section \section{Warning}
Note: removing empty section \examples
Note: removing empty section \examples
Note: removing empty section \value
Note: removing empty section \value
 >>> Building/Updating help pages for package 'altcdfenvs'
     Formats: text html latex example chm 
  CdfEnvAffy-class                  text    html    latex   example chm
  appendCdfEnvAffy                  text    html    latex   example chm
  cdfenv                            text    html    latex   example chm
  cdfenvEx                          text    html    latex   example chm
  copyCdfEnvAffy                    text    html    latex           chm
  countduplicated                   text    html    latex           chm
  geneNames                         text    html    latex           chm
  getxy.probeseq                    text    html    latex   example chm
  index2xy                          text    html    latex   example chm
  indexProbes.CdfEnvAffy            text    html    latex           chm
  plot.CdfEnvAffy                   text    html    latex   example chm
  removeIndex                       text    html    latex   example chm
  unique.CdfEnvAffy                 text    html    latex   example chm
  utils.FASTA                       text    html    latex   example chm
  validAffyBatch                    text    html    latex   example chm
Microsoft HTML Help Compiler 4.74.8702
Compiling e:\biocbld\bbs-2.2-bioc\meat\altcdfenvs.Rcheck\00_pkg_src\altcdfenvs\chm\altcdfenvs.chm
Compile time: 0 minutes, 0 seconds
16	Topics
66	Local links
0	Internet links
1	Graphic
Created e:\biocbld\bbs-2.2-bioc\meat\altcdfenvs.Rcheck\00_pkg_src\altcdfenvs\chm\altcdfenvs.chm, 31,877 bytes
Compression decreased file by 25,325 bytes.
  adding MD5 sums
* DONE (altcdfenvs)