PADOG 1.2.0 Adi Laurentiu Tarca
 | Snapshot Date: 2013-10-08 17:00:48 -0700 (Tue, 08 Oct 2013) |  | URL: https://hedgehog.fhcrc.org/bioconductor/branches/RELEASE_2_12/madman/Rpacks/PADOG |  | Last Changed Rev: 75263 / Revision: 81334 |  | Last Changed Date: 2013-04-03 14:32:27 -0700 (Wed, 03 Apr 2013) |  
  | george2  | Linux (Ubuntu 12.04.1 LTS) / x86_64  |  OK  |  OK  |  | 
| moscato2  | Windows Server 2008 R2 Enterprise SP1 (64-bit) / x64  |  OK  |  WARNINGS  |  OK  | 
| petty  | Mac OS X Snow Leopard (10.6.8) / x86_64  |  OK  | [ WARNINGS ] |  OK  | 
* using log directory '/Users/biocbuild/bbs-2.12-bioc/meat/PADOG.Rcheck'
* using R version 3.0.1 (2013-05-16)
* using platform: x86_64-apple-darwin10.8.0 (64-bit)
* using session charset: ASCII
* using option '--no-vignettes'
* checking for file 'PADOG/DESCRIPTION' ... OK
* this is package 'PADOG' version '1.2.0'
* checking package namespace information ... OK
* checking package dependencies ... OK
* checking if this is a source package ... OK
* checking if there is a namespace ... OK
* checking for hidden files and directories ... OK
* checking for portable file names ... OK
* checking for sufficient/correct file permissions ... OK
* checking whether package 'PADOG' can be installed ... [17s/19s] WARNING
Found the following significant warnings:
  Warning: package 'KEGG.db' was built under R version 3.1.0
  Warning: package 'KEGG.db' was built under R version 3.1.0
See '/Users/biocbuild/bbs-2.12-bioc/meat/PADOG.Rcheck/00install.out' for details.
* checking installed package size ... OK
* checking package directory ... OK
* checking DESCRIPTION meta-information ... OK
* checking top-level files ... OK
* checking for left-over files ... OK
* checking index information ... OK
* checking package subdirectories ... OK
* checking R files for non-ASCII characters ... OK
* checking R files for syntax errors ... OK
* checking whether the package can be loaded ... OK
* checking whether the package can be loaded with stated dependencies ... OK
* checking whether the package can be unloaded cleanly ... OK
* checking whether the namespace can be loaded with stated dependencies ... OK
* checking whether the namespace can be unloaded cleanly ... OK
* checking for unstated dependencies in R code ... OK
* checking S3 generic/method consistency ... OK
* checking replacement functions ... OK
* checking foreign function calls ... OK
* checking R code for possible problems ... OK
* checking Rd files ... OK
* checking Rd metadata ... OK
* checking Rd cross-references ... OK
* checking for missing documentation entries ... OK
* checking for code/documentation mismatches ... OK
* checking Rd \usage sections ... OK
* checking Rd contents ... OK
* checking for unstated dependencies in examples ... OK
* checking sizes of PDF files under 'inst/doc' ... OK
* checking installed files from 'inst/doc' ... OK
* checking examples ... [180s/133s] OK
Examples with CPU or elapsed time > 5s
              user system elapsed
compPADOG  101.432 10.680  86.001
padog       23.806  2.842  26.949
filteranot  10.107  1.148  11.327
* checking for unstated dependencies in vignettes ... OK
* checking package vignettes in 'inst/doc' ... OK
* checking running R code from vignettes ... SKIPPED
* checking re-building of vignettes ... SKIPPED
* checking PDF version of manual ... OK
WARNING: There was 1 warning.
See
  '/Users/biocbuild/bbs-2.12-bioc/meat/PADOG.Rcheck/00check.log'
for details.
 
* installing *source* package 'PADOG' ...
** R
** inst
** preparing package for lazy loading
Warning: package 'KEGG.db' was built under R version 3.1.0
** help
*** installing help indices
** building package indices
** installing vignettes
** testing if installed package can be loaded
Warning: package 'KEGG.db' was built under R version 3.1.0
* DONE (PADOG)