* checking for file 'MiRaGE/DESCRIPTION' ... OK
* preparing 'MiRaGE':
* checking DESCRIPTION meta-information ... OK
* installing the package to re-build vignettes
* creating vignettes ... ERROR
Loading required package: Biobase
Loading required package: BiocGenerics
Loading required package: parallel
Attaching package: 'BiocGenerics'
The following objects are masked from 'package:parallel':
    clusterApply, clusterApplyLB, clusterCall, clusterEvalQ,
    clusterExport, clusterMap, parApply, parCapply, parLapply,
    parLapplyLB, parRapply, parSapply, parSapplyLB
The following object is masked from 'package:stats':
    xtabs
The following objects are masked from 'package:base':
    Filter, Find, Map, Position, Reduce, anyDuplicated, as.data.frame,
    cbind, colnames, duplicated, eval, get, intersect, lapply, mapply,
    match, mget, order, paste, pmax, pmax.int, pmin, pmin.int, rank,
    rbind, rep.int, rownames, sapply, setdiff, sort, table, tapply,
    union, unique, unlist
Welcome to Bioconductor
    Vignettes contain introductory material; view with
    'browseVignettes()'. To cite Bioconductor, see
    'citation("Biobase")', and for packages 'citation("pkgname")'.
Warning in ks.test(x1, x2, alternative = "greater") :
  p-value will be approximate in the presence of ties
Warning in ks.test(x1, x2, alternative = "less") :
  p-value will be approximate in the presence of ties
Warning in ks.test(x1, x2, alternative = "greater") :
  p-value will be approximate in the presence of ties
Warning in ks.test(x1, x2, alternative = "less") :
  p-value will be approximate in the presence of ties
Warning in ks.test(x1, x2, alternative = "greater") :
  p-value will be approximate in the presence of ties
Warning in ks.test(x1, x2, alternative = "less") :
  p-value will be approximate in the presence of ties
Warning in ks.test(x1, x2, alternative = "greater") :
  p-value will be approximate in the presence of ties
Warning in ks.test(x1, x2, alternative = "less") :
  p-value will be approximate in the presence of ties
Warning in ks.test(x1, x2, alternative = "greater") :
  p-value will be approximate in the presence of ties
Warning in ks.test(x1, x2, alternative = "less") :
  p-value will be approximate in the presence of ties
Warning in ks.test(x1, x2, alternative = "greater") :
  p-value will be approximate in the presence of ties
Warning in ks.test(x1, x2, alternative = "less") :
  p-value will be approximate in the presence of ties
Warning in ks.test(x1, x2, alternative = "greater") :
  p-value will be approximate in the presence of ties
Warning in ks.test(x1, x2, alternative = "less") :
  p-value will be approximate in the presence of ties
Warning in ks.test(x1, x2, alternative = "greater") :
  p-value will be approximate in the presence of ties
Warning in ks.test(x1, x2, alternative = "less") :
  p-value will be approximate in the presence of ties
Warning in ks.test(x1, x2, alternative = "greater") :
  p-value will be approximate in the presence of ties
Warning in ks.test(x1, x2, alternative = "less") :
  p-value will be approximate in the presence of ties
Warning in ks.test(x1, x2, alternative = "greater") :
  p-value will be approximate in the presence of ties
Warning in ks.test(x1, x2, alternative = "less") :
  p-value will be approximate in the presence of ties
Warning in ks.test(x1, x2, alternative = "greater") :
  p-value will be approximate in the presence of ties
Warning in ks.test(x1, x2, alternative = "less") :
  p-value will be approximate in the presence of ties
Warning in ks.test(x1, x2, alternative = "greater") :
  p-value will be approximate in the presence of ties
Warning in ks.test(x1, x2, alternative = "less") :
  p-value will be approximate in the presence of ties
Warning in ks.test(x1, x2, alternative = "greater") :
  p-value will be approximate in the presence of ties
Warning in ks.test(x1, x2, alternative = "less") :
  p-value will be approximate in the presence of ties
Warning in ks.test(x1, x2, alternative = "greater") :
  p-value will be approximate in the presence of ties
Warning in ks.test(x1, x2, alternative = "less") :
  p-value will be approximate in the presence of ties
Warning in ks.test(x1, x2, alternative = "greater") :
  p-value will be approximate in the presence of ties
Warning in ks.test(x1, x2, alternative = "less") :
  p-value will be approximate in the presence of ties
Warning in ks.test(x1, x2, alternative = "greater") :
  p-value will be approximate in the presence of ties
Warning in ks.test(x1, x2, alternative = "less") :
  p-value will be approximate in the presence of ties
Warning in ks.test(x1, x2, alternative = "greater") :
  p-value will be approximate in the presence of ties
Warning in ks.test(x1, x2, alternative = "less") :
  p-value will be approximate in the presence of ties
Warning in ks.test(x1, x2, alternative = "greater") :
  p-value will be approximate in the presence of ties
Warning in ks.test(x1, x2, alternative = "less") :
  p-value will be approximate in the presence of ties
Warning in ks.test(x1, x2, alternative = "greater") :
  p-value will be approximate in the presence of ties
Warning in ks.test(x1, x2, alternative = "less") :
  p-value will be approximate in the presence of ties
Warning in ks.test(x1, x2, alternative = "greater") :
  p-value will be approximate in the presence of ties
Warning in ks.test(x1, x2, alternative = "less") :
  p-value will be approximate in the presence of ties
Warning in ks.test(x1, x2, alternative = "greater") :
  p-value will be approximate in the presence of ties
Warning in ks.test(x1, x2, alternative = "less") :
  p-value will be approximate in the presence of ties
Warning in ks.test(x1, x2, alternative = "greater") :
  p-value will be approximate in the presence of ties
Warning in ks.test(x1, x2, alternative = "less") :
  p-value will be approximate in the presence of ties
Warning in ks.test(x1, x2, alternative = "greater") :
  p-value will be approximate in the presence of ties
Warning in ks.test(x1, x2, alternative = "less") :
  p-value will be approximate in the presence of ties
Warning in ks.test(x1, x2, alternative = "greater") :
  p-value will be approximate in the presence of ties
Warning in ks.test(x1, x2, alternative = "less") :
  p-value will be approximate in the presence of ties
Warning in ks.test(x1, x2, alternative = "greater") :
  p-value will be approximate in the presence of ties
Warning in ks.test(x1, x2, alternative = "less") :
  p-value will be approximate in the presence of ties
Warning in ks.test(x1, x2, alternative = "greater") :
  p-value will be approximate in the presence of ties
Warning in ks.test(x1, x2, alternative = "less") :
  p-value will be approximate in the presence of ties
Warning in ks.test(x1, x2, alternative = "greater") :
  p-value will be approximate in the presence of ties
Warning in ks.test(x1, x2, alternative = "less") :
  p-value will be approximate in the presence of ties
Warning in ks.test(x1, x2, alternative = "greater") :
  p-value will be approximate in the presence of ties
Warning in ks.test(x1, x2, alternative = "less") :
  p-value will be approximate in the presence of ties
Warning in ks.test(x1, x2, alternative = "greater") :
  p-value will be approximate in the presence of ties
Warning in ks.test(x1, x2, alternative = "less") :
  p-value will be approximate in the presence of ties
Warning in ks.test(x1, x2, alternative = "greater") :
  p-value will be approximate in the presence of ties
Warning in ks.test(x1, x2, alternative = "less") :
  p-value will be approximate in the presence of ties
Warning in ks.test(x1, x2, alternative = "greater") :
  p-value will be approximate in the presence of ties
Warning in ks.test(x1, x2, alternative = "less") :
  p-value will be approximate in the presence of ties
Warning in ks.test(x1, x2, alternative = "greater") :
  p-value will be approximate in the presence of ties
Warning in ks.test(x1, x2, alternative = "less") :
  p-value will be approximate in the presence of ties
Warning in ks.test(x1, x2, alternative = "greater") :
  p-value will be approximate in the presence of ties
Warning in ks.test(x1, x2, alternative = "less") :
  p-value will be approximate in the presence of ties
Warning in ks.test(x1, x2, alternative = "greater") :
  p-value will be approximate in the presence of ties
Warning in ks.test(x1, x2, alternative = "less") :
  p-value will be approximate in the presence of ties
Warning in ks.test(x1, x2, alternative = "greater") :
  p-value will be approximate in the presence of ties
Warning in ks.test(x1, x2, alternative = "less") :
  p-value will be approximate in the presence of ties
Warning in ks.test(x1, x2, alternative = "greater") :
  p-value will be approximate in the presence of ties
Warning in ks.test(x1, x2, alternative = "less") :
  p-value will be approximate in the presence of ties
Warning in ks.test(x1, x2, alternative = "greater") :
  p-value will be approximate in the presence of ties
Warning in ks.test(x1, x2, alternative = "less") :
  p-value will be approximate in the presence of ties
Warning in ks.test(x1, x2, alternative = "greater") :
  p-value will be approximate in the presence of ties
Warning in ks.test(x1, x2, alternative = "less") :
  p-value will be approximate in the presence of ties
Warning in ks.test(x1, x2, alternative = "greater") :
  p-value will be approximate in the presence of ties
Warning in ks.test(x1, x2, alternative = "less") :
  p-value will be approximate in the presence of ties
Warning in ks.test(x1, x2, alternative = "greater") :
  p-value will be approximate in the presence of ties
Warning in ks.test(x1, x2, alternative = "less") :
  p-value will be approximate in the presence of ties
Warning in ks.test(x1, x2, alternative = "greater") :
  p-value will be approximate in the presence of ties
Warning in ks.test(x1, x2, alternative = "less") :
  p-value will be approximate in the presence of ties
Warning in ks.test(x1, x2, alternative = "greater") :
  p-value will be approximate in the presence of ties
Warning in ks.test(x1, x2, alternative = "less") :
  p-value will be approximate in the presence of ties
Warning in ks.test(x1, x2, alternative = "greater") :
  p-value will be approximate in the presence of ties
Warning in ks.test(x1, x2, alternative = "less") :
  p-value will be approximate in the presence of ties
Warning in ks.test(x1, x2, alternative = "greater") :
  p-value will be approximate in the presence of ties
Warning in ks.test(x1, x2, alternative = "less") :
  p-value will be approximate in the presence of ties
Warning in ks.test(x1, x2, alternative = "greater") :
  p-value will be approximate in the presence of ties
Warning in ks.test(x1, x2, alternative = "less") :
  p-value will be approximate in the presence of ties
Warning in ks.test(x1, x2, alternative = "greater") :
  p-value will be approximate in the presence of ties
Warning in ks.test(x1, x2, alternative = "less") :
  p-value will be approximate in the presence of ties
Warning in ks.test(x1, x2, alternative = "greater") :
  p-value will be approximate in the presence of ties
Warning in ks.test(x1, x2, alternative = "less") :
  p-value will be approximate in the presence of ties
Warning in ks.test(x1, x2, alternative = "greater") :
  p-value will be approximate in the presence of ties
Warning in ks.test(x1, x2, alternative = "less") :
  p-value will be approximate in the presence of ties
Warning in ks.test(x1, x2, alternative = "greater") :
  p-value will be approximate in the presence of ties
Warning in ks.test(x1, x2, alternative = "less") :
  p-value will be approximate in the presence of ties
Warning in ks.test(x1, x2, alternative = "greater") :
  p-value will be approximate in the presence of ties
Warning in ks.test(x1, x2, alternative = "less") :
  p-value will be approximate in the presence of ties
Warning in ks.test(x1, x2, alternative = "greater") :
  p-value will be approximate in the presence of ties
Warning in ks.test(x1, x2, alternative = "less") :
  p-value will be approximate in the presence of ties
Warning in ks.test(x1, x2, alternative = "greater") :
  p-value will be approximate in the presence of ties
Warning in ks.test(x1, x2, alternative = "less") :
  p-value will be approximate in the presence of ties
Warning in ks.test(x1, x2, alternative = "greater") :
  p-value will be approximate in the presence of ties
Warning in ks.test(x1, x2, alternative = "less") :
  p-value will be approximate in the presence of ties
Warning in ks.test(x1, x2, alternative = "greater") :
  p-value will be approximate in the presence of ties
Warning in ks.test(x1, x2, alternative = "less") :
  p-value will be approximate in the presence of ties
Warning in ks.test(x1, x2, alternative = "greater") :
  p-value will be approximate in the presence of ties
Warning in ks.test(x1, x2, alternative = "less") :
  p-value will be approximate in the presence of ties
Warning in ks.test(x1, x2, alternative = "greater") :
  p-value will be approximate in the presence of ties
Warning in ks.test(x1, x2, alternative = "less") :
  p-value will be approximate in the presence of ties
Warning in ks.test(x1, x2, alternative = "greater") :
  p-value will be approximate in the presence of ties
Warning in ks.test(x1, x2, alternative = "less") :
  p-value will be approximate in the presence of ties
Warning in ks.test(x1, x2, alternative = "greater") :
  p-value will be approximate in the presence of ties
Warning in ks.test(x1, x2, alternative = "less") :
  p-value will be approximate in the presence of ties
Warning in ks.test(x1, x2, alternative = "greater") :
  p-value will be approximate in the presence of ties
Warning in ks.test(x1, x2, alternative = "less") :
  p-value will be approximate in the presence of ties
Warning in ks.test(x1, x2, alternative = "greater") :
  p-value will be approximate in the presence of ties
Warning in ks.test(x1, x2, alternative = "less") :
  p-value will be approximate in the presence of ties
Warning in ks.test(x1, x2, alternative = "greater") :
  p-value will be approximate in the presence of ties
Warning in ks.test(x1, x2, alternative = "less") :
  p-value will be approximate in the presence of ties
Warning in ks.test(x1, x2, alternative = "greater") :
  p-value will be approximate in the presence of ties
Warning in ks.test(x1, x2, alternative = "less") :
  p-value will be approximate in the presence of ties
Warning in ks.test(x1, x2, alternative = "greater") :
  p-value will be approximate in the presence of ties
Warning in ks.test(x1, x2, alternative = "less") :
  p-value will be approximate in the presence of ties
Warning in ks.test(x1, x2, alternative = "greater") :
  p-value will be approximate in the presence of ties
Warning in ks.test(x1, x2, alternative = "less") :
  p-value will be approximate in the presence of ties
Warning in ks.test(x1, x2, alternative = "greater") :
  p-value will be approximate in the presence of ties
Warning in ks.test(x1, x2, alternative = "less") :
  p-value will be approximate in the presence of ties
Warning in ks.test(x1, x2, alternative = "greater") :
  p-value will be approximate in the presence of ties
Warning in ks.test(x1, x2, alternative = "less") :
  p-value will be approximate in the presence of ties
Warning in ks.test(x1, x2, alternative = "greater") :
  p-value will be approximate in the presence of ties
Warning in ks.test(x1, x2, alternative = "less") :
  p-value will be approximate in the presence of ties
Warning in ks.test(x1, x2, alternative = "greater") :
  p-value will be approximate in the presence of ties
Warning in ks.test(x1, x2, alternative = "less") :
  p-value will be approximate in the presence of ties
Warning in ks.test(x1, x2, alternative = "greater") :
  p-value will be approximate in the presence of ties
Warning in ks.test(x1, x2, alternative = "less") :
  p-value will be approximate in the presence of ties
Warning in ks.test(x1, x2, alternative = "greater") :
  p-value will be approximate in the presence of ties
Warning in ks.test(x1, x2, alternative = "less") :
  p-value will be approximate in the presence of ties
Warning in ks.test(x1, x2, alternative = "greater") :
  p-value will be approximate in the presence of ties
Warning in ks.test(x1, x2, alternative = "less") :
  p-value will be approximate in the presence of ties
Warning in ks.test(x1, x2, alternative = "greater") :
  p-value will be approximate in the presence of ties
Warning in ks.test(x1, x2, alternative = "less") :
  p-value will be approximate in the presence of ties
Warning in ks.test(x1, x2, alternative = "greater") :
  p-value will be approximate in the presence of ties
Warning in ks.test(x1, x2, alternative = "less") :
  p-value will be approximate in the presence of ties
Warning in ks.test(x1, x2, alternative = "greater") :
  p-value will be approximate in the presence of ties
Warning in ks.test(x1, x2, alternative = "less") :
  p-value will be approximate in the presence of ties
Warning in ks.test(x1, x2, alternative = "greater") :
  p-value will be approximate in the presence of ties
Warning in ks.test(x1, x2, alternative = "less") :
  p-value will be approximate in the presence of ties
Warning in ks.test(x1, x2, alternative = "greater") :
  p-value will be approximate in the presence of ties
Warning in ks.test(x1, x2, alternative = "less") :
  p-value will be approximate in the presence of ties
Warning in ks.test(x1, x2, alternative = "greater") :
  p-value will be approximate in the presence of ties
Warning in ks.test(x1, x2, alternative = "less") :
  p-value will be approximate in the presence of ties
Warning in ks.test(x1, x2, alternative = "greater") :
  p-value will be approximate in the presence of ties
Warning in ks.test(x1, x2, alternative = "less") :
  p-value will be approximate in the presence of ties
Warning in ks.test(x1, x2, alternative = "greater") :
  p-value will be approximate in the presence of ties
Warning in ks.test(x1, x2, alternative = "less") :
  p-value will be approximate in the presence of ties
Warning in ks.test(x1, x2, alternative = "greater") :
  p-value will be approximate in the presence of ties
Warning in ks.test(x1, x2, alternative = "less") :
  p-value will be approximate in the presence of ties
Warning in ks.test(x1, x2, alternative = "greater") :
  p-value will be approximate in the presence of ties
Warning in ks.test(x1, x2, alternative = "less") :
  p-value will be approximate in the presence of ties
Warning in ks.test(x1, x2, alternative = "greater") :
  p-value will be approximate in the presence of ties
Warning in ks.test(x1, x2, alternative = "less") :
  p-value will be approximate in the presence of ties
Warning in ks.test(x1, x2, alternative = "greater") :
  p-value will be approximate in the presence of ties
Warning in ks.test(x1, x2, alternative = "less") :
  p-value will be approximate in the presence of ties
Warning in ks.test(x1, x2, alternative = "greater") :
  p-value will be approximate in the presence of ties
Warning in ks.test(x1, x2, alternative = "less") :
  p-value will be approximate in the presence of ties
Warning in ks.test(x1, x2, alternative = "greater") :
  p-value will be approximate in the presence of ties
Warning in ks.test(x1, x2, alternative = "less") :
  p-value will be approximate in the presence of ties
Warning in ks.test(x1, x2, alternative = "greater") :
  p-value will be approximate in the presence of ties
Warning in ks.test(x1, x2, alternative = "less") :
  p-value will be approximate in the presence of ties
Warning in ks.test(x1, x2, alternative = "greater") :
  p-value will be approximate in the presence of ties
Warning in ks.test(x1, x2, alternative = "less") :
  p-value will be approximate in the presence of ties
Warning in ks.test(x1, x2, alternative = "greater") :
  p-value will be approximate in the presence of ties
Warning in ks.test(x1, x2, alternative = "less") :
  p-value will be approximate in the presence of ties
Warning in ks.test(x1, x2, alternative = "greater") :
  p-value will be approximate in the presence of ties
Warning in ks.test(x1, x2, alternative = "less") :
  p-value will be approximate in the presence of ties
Warning in ks.test(x1, x2, alternative = "greater") :
  p-value will be approximate in the presence of ties
Warning in ks.test(x1, x2, alternative = "less") :
  p-value will be approximate in the presence of ties
Warning in ks.test(x1, x2, alternative = "greater") :
  p-value will be approximate in the presence of ties
Warning in ks.test(x1, x2, alternative = "less") :
  p-value will be approximate in the presence of ties
Warning in ks.test(x1, x2, alternative = "greater") :
  p-value will be approximate in the presence of ties
Warning in ks.test(x1, x2, alternative = "less") :
  p-value will be approximate in the presence of ties
Warning in ks.test(x1, x2, alternative = "greater") :
  p-value will be approximate in the presence of ties
Warning in ks.test(x1, x2, alternative = "less") :
  p-value will be approximate in the presence of ties
Warning in ks.test(x1, x2, alternative = "greater") :
  p-value will be approximate in the presence of ties
Warning in ks.test(x1, x2, alternative = "less") :
  p-value will be approximate in the presence of ties
Warning in ks.test(x1, x2, alternative = "greater") :
  p-value will be approximate in the presence of ties
Warning in ks.test(x1, x2, alternative = "less") :
  p-value will be approximate in the presence of ties
Warning in ks.test(x1, x2, alternative = "greater") :
  p-value will be approximate in the presence of ties
Warning in ks.test(x1, x2, alternative = "less") :
  p-value will be approximate in the presence of ties
Warning in ks.test(x1, x2, alternative = "greater") :
  p-value will be approximate in the presence of ties
Warning in ks.test(x1, x2, alternative = "less") :
  p-value will be approximate in the presence of ties
Warning in ks.test(x1, x2, alternative = "greater") :
  p-value will be approximate in the presence of ties
Warning in ks.test(x1, x2, alternative = "less") :
  p-value will be approximate in the presence of ties
Warning in ks.test(x1, x2, alternative = "greater") :
  p-value will be approximate in the presence of ties
Warning in ks.test(x1, x2, alternative = "less") :
  p-value will be approximate in the presence of ties
Warning in ks.test(x1, x2, alternative = "greater") :
  p-value will be approximate in the presence of ties
Warning in ks.test(x1, x2, alternative = "less") :
  p-value will be approximate in the presence of ties
Warning in ks.test(x1, x2, alternative = "greater") :
  p-value will be approximate in the presence of ties
Warning in ks.test(x1, x2, alternative = "less") :
  p-value will be approximate in the presence of ties
Warning in ks.test(x1, x2, alternative = "greater") :
  p-value will be approximate in the presence of ties
Warning in ks.test(x1, x2, alternative = "less") :
  p-value will be approximate in the presence of ties
Warning in ks.test(x1, x2, alternative = "greater") :
  p-value will be approximate in the presence of ties
Warning in ks.test(x1, x2, alternative = "less") :
  p-value will be approximate in the presence of ties
Warning in ks.test(x1, x2, alternative = "greater") :
  p-value will be approximate in the presence of ties
Warning in ks.test(x1, x2, alternative = "less") :
  p-value will be approximate in the presence of ties
Warning in ks.test(x1, x2, alternative = "greater") :
  p-value will be approximate in the presence of ties
Warning in ks.test(x1, x2, alternative = "less") :
  p-value will be approximate in the presence of ties
Warning in ks.test(x1, x2, alternative = "greater") :
  p-value will be approximate in the presence of ties
Warning in ks.test(x1, x2, alternative = "less") :
  p-value will be approximate in the presence of ties
Warning in ks.test(x1, x2, alternative = "greater") :
  p-value will be approximate in the presence of ties
Warning in ks.test(x1, x2, alternative = "less") :
  p-value will be approximate in the presence of ties
Warning in ks.test(x1, x2, alternative = "greater") :
  p-value will be approximate in the presence of ties
Warning in ks.test(x1, x2, alternative = "less") :
  p-value will be approximate in the presence of ties
Warning in ks.test(x1, x2, alternative = "greater") :
  p-value will be approximate in the presence of ties
Warning in ks.test(x1, x2, alternative = "less") :
  p-value will be approximate in the presence of ties
Warning in ks.test(x1, x2, alternative = "greater") :
  p-value will be approximate in the presence of ties
Warning in ks.test(x1, x2, alternative = "less") :
  p-value will be approximate in the presence of ties
Warning in ks.test(x1, x2, alternative = "greater") :
  p-value will be approximate in the presence of ties
Warning in ks.test(x1, x2, alternative = "less") :
  p-value will be approximate in the presence of ties
Warning in ks.test(x1, x2, alternative = "greater") :
  p-value will be approximate in the presence of ties
Warning in ks.test(x1, x2, alternative = "less") :
  p-value will be approximate in the presence of ties
Warning in ks.test(x1, x2, alternative = "greater") :
  p-value will be approximate in the presence of ties
Warning in ks.test(x1, x2, alternative = "less") :
  p-value will be approximate in the presence of ties
Warning in ks.test(x1, x2, alternative = "greater") :
  p-value will be approximate in the presence of ties
Warning in ks.test(x1, x2, alternative = "less") :
  p-value will be approximate in the presence of ties
Warning in ks.test(x1, x2, alternative = "greater") :
  p-value will be approximate in the presence of ties
Warning in ks.test(x1, x2, alternative = "less") :
  p-value will be approximate in the presence of ties
Warning in ks.test(x1, x2, alternative = "greater") :
  p-value will be approximate in the presence of ties
Warning in ks.test(x1, x2, alternative = "less") :
  p-value will be approximate in the presence of ties
Warning in ks.test(x1, x2, alternative = "greater") :
  p-value will be approximate in the presence of ties
Warning in ks.test(x1, x2, alternative = "less") :
  p-value will be approximate in the presence of ties
Warning in ks.test(x1, x2, alternative = "greater") :
  p-value will be approximate in the presence of ties
Warning in ks.test(x1, x2, alternative = "less") :
  p-value will be approximate in the presence of ties
Warning in ks.test(x1, x2, alternative = "greater") :
  p-value will be approximate in the presence of ties
Warning in ks.test(x1, x2, alternative = "less") :
  p-value will be approximate in the presence of ties
Warning in ks.test(x1, x2, alternative = "greater") :
  p-value will be approximate in the presence of ties
Warning in ks.test(x1, x2, alternative = "less") :
  p-value will be approximate in the presence of ties
Warning in ks.test(x1, x2, alternative = "greater") :
  p-value will be approximate in the presence of ties
Warning in ks.test(x1, x2, alternative = "less") :
  p-value will be approximate in the presence of ties
Warning in ks.test(x1, x2, alternative = "greater") :
  p-value will be approximate in the presence of ties
Warning in ks.test(x1, x2, alternative = "less") :
  p-value will be approximate in the presence of ties
Warning in ks.test(x1, x2, alternative = "greater") :
  p-value will be approximate in the presence of ties
Warning in ks.test(x1, x2, alternative = "less") :
  p-value will be approximate in the presence of ties
Warning in ks.test(x1, x2, alternative = "greater") :
  p-value will be approximate in the presence of ties
Warning in ks.test(x1, x2, alternative = "less") :
  p-value will be approximate in the presence of ties
Warning in ks.test(x1, x2, alternative = "greater") :
  p-value will be approximate in the presence of ties
Warning in ks.test(x1, x2, alternative = "less") :
  p-value will be approximate in the presence of ties
Warning in ks.test(x1, x2, alternative = "greater") :
  p-value will be approximate in the presence of ties
Warning in ks.test(x1, x2, alternative = "less") :
  p-value will be approximate in the presence of ties
Warning in ks.test(x1, x2, alternative = "greater") :
  p-value will be approximate in the presence of ties
Warning in ks.test(x1, x2, alternative = "less") :
  p-value will be approximate in the presence of ties
Warning in ks.test(x1, x2, alternative = "greater") :
  p-value will be approximate in the presence of ties
Warning in ks.test(x1, x2, alternative = "less") :
  p-value will be approximate in the presence of ties
Warning in ks.test(x1, x2, alternative = "greater") :
  p-value will be approximate in the presence of ties
Warning in ks.test(x1, x2, alternative = "less") :
  p-value will be approximate in the presence of ties
Warning in ks.test(x1, x2, alternative = "greater") :
  p-value will be approximate in the presence of ties
Warning in ks.test(x1, x2, alternative = "less") :
  p-value will be approximate in the presence of ties
Warning in ks.test(x1, x2, alternative = "greater") :
  p-value will be approximate in the presence of ties
Warning in ks.test(x1, x2, alternative = "less") :
  p-value will be approximate in the presence of ties
Warning in ks.test(x1, x2, alternative = "greater") :
  p-value will be approximate in the presence of ties
Warning in ks.test(x1, x2, alternative = "less") :
  p-value will be approximate in the presence of ties
Warning in ks.test(x1, x2, alternative = "greater") :
  p-value will be approximate in the presence of ties
Warning in ks.test(x1, x2, alternative = "less") :
  p-value will be approximate in the presence of ties
Warning in ks.test(x1, x2, alternative = "greater") :
  p-value will be approximate in the presence of ties
Warning in ks.test(x1, x2, alternative = "less") :
  p-value will be approximate in the presence of ties
Warning in ks.test(x1, x2, alternative = "greater") :
  p-value will be approximate in the presence of ties
Warning in ks.test(x1, x2, alternative = "less") :
  p-value will be approximate in the presence of ties
Warning in ks.test(x1, x2, alternative = "greater") :
  p-value will be approximate in the presence of ties
Warning in ks.test(x1, x2, alternative = "less") :
  p-value will be approximate in the presence of ties
Warning in ks.test(x1, x2, alternative = "greater") :
  p-value will be approximate in the presence of ties
Warning in ks.test(x1, x2, alternative = "less") :
  p-value will be approximate in the presence of ties
Warning in ks.test(x1, x2, alternative = "greater") :
  p-value will be approximate in the presence of ties
Warning in ks.test(x1, x2, alternative = "less") :
  p-value will be approximate in the presence of ties
Warning in ks.test(x1, x2, alternative = "greater") :
  p-value will be approximate in the presence of ties
Warning in ks.test(x1, x2, alternative = "less") :
  p-value will be approximate in the presence of ties
Warning in ks.test(x1, x2, alternative = "greater") :
  p-value will be approximate in the presence of ties
Warning in ks.test(x1, x2, alternative = "less") :
  p-value will be approximate in the presence of ties
Warning in ks.test(x1, x2, alternative = "greater") :
  p-value will be approximate in the presence of ties
Warning in ks.test(x1, x2, alternative = "less") :
  p-value will be approximate in the presence of ties
Warning in ks.test(x1, x2, alternative = "greater") :
  p-value will be approximate in the presence of ties
Warning in ks.test(x1, x2, alternative = "less") :
  p-value will be approximate in the presence of ties
Warning in ks.test(x1, x2, alternative = "greater") :
  p-value will be approximate in the presence of ties
Warning in ks.test(x1, x2, alternative = "less") :
  p-value will be approximate in the presence of ties
Warning in ks.test(x1, x2, alternative = "greater") :
  p-value will be approximate in the presence of ties
Warning in ks.test(x1, x2, alternative = "less") :
  p-value will be approximate in the presence of ties
Warning in ks.test(x1, x2, alternative = "greater") :
  p-value will be approximate in the presence of ties
Warning in ks.test(x1, x2, alternative = "less") :
  p-value will be approximate in the presence of ties
Warning in ks.test(x1, x2, alternative = "greater") :
  p-value will be approximate in the presence of ties
Warning in ks.test(x1, x2, alternative = "less") :
  p-value will be approximate in the presence of ties
Warning in ks.test(x1, x2, alternative = "greater") :
  p-value will be approximate in the presence of ties
Warning in ks.test(x1, x2, alternative = "less") :
  p-value will be approximate in the presence of ties
Warning in ks.test(x1, x2, alternative = "greater") :
  p-value will be approximate in the presence of ties
Warning in ks.test(x1, x2, alternative = "less") :
  p-value will be approximate in the presence of ties
Warning in ks.test(x1, x2, alternative = "greater") :
  p-value will be approximate in the presence of ties
Warning in ks.test(x1, x2, alternative = "less") :
  p-value will be approximate in the presence of ties
Warning in ks.test(x1, x2, alternative = "greater") :
  p-value will be approximate in the presence of ties
Warning in ks.test(x1, x2, alternative = "less") :
  p-value will be approximate in the presence of ties
Warning in ks.test(x1, x2, alternative = "greater") :
  p-value will be approximate in the presence of ties
Warning in ks.test(x1, x2, alternative = "less") :
  p-value will be approximate in the presence of ties
Warning in ks.test(x1, x2, alternative = "greater") :
  p-value will be approximate in the presence of ties
Warning in ks.test(x1, x2, alternative = "less") :
  p-value will be approximate in the presence of ties
Warning in ks.test(x1, x2, alternative = "greater") :
  p-value will be approximate in the presence of ties
Warning in ks.test(x1, x2, alternative = "less") :
  p-value will be approximate in the presence of ties
Warning in ks.test(x1, x2, alternative = "greater") :
  p-value will be approximate in the presence of ties
Warning in ks.test(x1, x2, alternative = "less") :
  p-value will be approximate in the presence of ties
Warning in ks.test(x1, x2, alternative = "greater") :
  p-value will be approximate in the presence of ties
Warning in ks.test(x1, x2, alternative = "less") :
  p-value will be approximate in the presence of ties
Warning in ks.test(x1, x2, alternative = "greater") :
  p-value will be approximate in the presence of ties
Warning in ks.test(x1, x2, alternative = "less") :
  p-value will be approximate in the presence of ties
Warning in ks.test(x1, x2, alternative = "greater") :
  p-value will be approximate in the presence of ties
Warning in ks.test(x1, x2, alternative = "less") :
  p-value will be approximate in the presence of ties
Warning in ks.test(x1, x2, alternative = "greater") :
  p-value will be approximate in the presence of ties
Warning in ks.test(x1, x2, alternative = "less") :
  p-value will be approximate in the presence of ties
Warning in ks.test(x1, x2, alternative = "greater") :
  p-value will be approximate in the presence of ties
Warning in ks.test(x1, x2, alternative = "less") :
  p-value will be approximate in the presence of ties
Warning in ks.test(x1, x2, alternative = "greater") :
  p-value will be approximate in the presence of ties
Warning in ks.test(x1, x2, alternative = "less") :
  p-value will be approximate in the presence of ties
Warning in ks.test(x1, x2, alternative = "greater") :
  p-value will be approximate in the presence of ties
Warning in ks.test(x1, x2, alternative = "less") :
  p-value will be approximate in the presence of ties
Warning in ks.test(x1, x2, alternative = "greater") :
  p-value will be approximate in the presence of ties
Warning in ks.test(x1, x2, alternative = "less") :
  p-value will be approximate in the presence of ties
Warning in ks.test(x1, x2, alternative = "greater") :
  p-value will be approximate in the presence of ties
Warning in ks.test(x1, x2, alternative = "less") :
  p-value will be approximate in the presence of ties
Warning in ks.test(x1, x2, alternative = "greater") :
  p-value will be approximate in the presence of ties
Warning in ks.test(x1, x2, alternative = "less") :
  p-value will be approximate in the presence of ties
Warning in ks.test(x1, x2, alternative = "greater") :
  p-value will be approximate in the presence of ties
Warning in ks.test(x1, x2, alternative = "less") :
  p-value will be approximate in the presence of ties
Warning in ks.test(x1, x2, alternative = "greater") :
  p-value will be approximate in the presence of ties
Warning in ks.test(x1, x2, alternative = "less") :
  p-value will be approximate in the presence of ties
Warning in ks.test(x1, x2, alternative = "greater") :
  p-value will be approximate in the presence of ties
Warning in ks.test(x1, x2, alternative = "less") :
  p-value will be approximate in the presence of ties
Warning in ks.test(x1, x2, alternative = "greater") :
  p-value will be approximate in the presence of ties
Warning in ks.test(x1, x2, alternative = "less") :
  p-value will be approximate in the presence of ties
Warning in ks.test(x1, x2, alternative = "greater") :
  p-value will be approximate in the presence of ties
Warning in ks.test(x1, x2, alternative = "less") :
  p-value will be approximate in the presence of ties
Warning in ks.test(x1, x2, alternative = "greater") :
  p-value will be approximate in the presence of ties
Warning in ks.test(x1, x2, alternative = "less") :
  p-value will be approximate in the presence of ties
Warning in ks.test(x1, x2, alternative = "greater") :
  p-value will be approximate in the presence of ties
Warning in ks.test(x1, x2, alternative = "less") :
  p-value will be approximate in the presence of ties
Warning in ks.test(x1, x2, alternative = "greater") :
  p-value will be approximate in the presence of ties
Warning in ks.test(x1, x2, alternative = "less") :
  p-value will be approximate in the presence of ties
Warning in ks.test(x1, x2, alternative = "greater") :
  p-value will be approximate in the presence of ties
Warning in ks.test(x1, x2, alternative = "less") :
  p-value will be approximate in the presence of ties
Warning in ks.test(x1, x2, alternative = "greater") :
  p-value will be approximate in the presence of ties
Warning in ks.test(x1, x2, alternative = "less") :
  p-value will be approximate in the presence of ties
Warning in ks.test(x1, x2, alternative = "greater") :
  p-value will be approximate in the presence of ties
Warning in ks.test(x1, x2, alternative = "less") :
  p-value will be approximate in the presence of ties
Warning in ks.test(x1, x2, alternative = "greater") :
  p-value will be approximate in the presence of ties
Warning in ks.test(x1, x2, alternative = "less") :
  p-value will be approximate in the presence of ties
Warning in ks.test(x1, x2, alternative = "greater") :
  p-value will be approximate in the presence of ties
Warning in ks.test(x1, x2, alternative = "less") :
  p-value will be approximate in the presence of ties
Warning in ks.test(x1, x2, alternative = "greater") :
  p-value will be approximate in the presence of ties
Warning in ks.test(x1, x2, alternative = "less") :
  p-value will be approximate in the presence of ties
Warning in ks.test(x1, x2, alternative = "greater") :
  p-value will be approximate in the presence of ties
Warning in ks.test(x1, x2, alternative = "less") :
  p-value will be approximate in the presence of ties
Warning in ks.test(x1, x2, alternative = "greater") :
  p-value will be approximate in the presence of ties
Warning in ks.test(x1, x2, alternative = "less") :
  p-value will be approximate in the presence of ties
Warning in ks.test(x1, x2, alternative = "greater") :
  p-value will be approximate in the presence of ties
Warning in ks.test(x1, x2, alternative = "less") :
  p-value will be approximate in the presence of ties
Loading required package: humanStemCell
Loading required package: hgu133plus2.db
Loading required package: AnnotationDbi
Loading required package: org.Hs.eg.db
Loading required package: DBI
Error: processing vignette 'MiRaGE.Rnw' failed with diagnostics:
 chunk 8 
Error : error reading from connection
Execution halted