| breastCancerMAINZ 1.0.3 Markus Schroeder , Benjamin Haibe-Kains
 
 | Snapshot Date: 2012-06-21 11:15:08 -0700 (Thu, 21 Jun 2012) |  | URL: https://hedgehog.fhcrc.org/bioc-data/trunk/experiment/pkgs/breastCancerMAINZ |  | Last Changed Rev: 2037 / Revision: 2088 |  | Last Changed Date: 2012-03-30 15:20:09 -0700 (Fri, 30 Mar 2012) | 
 | lamb1 | Linux (openSUSE 12.1) / x86_64 | OK | WARNINGS |  | 
| moscato1 | Windows Server 2008 R2 Enterprise SP1 (64-bit) / x64 | OK | WARNINGS | OK | 
| pitt | Mac OS X Leopard (10.5.8) / i386 | OK | [ WARNINGS ] | OK | 
| perceval | Mac OS X Leopard (10.5.8) / i386 | OK | WARNINGS | OK | 
* using log directory '/Users/biocbuild/bbs-2.11-data-experiment/meat/breastCancerMAINZ.Rcheck'
* using R version 2.15.0 Patched (2012-04-26 r59216)
* using platform: i386-apple-darwin9.8.0 (32-bit)
* using session charset: ASCII
* using option '--no-vignettes'
* checking for file 'breastCancerMAINZ/DESCRIPTION' ... OK
* checking extension type ... Package
* this is package 'breastCancerMAINZ' version '1.0.3'
* checking package namespace information ... OK
* checking package dependencies ... OK
* checking if this is a source package ... OK
* checking if there is a namespace ... OK
* checking whether package 'breastCancerMAINZ' can be installed ... OK
* checking installed package size ... NOTE
  installed size is 34.9Mb
  sub-directories of 1Mb or more:
    data  34.8Mb
* checking package directory ... OK
* checking for portable file names ... OK
* checking for sufficient/correct file permissions ... OK
* checking DESCRIPTION meta-information ... OK
* checking top-level files ... OK
* checking index information ... OK
* checking package subdirectories ... OK
* checking whether the package can be loaded ... OK
* checking whether the package can be loaded with stated dependencies ... OK
* checking whether the package can be unloaded cleanly ... OK
* checking whether the namespace can be loaded with stated dependencies ... OK
* checking whether the namespace can be unloaded cleanly ... OK
* checking Rd files ... OK
* checking Rd metadata ... OK
* checking Rd cross-references ... OK
* checking for missing documentation entries ... OK
* checking for code/documentation mismatches ... OK
* checking Rd \usage sections ... OK
* checking Rd contents ... OK
* checking for unstated dependencies in examples ... OK
* checking contents of 'data' directory ... OK
* checking data for non-ASCII characters ... OK
* checking data for ASCII and uncompressed saves ... WARNING
  
  Note: significantly better compression could be obtained
        by using R CMD build --resave-data
            old_size new_size compress
  mainz.rda   34.8Mb   31.2Mb       xz
* checking examples ... OK
* checking PDF version of manual ... OK
WARNING: There was 1 warning.
NOTE: There was 1 note.
See
  '/Users/biocbuild/bbs-2.11-data-experiment/meat/breastCancerMAINZ.Rcheck/00check.log'
for details.