Back to the "Multiple platform build/check report"
| Package 7/48 | Hostname | OS | Arch | BUILD | CHECK | BUILD BIN |
CCl41.0.5Audrey KauffmannLast Changed Date: 2007-08-09 15:01:50 -0700 Last Changed Rev: 411 | lamb1 | Linux (SUSE 10.1) | x86_64 | ERROR | skipped | |
| lemming | Windows Server 2003 (32-bit) | x64 | [ ERROR ] | skipped | skipped |
| Package: CCl4 |
| Version: 1.0.5 |
| Command: D:\biocbld\bbs-2.0-bioc\R\bin\R.exe CMD build CCl4 |
| RetCode: 1 |
| Time: 44.7 seconds |
| Status: ERROR |
| PackageFile: None |
* checking for file 'CCl4/DESCRIPTION' ... OK
* preparing 'CCl4':
* checking DESCRIPTION meta-information ... OK
* installing the package to re-build vignettes
installing R.css in D:/biocbld/bbs-2.0-data-experiment/tmpdir/Rinst652434878
---------- Making package CCl4 ------------
adding build stamp to DESCRIPTION
no R files in this package
installing inst files
installing data files
installing man source files
installing indices
not zipping data
installing help
>>> Building/Updating help pages for package 'CCl4'
Formats: text html latex example chm
CCl4 text html latex example chm
Microsoft HTML Help Compiler 4.74.8702
Compiling d:\biocbld\bbs-2.0-data-experiment\meat\CCl4\chm\CCl4.chm
Compile time: 0 minutes, 0 seconds
2 Topics
3 Local links
0 Internet links
1 Graphic
Created d:\biocbld\bbs-2.0-data-experiment\meat\CCl4\chm\CCl4.chm, 16,377 bytes
Compression increased file by 8,798 bytes.
adding MD5 sums
* DONE (CCl4)
* creating vignettes ... ERROR
Welcome to Bioconductor
Vignettes contain introductory material. To view, type
'openVignette()'. To cite Bioconductor, see
'citation("Biobase")' and for packages 'citation(pkgname)'.
Error: processing vignette 'CCl4.Rnw' failed with diagnostics:
chunk 1 (label=loadlibs)
Error : package 'Biobase' 1.14.1 is loaded, but >= 1.15.13 is required by 'CCl4'
Execution halted