Back to the "Multiple platform build/check report"
| Package 214/214 | Hostname | OS | Arch | BUILD | CHECK | BUILD BIN | 
xcms1.8.0Colin A. SmithLast Changed Date: 2007-04-24 11:21:48 -0700 Last Changed Rev: 24214  | lamb1 | Linux (SUSE 10.1) | x86_64 | OK | OK | |
| wellington | Linux (SUSE 9.2) | i686 | OK | [ ERROR ] | ||
| lemming | Windows Server 2003 (32-bit) | x64 | OK | OK | OK | 
| Package: xcms | 
| Version: 1.8.0 | 
| Command: /loc/biocbuild/bbs-2.0-bioc/R/bin/R CMD check xcms_1.8.0.tar.gz | 
| RetCode: 1 | 
| Time: 14.8 seconds | 
| Status: ERROR | 
| CheckDir: xcms.Rcheck | 
| Warnings: NA | 
* checking for working latex ... OK * using log directory '/extra/loc/biocbuild/bbs-2.0-bioc/meat/xcms.Rcheck' * using R version 2.5.1 (2007-06-27) * checking for file 'xcms/DESCRIPTION' ... OK * this is package 'xcms' version '1.8.0' * checking package dependencies ... ERROR Packages required but not available: rgl See the information on DESCRIPTION files in the chapter 'Creating R packages' of the 'Writing R Extensions' manual.