Back to the "Multiple platform build/check report"
| Package 90/214 | Hostname | OS | Arch | BUILD | CHECK | BUILD BIN |
graph1.14.0Seth FalconLast Changed Date: 2007-04-24 11:21:48 -0700 Last Changed Rev: 24214 | lamb1 | Linux (SUSE 10.1) | x86_64 | OK | OK | |
| wellington | Linux (SUSE 9.2) | i686 | OK | OK | ||
| churchill | Solaris 2.9 | sparc | OK | [ ERROR ] | ||
| lemming | Windows Server 2003 (32-bit) | x64 | OK | OK | OK | |
| liverpool | Windows Server 2003 R2 (32-bit) | x64 | OK | OK | OK | |
| derby | Mac OS X (10.4.9) | i686 | OK | OK |
| Package: graph |
| Version: 1.14.0 |
| Command: /loc/biocbuild/bbs-2.0-bioc/R/bin/R CMD check graph_1.14.0.tar.gz |
| RetCode: 1 |
| Time: 12.2 seconds |
| Status: ERROR |
| CheckDir: graph.Rcheck |
| Warnings: NA |
* checking for working latex ... OK * using log directory '/loc/biocbuild/bbs-2.0-bioc/meat/graph.Rcheck' * using R version 2.5.0 (2007-04-23) * checking for file 'graph/DESCRIPTION' ... OK * this is package 'graph' version '1.14.0' * checking package dependencies ... ERROR Packages required but not available: XML See the information on DESCRIPTION files in the chapter 'Creating R packages' of the 'Writing R Extensions' manual.