Back to the "Multiple platform build/check report"
| Package 68/214 | Hostname | OS | Arch | BUILD | CHECK | BUILD BIN |
gaggle1.4.0Paul ShannonLast Changed Date: 2007-04-24 11:21:48 -0700 Last Changed Rev: 24214 | lamb1 | Linux (SUSE 10.1) | x86_64 | OK | OK | |
| wellington | Linux (SUSE 9.2) | i686 | OK | OK | ||
| churchill | Solaris 2.9 | sparc | OK | ERROR | ||
| lemming | Windows Server 2003 (32-bit) | x64 | OK | OK | OK | |
| liverpool | Windows Server 2003 R2 (32-bit) | x64 | OK | [ ERROR ] | OK | |
| derby | Mac OS X (10.4.9) | i686 | OK | OK |
| Package: gaggle |
| Version: 1.4.0 |
| Command: E:\biocbld\bbs-2.0-bioc\R\bin\R.exe CMD check gaggle_1.4.0.tar.gz |
| RetCode: 1 |
| Time: 4.8 seconds |
| Status: ERROR |
| CheckDir: gaggle.Rcheck |
| Warnings: NA |
* checking for working latex ... OK * using log directory 'E:/biocbld/bbs-2.0-bioc/meat/gaggle.Rcheck' * using R version 2.5.0 (2007-04-23) * checking for file 'gaggle/DESCRIPTION' ... OK * this is package 'gaggle' version '1.4.0' * checking package dependencies ... ERROR Packages required but not available: rJava See the information on DESCRIPTION files in the chapter 'Creating R packages' of the 'Writing R Extensions' manual.