Back to the "Multiple platform build/check report"
| Package 67/214 | Hostname | OS | Arch | BUILD | CHECK | BUILD BIN |
flowViz1.0.0Florian HahneLast Changed Date: 2007-04-24 11:21:48 -0700 Last Changed Rev: 24214 | lamb1 | Linux (SUSE 10.1) | x86_64 | OK | OK | |
| wellington | Linux (SUSE 9.2) | i686 | OK | ERROR | ||
| churchill | Solaris 2.9 | sparc | OK | ERROR | ||
| lemming | Windows Server 2003 (32-bit) | x64 | OK | OK | OK | |
| liverpool | Windows Server 2003 R2 (32-bit) | x64 | OK | OK | OK | |
| derby | Mac OS X (10.4.9) | i686 | OK | [ ERROR ] |
| Package: flowViz |
| Version: 1.0.0 |
| Command: /Library/Frameworks/R.framework/Resources/bin/R CMD check flowViz_1.0.0.tar.gz |
| RetCode: 1 |
| Time: 9.5 seconds |
| Status: ERROR |
| CheckDir: flowViz.Rcheck |
| Warnings: NA |
* checking for working latex ... OK * using log directory '/Users/biocbuild/bbs-2.0-bioc/meat/flowViz.Rcheck' * using R version 2.5.0 (2007-04-23) * checking for file 'flowViz/DESCRIPTION' ... OK * checking extension type ... Package * this is package 'flowViz' version '1.0.0' * checking package dependencies ... ERROR Packages required but not available: rgl See the information on DESCRIPTION files in the chapter 'Creating R packages' of the 'Writing R Extensions' manual.