Back to the "Multiple platform build/check report"
| Package 179/214 | Hostname | OS | Arch | BUILD | CHECK | BUILD BIN |
RSNPper1.10.0VJ CareyLast Changed Date: 2007-04-24 11:21:48 -0700 Last Changed Rev: 24214 | lamb1 | Linux (SUSE 10.1) | x86_64 | OK | OK | |
| wellington | Linux (SUSE 9.2) | i686 | OK | OK | ||
| churchill | Solaris 2.9 | sparc | [ ERROR ] | skipped | ||
| lemming | Windows Server 2003 (32-bit) | x64 | OK | OK | OK | |
| liverpool | Windows Server 2003 R2 (32-bit) | x64 | OK | OK | OK | |
| derby | Mac OS X (10.4.9) | i686 | OK | OK |
| Package: RSNPper |
| Version: 1.10.0 |
| Command: /loc/biocbuild/bbs-2.0-bioc/R/bin/R CMD build RSNPper |
| RetCode: 1 |
| Time: 9.0 seconds |
| Status: ERROR |
| PackageFile: None |
* checking for file 'RSNPper/DESCRIPTION' ... OK
* preparing 'RSNPper':
* checking DESCRIPTION meta-information ... OK
* installing the package to re-build vignettes
* Installing *source* package 'RSNPper' ...
** R
** inst
** help
>>> Building/Updating help pages for package 'RSNPper'
Formats: text html latex example
SNPperMeta-class text html latex example
geneInfo text html latex example
** building package indices ...
* DONE (RSNPper)
* creating vignettes ... ERROR
Loading required package: XML
Error: processing vignette 'RSNPper.Rnw' failed with diagnostics:
chunk 1
Error : package 'XML' could not be loaded
In addition: Warning message:
there is no package called 'XML' in: library(pkg, character.only = TRUE, logical = TRUE, lib.loc = lib.loc)
Execution halted