Back to the "Multiple platform build/check report"
| Package 144/208 | OS | Arch | BUILD | CHECK | BUILD BIN |
pdmclass1.7.0James W. MacDonald | Linux (SUSE 9.2) | x86_64 | OK | OK | |
| Linux (SUSE 10.1) | x86_64 | OK | OK | ||
| Linux (SUSE 9.2) | i686 | OK | OK | ||
| Solaris 2.9 | sparc | OK | OK | ||
| Windows Server 2003 | x86_64 | OK | OK | OK | |
| Windows Server 2003 | NA | OK | [ ERROR ] | OK | |
| Mac OS X (10.4.6) | i686 | OK | OK |
| Package: pdmclass |
| Version: 1.7.0 |
| Command: E:\biocbld\2.0d\R\bin\R.exe CMD check pdmclass_1.7.0.tar.gz |
| RetCode: 1 |
| Time: 293.8 seconds |
| Status: ERROR |
| CheckDir: pdmclass.Rcheck |
| Warnings: NA |
* checking for working latex ... OK * using log directory 'E:/biocbld/2.0d/Rpacks/pdmclass.Rcheck' * using R version 2.5.0 Under development (unstable) (2006-12-05 r40126) * checking for file 'pdmclass/DESCRIPTION' ... OK * checking extension type ... Package * this is package 'pdmclass' version '1.7.0' * checking package dependencies ... OK * checking if this is a source package ... OK * checking whether package 'pdmclass' can be installed ... OK * checking package directory ... OK * checking for portable file names ... OK * checking DESCRIPTION meta-information ... OK * checking top-level files ... OK * checking index information ... OK * checking package subdirectories ... OK * checking R files for syntax errors ... OK * checking R files for non-ASCII characters ... OK * checking whether the package can be loaded ... OK * checking whether the package can be loaded with stated dependencies ... OK * checking whether the name space can be loaded with stated dependencies ... OK * checking S3 generic/method consistency ... OK * checking replacement functions ... OK * checking foreign function calls ... OK * checking R code for possible problems ... OK * checking Rd files ... OK * checking Rd cross-references ... OK * checking for missing documentation entries ... OK * checking for code/documentation mismatches ... OK * checking Rd \usage sections ... OK * creating pdmclass-Ex.R ... OK * checking examples ... OK * checking package vignettes in 'inst/doc' ... OK * creating pdmclass-manual.tex ... OK * checking pdmclass-manual.tex ... ERROR LaTeX errors when creating DVI version. This typically indicates Rd problems.
pdmclass.Rcheck/00install.out:
installing R.css in E:/biocbld/2.0d/Rpacks/pdmclass.Rcheck
---------- Making package pdmclass ------------
adding build stamp to DESCRIPTION
installing NAMESPACE file and metadata
installing R files
installing inst files
installing man source files
installing indices
installing help
>>> Building/Updating help pages for package 'pdmclass'
Formats: text html latex example chm
my.svd text html latex chm
pdmClass text html latex example chm
pdmClass.cv text html latex example chm
pdmGenes text html latex example chm
pls1c text html latex chm
predict.pls text html latex example chm
svdpls1c text html latex chm
svdr text html latex chm
Microsoft HTML Help Compiler 4.74.8702
Compiling e:\biocbld\2.0d\Rpacks\pdmclass.Rcheck\00_pkg_src\pdmclass\chm\pdmclass.chm
Compile time: 0 minutes, 0 seconds
9 Topics
13 Local links
0 Internet links
1 Graphic
Created e:\biocbld\2.0d\Rpacks\pdmclass.Rcheck\00_pkg_src\pdmclass\chm\pdmclass.chm, 27,407 bytes
Compression decreased file by 4,621 bytes.
adding MD5 sums
* DONE (pdmclass)