Back to the "Multiple platform build/check report"
| Package 149/208 | OS | Arch | BUILD | CHECK | BUILD BIN |
plier1.5.0Crispin Miller | Linux (SUSE 9.2) | x86_64 | OK | WARNINGS | |
| Linux (SUSE 10.1) | x86_64 | OK | WARNINGS | ||
| Linux (SUSE 9.2) | i686 | OK | WARNINGS | ||
| Solaris 2.9 | sparc | OK | WARNINGS | ||
| Windows Server 2003 | x86_64 | OK | [ WARNINGS ] | OK | |
| Windows Server 2003 | NA | OK | ERROR | OK | |
| Mac OS X (10.4.6) | i686 | OK | ERROR |
| Package: plier |
| Version: 1.5.0 |
| Command: D:\biocbld\2.0d\R\bin\R.exe CMD check plier_1.5.0.tar.gz |
| RetCode: 0 |
| Time: 53.5 seconds |
| Status: WARNINGS |
| CheckDir: plier.Rcheck |
| Warnings: 1 |
* checking for working latex ... OK * using log directory 'D:/biocbld/2.0d/Rpacks/plier.Rcheck' * using R version 2.5.0 Under development (unstable) (2006-12-05 r40126) * checking for file 'plier/DESCRIPTION' ... OK * this is package 'plier' version '1.5.0' * checking package dependencies ... WARNING 'library' or 'require' calls not declared from: methods See the information on DESCRIPTION files in the chapter 'Creating R packages' of the 'Writing R Extensions' manual. * checking if this is a source package ... OK * checking whether package 'plier' can be installed ... OK * checking package directory ... OK * checking for portable file names ... OK * checking DESCRIPTION meta-information ... OK * checking top-level files ... OK * checking index information ... OK * checking package subdirectories ... OK * checking R files for syntax errors ... OK * checking R files for non-ASCII characters ... OK * checking whether the package can be loaded ... OK * checking whether the package can be loaded with stated dependencies ... OK * checking S3 generic/method consistency ... OK * checking replacement functions ... OK * checking foreign function calls ... OK * checking R code for possible problems ... OK * checking Rd files ... OK * checking Rd cross-references ... OK * checking for missing documentation entries ... OK * checking for code/documentation mismatches ... OK * checking Rd \usage sections ... OK * checking for CRLF line endings in C/C++/Fortran sources/headers ... OK * checking for portable use of $BLAS_LIBS ... OK * creating plier-Ex.R ... OK * checking examples ... OK * creating plier-manual.tex ... OK * checking plier-manual.tex ... OK WARNING: There was 1 warning, see D:/biocbld/2.0d/Rpacks/plier.Rcheck/00check.log for details
plier.Rcheck/00install.out:
installing R.css in D:/biocbld/2.0d/Rpacks/plier.Rcheck
---------- Making package plier ------------
adding build stamp to DESCRIPTION
making DLL ...
making affyplier.d from affyplier.cpp
making plier_impl.d from plier_impl.cpp
making plieralg.d from plieralg.cpp
making rwrapper.d from rwrapper.cpp
g++ -Id:/biocbld/2.0d/R/include -Wall -O2 -c affyplier.cpp -o affyplier.o
g++ -Id:/biocbld/2.0d/R/include -Wall -O2 -c plier_impl.cpp -o plier_impl.o
g++ -Id:/biocbld/2.0d/R/include -Wall -O2 -c plieralg.cpp -o plieralg.o
plieralg.cpp: In function `long int NewtonPlier(plier_data*, double&)':
plieralg.cpp:909: warning: 'LogLikelihood' might be used uninitialized in this function
plieralg.cpp: At global scope:
plieralg.cpp:48: warning: 'g_ErrorCode' defined but not used
g++ -Id:/biocbld/2.0d/R/include -Wall -O2 -c rwrapper.cpp -o rwrapper.o
rwrapper.cpp: In function `void one_probeset(bool*, double*, double*, double*, double*, double*, double*, double*, double*, int*, double*, int*, bool*, bool*, bool*, double*, double*, int*, int*, int*, long int*, double*, double*, double*, double*, int*)':
rwrapper.cpp:159: warning: 'rpct' might be used uninitialized in this function
windres --include-dir d:/biocbld/2.0d/R/include -i plier_res.rc -o plier_res.o
g++ -shared -s -o plier.dll plier.def affyplier.o plier_impl.o plieralg.o rwrapper.o plier_res.o -Ld:/biocbld/2.0d/R/bin -lR
... DLL made
installing DLL
installing R files
installing man source files
installing indices
installing help
>>> Building/Updating help pages for package 'plier'
Formats: text html latex example chm
justPlier text html latex example chm
Microsoft HTML Help Compiler 4.74.8702
Compiling d:\biocbld\2.0d\Rpacks\plier.Rcheck\00_pkg_src\plier\chm\plier.chm
Compile time: 0 minutes, 0 seconds
2 Topics
2 Local links
0 Internet links
1 Graphic
Created d:\biocbld\2.0d\Rpacks\plier.Rcheck\00_pkg_src\plier\chm\plier.chm, 16,902 bytes
Compression increased file by 7,942 bytes.
adding MD5 sums
* DONE (plier)