Back to the "Multiple platform build/check report"
| Package 208/208 | OS | Arch | BUILD | CHECK | BUILD BIN |
xcms1.7.0Colin A. Smith | Linux (SUSE 9.2) | x86_64 | OK | WARNINGS | |
| Linux (SUSE 10.1) | x86_64 | OK | WARNINGS | ||
| Linux (SUSE 9.2) | i686 | OK | WARNINGS | ||
| Solaris 2.9 | sparc | ERROR | skipped | ||
| Windows Server 2003 | x86_64 | OK | WARNINGS | OK | |
| Windows Server 2003 | NA | OK | ERROR | OK | |
| Mac OS X (10.4.6) | i686 | OK | [ WARNINGS ] |
| Package: xcms |
| Version: 1.7.0 |
| Command: /Library/Frameworks/R.framework/Resources/bin/R CMD check xcms_1.7.0.tar.gz |
| RetCode: 0 |
| Time: 322.1 seconds |
| Status: WARNINGS |
| CheckDir: xcms.Rcheck |
| Warnings: 3 |
* checking for working latex ... OK * using log directory '/Users/biocbuild/2.0d/Rpacks/xcms.Rcheck' * using R version 2.5.0 Under development (unstable) (2006-10-21 r39702) * checking for file 'xcms/DESCRIPTION' ... OK * this is package 'xcms' version '1.7.0' * checking package dependencies ... WARNING 'library' or 'require' calls not declared from: rgl See the information on DESCRIPTION files in the chapter 'Creating R packages' of the 'Writing R Extensions' manual. * checking if this is a source package ... OK * checking whether package 'xcms' can be installed ... WARNING Found the following significant warnings: Warning: '\.' is an unrecognized escape in a character string See '/Users/biocbuild/2.0d/Rpacks/xcms.Rcheck/00install.out' for details. * checking package directory ... OK * checking for portable file names ... OK * checking for sufficient/correct file permissions ... OK * checking DESCRIPTION meta-information ... OK * checking top-level files ... OK * checking index information ... OK * checking package subdirectories ... OK * checking R files for syntax errors ... WARNING Warning: '\.' is an unrecognized escape in a character string * checking R files for non-ASCII characters ... OK * checking whether the package can be loaded ... OK * checking whether the package can be loaded with stated dependencies ... OK * checking S3 generic/method consistency ... OK * checking replacement functions ... OK * checking foreign function calls ... OK * checking R code for possible problems ... OK * checking Rd files ... OK * checking Rd cross-references ... OK * checking for missing documentation entries ... OK * checking for code/documentation mismatches ... OK * checking Rd \usage sections ... OK * checking for CRLF line endings in C/C++/Fortran sources/headers ... OK * checking for portable compilation flags in Makevars ... OK * checking for portable use of $BLAS_LIBS ... OK * creating xcms-Ex.R ... OK * checking examples ... OK * checking package vignettes in 'inst/doc' ... OK * creating xcms-manual.tex ... OK * checking xcms-manual.tex ... OK WARNING: There were 3 warnings, see /Users/biocbuild/2.0d/Rpacks/xcms.Rcheck/00check.log for details
xcms.Rcheck/00install.out:
* Installing *source* package 'xcms' ...
** libs
** arch - i386
gcc-4.0 -arch i386 -I/Library/Frameworks/R.framework/Resources/include -I/Library/Frameworks/R.framework/Resources/include/i386 -I/usr/local/include -I/sw/include -D_LARGEFILE_SOURCE -msse3 -D__NO_MATH_INLINES -fPIC -g -O2 -std=gnu99 -march=pentium-m -mtune=prescott -c base64.c -o base64.o
gcc-4.0 -arch i386 -I/Library/Frameworks/R.framework/Resources/include -I/Library/Frameworks/R.framework/Resources/include/i386 -I/usr/local/include -I/sw/include -D_LARGEFILE_SOURCE -msse3 -D__NO_MATH_INLINES -fPIC -g -O2 -std=gnu99 -march=pentium-m -mtune=prescott -c netCDF.c -o netCDF.o
/var/tmp//ccIAqJGZ.s:690:indirect jmp without `*'
/var/tmp//ccIAqJGZ.s:705:indirect jmp without `*'
/var/tmp//ccIAqJGZ.s:720:indirect jmp without `*'
/var/tmp//ccIAqJGZ.s:735:indirect jmp without `*'
/var/tmp//ccIAqJGZ.s:750:indirect jmp without `*'
/var/tmp//ccIAqJGZ.s:765:indirect jmp without `*'
/var/tmp//ccIAqJGZ.s:780:indirect jmp without `*'
/var/tmp//ccIAqJGZ.s:795:indirect jmp without `*'
/var/tmp//ccIAqJGZ.s:810:indirect jmp without `*'
/var/tmp//ccIAqJGZ.s:825:indirect jmp without `*'
/var/tmp//ccIAqJGZ.s:840:indirect jmp without `*'
/var/tmp//ccIAqJGZ.s:855:indirect jmp without `*'
gcc-4.0 -arch i386 -I/Library/Frameworks/R.framework/Resources/include -I/Library/Frameworks/R.framework/Resources/include/i386 -I/usr/local/include -I/sw/include -D_LARGEFILE_SOURCE -msse3 -D__NO_MATH_INLINES -fPIC -g -O2 -std=gnu99 -march=pentium-m -mtune=prescott -c ramp.c -o ramp.o
/var/tmp//ccxzfklk.s:5474:indirect jmp without `*'
/var/tmp//ccxzfklk.s:5493:indirect jmp without `*'
/var/tmp//ccxzfklk.s:5508:indirect jmp without `*'
/var/tmp//ccxzfklk.s:5523:indirect jmp without `*'
/var/tmp//ccxzfklk.s:5538:indirect jmp without `*'
/var/tmp//ccxzfklk.s:5553:indirect jmp without `*'
/var/tmp//ccxzfklk.s:5568:indirect jmp without `*'
/var/tmp//ccxzfklk.s:5583:indirect jmp without `*'
/var/tmp//ccxzfklk.s:5598:indirect jmp without `*'
/var/tmp//ccxzfklk.s:5613:indirect jmp without `*'
/var/tmp//ccxzfklk.s:5628:indirect jmp without `*'
/var/tmp//ccxzfklk.s:5643:indirect jmp without `*'
/var/tmp//ccxzfklk.s:5658:indirect jmp without `*'
/var/tmp//ccxzfklk.s:5673:indirect jmp without `*'
/var/tmp//ccxzfklk.s:5688:indirect jmp without `*'
/var/tmp//ccxzfklk.s:5703:indirect jmp without `*'
/var/tmp//ccxzfklk.s:5718:indirect jmp without `*'
/var/tmp//ccxzfklk.s:5733:indirect jmp without `*'
/var/tmp//ccxzfklk.s:5748:indirect jmp without `*'
/var/tmp//ccxzfklk.s:5767:indirect jmp without `*'
/var/tmp//ccxzfklk.s:5782:indirect jmp without `*'
/var/tmp//ccxzfklk.s:5797:indirect jmp without `*'
/var/tmp//ccxzfklk.s:5812:indirect jmp without `*'
/var/tmp//ccxzfklk.s:5827:indirect jmp without `*'
/var/tmp//ccxzfklk.s:5842:indirect jmp without `*'
/var/tmp//ccxzfklk.s:5857:indirect jmp without `*'
/var/tmp//ccxzfklk.s:5872:indirect jmp without `*'
/var/tmp//ccxzfklk.s:5887:indirect jmp without `*'
gcc-4.0 -arch i386 -I/Library/Frameworks/R.framework/Resources/include -I/Library/Frameworks/R.framework/Resources/include/i386 -I/usr/local/include -I/sw/include -D_LARGEFILE_SOURCE -msse3 -D__NO_MATH_INLINES -fPIC -g -O2 -std=gnu99 -march=pentium-m -mtune=prescott -c rampR.c -o rampR.o
/var/tmp//ccqcOiL4.s:1826:indirect jmp without `*'
/var/tmp//ccqcOiL4.s:1841:indirect jmp without `*'
/var/tmp//ccqcOiL4.s:1856:indirect jmp without `*'
/var/tmp//ccqcOiL4.s:1871:indirect jmp without `*'
/var/tmp//ccqcOiL4.s:1886:indirect jmp without `*'
/var/tmp//ccqcOiL4.s:1901:indirect jmp without `*'
/var/tmp//ccqcOiL4.s:1920:indirect jmp without `*'
/var/tmp//ccqcOiL4.s:1935:indirect jmp without `*'
/var/tmp//ccqcOiL4.s:1950:indirect jmp without `*'
/var/tmp//ccqcOiL4.s:1965:indirect jmp without `*'
/var/tmp//ccqcOiL4.s:1984:indirect jmp without `*'
/var/tmp//ccqcOiL4.s:1999:indirect jmp without `*'
/var/tmp//ccqcOiL4.s:2014:indirect jmp without `*'
/var/tmp//ccqcOiL4.s:2029:indirect jmp without `*'
/var/tmp//ccqcOiL4.s:2044:indirect jmp without `*'
/var/tmp//ccqcOiL4.s:2059:indirect jmp without `*'
/var/tmp//ccqcOiL4.s:2074:indirect jmp without `*'
/var/tmp//ccqcOiL4.s:2089:indirect jmp without `*'
/var/tmp//ccqcOiL4.s:2104:indirect jmp without `*'
/var/tmp//ccqcOiL4.s:2119:indirect jmp without `*'
/var/tmp//ccqcOiL4.s:2138:indirect jmp without `*'
/var/tmp//ccqcOiL4.s:2153:indirect jmp without `*'
/var/tmp//ccqcOiL4.s:2168:indirect jmp without `*'
/var/tmp//ccqcOiL4.s:2183:indirect jmp without `*'
/var/tmp//ccqcOiL4.s:2198:indirect jmp without `*'
/var/tmp//ccqcOiL4.s:2213:indirect jmp without `*'
gcc-4.0 -arch i386 -I/Library/Frameworks/R.framework/Resources/include -I/Library/Frameworks/R.framework/Resources/include/i386 -I/usr/local/include -I/sw/include -D_LARGEFILE_SOURCE -msse3 -D__NO_MATH_INLINES -fPIC -g -O2 -std=gnu99 -march=pentium-m -mtune=prescott -c util.c -o util.o
/var/tmp//cclw6EBU.s:1423:indirect jmp without `*'
/var/tmp//cclw6EBU.s:1438:indirect jmp without `*'
/var/tmp//cclw6EBU.s:1453:indirect jmp without `*'
/var/tmp//cclw6EBU.s:1468:indirect jmp without `*'
/var/tmp//cclw6EBU.s:1483:indirect jmp without `*'
/var/tmp//cclw6EBU.s:1498:indirect jmp without `*'
/var/tmp//cclw6EBU.s:1513:indirect jmp without `*'
gcc-4.0 -arch i386 -I/Library/Frameworks/R.framework/Resources/include -I/Library/Frameworks/R.framework/Resources/include/i386 -I/usr/local/include -I/sw/include -D_LARGEFILE_SOURCE -msse3 -D__NO_MATH_INLINES -fPIC -g -O2 -std=gnu99 -march=pentium-m -mtune=prescott -c xcms.c -o xcms.o
/var/tmp//ccwmoXmW.s:2177:indirect jmp without `*'
/var/tmp//ccwmoXmW.s:2192:indirect jmp without `*'
/var/tmp//ccwmoXmW.s:2207:indirect jmp without `*'
/var/tmp//ccwmoXmW.s:2222:indirect jmp without `*'
/var/tmp//ccwmoXmW.s:2237:indirect jmp without `*'
/var/tmp//ccwmoXmW.s:2252:indirect jmp without `*'
/var/tmp//ccwmoXmW.s:2267:indirect jmp without `*'
/var/tmp//ccwmoXmW.s:2282:indirect jmp without `*'
gcc-4.0 -arch i386 -dynamiclib -Wl,-macosx_version_min -Wl,10.3 -undefined dynamic_lookup -single_module -multiply_defined suppress -L/usr/local/lib -o xcms.so base64.o netCDF.o ramp.o rampR.o util.o xcms.o -L/usr/local/lib -L/sw/lib -lnetcdf -F/Library/Frameworks/R.framework/.. -framework R
ld: warning -L: directory name (/sw/lib) does not exist
** arch - ppc
gcc-4.0 -arch ppc -std=gnu99 -I/Library/Frameworks/R.framework/Resources/include -I/Library/Frameworks/R.framework/Resources/include/ppc -I/usr/local/include -I/sw/include -D_LARGEFILE_SOURCE -I/usr/local/include -fPIC -g -O2 -c base64.c -o base64.o
gcc-4.0 -arch ppc -std=gnu99 -I/Library/Frameworks/R.framework/Resources/include -I/Library/Frameworks/R.framework/Resources/include/ppc -I/usr/local/include -I/sw/include -D_LARGEFILE_SOURCE -I/usr/local/include -fPIC -g -O2 -c netCDF.c -o netCDF.o
gcc-4.0 -arch ppc -std=gnu99 -I/Library/Frameworks/R.framework/Resources/include -I/Library/Frameworks/R.framework/Resources/include/ppc -I/usr/local/include -I/sw/include -D_LARGEFILE_SOURCE -I/usr/local/include -fPIC -g -O2 -c ramp.c -o ramp.o
gcc-4.0 -arch ppc -std=gnu99 -I/Library/Frameworks/R.framework/Resources/include -I/Library/Frameworks/R.framework/Resources/include/ppc -I/usr/local/include -I/sw/include -D_LARGEFILE_SOURCE -I/usr/local/include -fPIC -g -O2 -c rampR.c -o rampR.o
gcc-4.0 -arch ppc -std=gnu99 -I/Library/Frameworks/R.framework/Resources/include -I/Library/Frameworks/R.framework/Resources/include/ppc -I/usr/local/include -I/sw/include -D_LARGEFILE_SOURCE -I/usr/local/include -fPIC -g -O2 -c util.c -o util.o
gcc-4.0 -arch ppc -std=gnu99 -I/Library/Frameworks/R.framework/Resources/include -I/Library/Frameworks/R.framework/Resources/include/ppc -I/usr/local/include -I/sw/include -D_LARGEFILE_SOURCE -I/usr/local/include -fPIC -g -O2 -c xcms.c -o xcms.o
gcc-4.0 -arch ppc -std=gnu99 -dynamiclib -Wl,-macosx_version_min -Wl,10.3 -undefined dynamic_lookup -single_module -multiply_defined suppress -L/usr/local/lib -o xcms.so base64.o netCDF.o ramp.o rampR.o util.o xcms.o -L/usr/local/lib -L/sw/lib -lnetcdf -F/Library/Frameworks/R.framework/.. -framework R
ld: warning -L: directory name (/sw/lib) does not exist
** R
** inst
** preparing package for lazy loading
Warning: '\.' is an unrecognized escape in a character string
** help
>>> Building/Updating help pages for package 'xcms'
Formats: text html latex example
SSgauss text html latex
c.xcmsSet text html latex
clustunique text html latex
colMax text html latex
descendZero text html latex example
diffreport-methods text html latex
doubleMatrix text html latex
etg text html latex
fillPeaks-methods text html latex
filtfft text html latex
findEqualGreater text html latex
findPeaks-methods text html latex
getEIC-methods text html latex
getPeaks-methods text html latex
getScan-methods text html latex
getSpec-methods text html latex
group-methods text html latex
groupnames-methods text html latex
groupval-methods text html latex
image.xcmsRaw text html latex
medianFilter text html latex example
na.flatfill text html latex
netCDF text html latex
panel.cor text html latex
plot-methods text html latex
plotChrom-methods text html latex
plotPeaks-methods text html latex
plotRaw-methods text html latex
plotScan-methods text html latex
plotSpec-methods text html latex
plotSurf-methods text html latex
plotTIC-methods text html latex
plotrt-methods text html latex
profGenerate text html latex
profMedFilt-methods text html latex
profMethod-methods text html latex
profRange-methods text html latex
profStep-methods text html latex
pval text html latex
ramp text html latex
rectUnique text html latex example
retcor-methods text html latex
retexp text html latex
sampnames-methods text html latex
specNoise text html latex
specPeaks text html latex
split.xcmsSet text html latex
xcmsEIC-class text html latex
xcmsRaw-class text html latex
xcmsRaw text html latex
xcmsSet-class text html latex
xcmsSet text html latex
** building package indices ...
* DONE (xcms)