Back to the "Multiple platform build/check report"
| Package 159/208 | OS | Arch | BUILD | CHECK | BUILD BIN |
RBGL1.11.1Li Long | Linux (SUSE 9.2) | x86_64 | ERROR | skipped | |
| Linux (SUSE 10.1) | x86_64 | ERROR | skipped | ||
| Linux (SUSE 9.2) | i686 | ERROR | skipped | ||
| Solaris 2.9 | sparc | ERROR | skipped | ||
| Windows Server 2003 | x86_64 | ERROR | skipped | skipped | |
| Windows Server 2003 | NA | ERROR | skipped | skipped | |
| Mac OS X (10.4.6) | i686 | OK | [ ERROR ] |
| Package: RBGL |
| Version: 1.11.1 |
| Command: /Library/Frameworks/R.framework/Resources/bin/R CMD check RBGL_1.11.1.tar.gz |
| RetCode: 1 |
| Time: 156.7 seconds |
| Status: ERROR |
| CheckDir: RBGL.Rcheck |
| Warnings: NA |
* checking for working latex ... OK
* using log directory '/Users/biocbuild/2.0d/Rpacks/RBGL.Rcheck'
* using R version 2.5.0 Under development (unstable) (2006-10-21 r39702)
* checking for file 'RBGL/DESCRIPTION' ... OK
* this is package 'RBGL' version '1.11.1'
* checking package dependencies ... OK
* checking if this is a source package ... OK
* checking whether package 'RBGL' can be installed ... OK
* checking package directory ... OK
* checking for portable file names ... OK
* checking for sufficient/correct file permissions ... OK
* checking DESCRIPTION meta-information ... OK
* checking top-level files ... OK
* checking index information ... OK
* checking package subdirectories ... OK
* checking R files for syntax errors ... OK
* checking R files for non-ASCII characters ... OK
* checking whether the package can be loaded ... OK
* checking whether the package can be loaded with stated dependencies ... OK
* checking whether the name space can be loaded with stated dependencies ... OK
* checking S3 generic/method consistency ... OK
* checking replacement functions ... OK
* checking foreign function calls ... OK
* checking R code for possible problems ... OK
* checking Rd files ... OK
* checking Rd cross-references ... OK
* checking for missing documentation entries ... OK
* checking for code/documentation mismatches ... OK
* checking Rd \usage sections ... OK
* checking for CRLF line endings in C/C++/Fortran sources/headers ... OK
* checking for portable compilation flags in Makevars ... OK
* checking for portable use of $BLAS_LIBS ... OK
* creating RBGL-Ex.R ... OK
* checking examples ... ERROR
Running examples in 'RBGL-Ex.R' failed.
The error most likely occurred in:
> ### * FileDep
>
> flush(stderr()); flush(stdout())
>
> ### Name: FileDep
> ### Title: FileDep: a graphNEL object representing a file dependency
> ### dataset example in boost graph library
> ### Aliases: FileDep
> ### Keywords: graphs
>
> ### ** Examples
>
> # this is how the graph of data(FileDep) was obtained
> library(graph)
> fd <- file(system.file("XML/FileDep.gxl",package="RBGL"), open="r")
> show(fromGXL(fd))
Loading required package: XML
Attaching package: 'XML'
The following object(s) are masked from package:graph :
addNode
A graphNEL graph with directed edges
Number of Nodes = 15
Number of Edges = 19
> if (require(Rgraphviz))
+ {
+ data(FileDep)
+ plot(FileDep)
+ }
Loading required package: Rgraphviz
Loading required package: geneplotter
Loading required package: annotate
Loading required package: Biobase
Loading required package: tools
Welcome to Bioconductor
Vignettes contain introductory material. To view, type
'openVignette()' or start with 'help(Biobase)'. For details
on reading vignettes, see the openVignette help page.
Loading required package: lattice
KernSmooth 2.22 installed
Copyright M. P. Wand 1997
*** caught bus error ***
address 0x40, cause 'non-existent physical address'
Traceback:
1: .Call("Rgraphviz_doLayout", graph, as.integer(type), PACKAGE = "Rgraphviz")
2: layoutGraph(g)
3: agopen(x, name = name, layout = TRUE, layoutType = y, attrs = attrs, nodeAttrs = nodeAttrs, edgeAttrs = edgeAttrs, subGList = subGList, recipEdges = recipEdges)
4: .local(x, y, ...)
5: plot(FileDep)
6: plot(FileDep)
aborting ...
RBGL.Rcheck/00install.out:
* Installing *source* package 'RBGL' ...
untarring boost include tree...
** libs
** arch - i386
g++-4.0 -arch i386 -I/Library/Frameworks/R.framework/Resources/include -I/Library/Frameworks/R.framework/Resources/include/i386 -msse3 -IboostIncl -fPIC -g -O2 -march=pentium-m -mtune=prescott -c bbc.cpp -o bbc.o
/var/tmp//ccXiDdQq.s:44212:indirect jmp without `*'
/var/tmp//ccXiDdQq.s:44234:indirect jmp without `*'
/var/tmp//ccXiDdQq.s:44249:indirect jmp without `*'
/var/tmp//ccXiDdQq.s:44264:indirect jmp without `*'
/var/tmp//ccXiDdQq.s:44286:indirect jmp without `*'
/var/tmp//ccXiDdQq.s:44301:indirect jmp without `*'
/var/tmp//ccXiDdQq.s:44320:indirect jmp without `*'
/var/tmp//ccXiDdQq.s:44335:indirect jmp without `*'
/var/tmp//ccXiDdQq.s:44350:indirect jmp without `*'
/var/tmp//ccXiDdQq.s:44369:indirect jmp without `*'
/var/tmp//ccXiDdQq.s:44384:indirect jmp without `*'
/var/tmp//ccXiDdQq.s:44399:indirect jmp without `*'
/var/tmp//ccXiDdQq.s:44414:indirect jmp without `*'
/var/tmp//ccXiDdQq.s:44429:indirect jmp without `*'
/var/tmp//ccXiDdQq.s:44444:indirect jmp without `*'
/var/tmp//ccXiDdQq.s:44459:indirect jmp without `*'
/var/tmp//ccXiDdQq.s:44474:indirect jmp without `*'
/var/tmp//ccXiDdQq.s:44489:indirect jmp without `*'
/var/tmp//ccXiDdQq.s:44504:indirect jmp without `*'
/var/tmp//ccXiDdQq.s:44523:indirect jmp without `*'
/var/tmp//ccXiDdQq.s:44538:indirect jmp without `*'
/var/tmp//ccXiDdQq.s:44553:indirect jmp without `*'
/var/tmp//ccXiDdQq.s:44568:indirect jmp without `*'
/var/tmp//ccXiDdQq.s:44583:indirect jmp without `*'
/var/tmp//ccXiDdQq.s:44598:indirect jmp without `*'
/var/tmp//ccXiDdQq.s:44613:indirect jmp without `*'
/var/tmp//ccXiDdQq.s:44628:indirect jmp without `*'
/var/tmp//ccXiDdQq.s:44647:indirect jmp without `*'
/var/tmp//ccXiDdQq.s:44662:indirect jmp without `*'
/var/tmp//ccXiDdQq.s:44677:indirect jmp without `*'
/var/tmp//ccXiDdQq.s:44692:indirect jmp without `*'
/var/tmp//ccXiDdQq.s:44707:indirect jmp without `*'
/var/tmp//ccXiDdQq.s:44722:indirect jmp without `*'
/var/tmp//ccXiDdQq.s:44737:indirect jmp without `*'
/var/tmp//ccXiDdQq.s:44756:indirect jmp without `*'
/var/tmp//ccXiDdQq.s:44771:indirect jmp without `*'
/var/tmp//ccXiDdQq.s:44786:indirect jmp without `*'
/var/tmp//ccXiDdQq.s:44801:indirect jmp without `*'
/var/tmp//ccXiDdQq.s:44816:indirect jmp without `*'
/var/tmp//ccXiDdQq.s:44831:indirect jmp without `*'
/var/tmp//ccXiDdQq.s:44846:indirect jmp without `*'
/var/tmp//ccXiDdQq.s:44861:indirect jmp without `*'
/var/tmp//ccXiDdQq.s:44876:indirect jmp without `*'
/var/tmp//ccXiDdQq.s:44891:indirect jmp without `*'
/var/tmp//ccXiDdQq.s:44906:indirect jmp without `*'
/var/tmp//ccXiDdQq.s:44925:indirect jmp without `*'
/var/tmp//ccXiDdQq.s:44940:indirect jmp without `*'
/var/tmp//ccXiDdQq.s:44955:indirect jmp without `*'
/var/tmp//ccXiDdQq.s:44970:indirect jmp without `*'
/var/tmp//ccXiDdQq.s:44985:indirect jmp without `*'
/var/tmp//ccXiDdQq.s:45000:indirect jmp without `*'
/var/tmp//ccXiDdQq.s:45015:indirect jmp without `*'
/var/tmp//ccXiDdQq.s:45030:indirect jmp without `*'
/var/tmp//ccXiDdQq.s:45045:indirect jmp without `*'
/var/tmp//ccXiDdQq.s:45060:indirect jmp without `*'
/var/tmp//ccXiDdQq.s:45075:indirect jmp without `*'
/var/tmp//ccXiDdQq.s:45090:indirect jmp without `*'
/var/tmp//ccXiDdQq.s:45105:indirect jmp without `*'
/var/tmp//ccXiDdQq.s:45120:indirect jmp without `*'
/var/tmp//ccXiDdQq.s:45135:indirect jmp without `*'
/var/tmp//ccXiDdQq.s:45150:indirect jmp without `*'
/var/tmp//ccXiDdQq.s:45165:indirect jmp without `*'
/var/tmp//ccXiDdQq.s:45180:indirect jmp without `*'
/var/tmp//ccXiDdQq.s:45195:indirect jmp without `*'
/var/tmp//ccXiDdQq.s:45210:indirect jmp without `*'
/var/tmp//ccXiDdQq.s:45225:indirect jmp without `*'
/var/tmp//ccXiDdQq.s:45244:indirect jmp without `*'
/var/tmp//ccXiDdQq.s:45259:indirect jmp without `*'
/var/tmp//ccXiDdQq.s:45274:indirect jmp without `*'
/var/tmp//ccXiDdQq.s:45289:indirect jmp without `*'
/var/tmp//ccXiDdQq.s:45308:indirect jmp without `*'
/var/tmp//ccXiDdQq.s:45323:indirect jmp without `*'
/var/tmp//ccXiDdQq.s:45338:indirect jmp without `*'
/var/tmp//ccXiDdQq.s:45353:indirect jmp without `*'
/var/tmp//ccXiDdQq.s:45368:indirect jmp without `*'
/var/tmp//ccXiDdQq.s:45383:indirect jmp without `*'
/var/tmp//ccXiDdQq.s:45398:indirect jmp without `*'
/var/tmp//ccXiDdQq.s:45413:indirect jmp without `*'
/var/tmp//ccXiDdQq.s:45428:indirect jmp without `*'
/var/tmp//ccXiDdQq.s:45443:indirect jmp without `*'
/var/tmp//ccXiDdQq.s:45462:indirect jmp without `*'
/var/tmp//ccXiDdQq.s:45477:indirect jmp without `*'
/var/tmp//ccXiDdQq.s:45492:indirect jmp without `*'
/var/tmp//ccXiDdQq.s:45507:indirect jmp without `*'
/var/tmp//ccXiDdQq.s:45522:indirect jmp without `*'
/var/tmp//ccXiDdQq.s:45537:indirect jmp without `*'
/var/tmp//ccXiDdQq.s:45552:indirect jmp without `*'
/var/tmp//ccXiDdQq.s:45567:indirect jmp without `*'
/var/tmp//ccXiDdQq.s:45582:indirect jmp without `*'
/var/tmp//ccXiDdQq.s:45597:indirect jmp without `*'
/var/tmp//ccXiDdQq.s:45612:indirect jmp without `*'
/var/tmp//ccXiDdQq.s:45627:indirect jmp without `*'
/var/tmp//ccXiDdQq.s:45642:indirect jmp without `*'
/var/tmp//ccXiDdQq.s:45657:indirect jmp without `*'
/var/tmp//ccXiDdQq.s:45672:indirect jmp without `*'
/var/tmp//ccXiDdQq.s:45687:indirect jmp without `*'
/var/tmp//ccXiDdQq.s:45702:indirect jmp without `*'
/var/tmp//ccXiDdQq.s:45717:indirect jmp without `*'
/var/tmp//ccXiDdQq.s:45732:indirect jmp without `*'
/var/tmp//ccXiDdQq.s:45747:indirect jmp without `*'
/var/tmp//ccXiDdQq.s:45762:indirect jmp without `*'
/var/tmp//ccXiDdQq.s:45781:indirect jmp without `*'
/var/tmp//ccXiDdQq.s:45796:indirect jmp without `*'
/var/tmp//ccXiDdQq.s:45811:indirect jmp without `*'
/var/tmp//ccXiDdQq.s:45826:indirect jmp without `*'
/var/tmp//ccXiDdQq.s:45841:indirect jmp without `*'
/var/tmp//ccXiDdQq.s:45856:indirect jmp without `*'
/var/tmp//ccXiDdQq.s:45871:indirect jmp without `*'
/var/tmp//ccXiDdQq.s:45886:indirect jmp without `*'
/var/tmp//ccXiDdQq.s:45905:indirect jmp without `*'
/var/tmp//ccXiDdQq.s:45920:indirect jmp without `*'
/var/tmp//ccXiDdQq.s:45935:indirect jmp without `*'
/var/tmp//ccXiDdQq.s:45950:indirect jmp without `*'
/var/tmp//ccXiDdQq.s:45965:indirect jmp without `*'
/var/tmp//ccXiDdQq.s:45987:indirect jmp without `*'
/var/tmp//ccXiDdQq.s:46002:indirect jmp without `*'
/var/tmp//ccXiDdQq.s:46017:indirect jmp without `*'
/var/tmp//ccXiDdQq.s:46032:indirect jmp without `*'
/var/tmp//ccXiDdQq.s:46047:indirect jmp without `*'
/var/tmp//ccXiDdQq.s:46066:indirect jmp without `*'
/var/tmp//ccXiDdQq.s:46081:indirect jmp without `*'
/var/tmp//ccXiDdQq.s:46096:indirect jmp without `*'
/var/tmp//ccXiDdQq.s:46111:indirect jmp without `*'
/var/tmp//ccXiDdQq.s:46126:indirect jmp without `*'
/var/tmp//ccXiDdQq.s:46145:indirect jmp without `*'
/var/tmp//ccXiDdQq.s:46160:indirect jmp without `*'
/var/tmp//ccXiDdQq.s:46175:indirect jmp without `*'
/var/tmp//ccXiDdQq.s:46190:indirect jmp without `*'
/var/tmp//ccXiDdQq.s:46205:indirect jmp without `*'
/var/tmp//ccXiDdQq.s:46220:indirect jmp without `*'
/var/tmp//ccXiDdQq.s:46235:indirect jmp without `*'
/var/tmp//ccXiDdQq.s:46250:indirect jmp without `*'
/var/tmp//ccXiDdQq.s:46269:indirect jmp without `*'
/var/tmp//ccXiDdQq.s:46284:indirect jmp without `*'
/var/tmp//ccXiDdQq.s:46299:indirect jmp without `*'
/var/tmp//ccXiDdQq.s:46314:indirect jmp without `*'
/var/tmp//ccXiDdQq.s:46329:indirect jmp without `*'
/var/tmp//ccXiDdQq.s:46348:indirect jmp without `*'
/var/tmp//ccXiDdQq.s:46363:indirect jmp without `*'
g++-4.0 -arch i386 -I/Library/Frameworks/R.framework/Resources/include -I/Library/Frameworks/R.framework/Resources/include/i386 -msse3 -IboostIncl -fPIC -g -O2 -march=pentium-m -mtune=prescott -c cliques.cpp -o cliques.o
/var/tmp//ccyDWmtf.s:15541:indirect jmp without `*'
/var/tmp//ccyDWmtf.s:15556:indirect jmp without `*'
/var/tmp//ccyDWmtf.s:15571:indirect jmp without `*'
/var/tmp//ccyDWmtf.s:15586:indirect jmp without `*'
/var/tmp//ccyDWmtf.s:15601:indirect jmp without `*'
/var/tmp//ccyDWmtf.s:15616:indirect jmp without `*'
/var/tmp//ccyDWmtf.s:15631:indirect jmp without `*'
/var/tmp//ccyDWmtf.s:15646:indirect jmp without `*'
/var/tmp//ccyDWmtf.s:15665:indirect jmp without `*'
/var/tmp//ccyDWmtf.s:15680:indirect jmp without `*'
/var/tmp//ccyDWmtf.s:15695:indirect jmp without `*'
/var/tmp//ccyDWmtf.s:15710:indirect jmp without `*'
/var/tmp//ccyDWmtf.s:15725:indirect jmp without `*'
/var/tmp//ccyDWmtf.s:15740:indirect jmp without `*'
/var/tmp//ccyDWmtf.s:15755:indirect jmp without `*'
/var/tmp//ccyDWmtf.s:15770:indirect jmp without `*'
/var/tmp//ccyDWmtf.s:15785:indirect jmp without `*'
/var/tmp//ccyDWmtf.s:15800:indirect jmp without `*'
/var/tmp//ccyDWmtf.s:15819:indirect jmp without `*'
/var/tmp//ccyDWmtf.s:15834:indirect jmp without `*'
/var/tmp//ccyDWmtf.s:15849:indirect jmp without `*'
/var/tmp//ccyDWmtf.s:15864:indirect jmp without `*'
/var/tmp//ccyDWmtf.s:15879:indirect jmp without `*'
/var/tmp//ccyDWmtf.s:15894:indirect jmp without `*'
/var/tmp//ccyDWmtf.s:15909:indirect jmp without `*'
/var/tmp//ccyDWmtf.s:15924:indirect jmp without `*'
/var/tmp//ccyDWmtf.s:15939:indirect jmp without `*'
/var/tmp//ccyDWmtf.s:15954:indirect jmp without `*'
/var/tmp//ccyDWmtf.s:15969:indirect jmp without `*'
/var/tmp//ccyDWmtf.s:15984:indirect jmp without `*'
/var/tmp//ccyDWmtf.s:16003:indirect jmp without `*'
/var/tmp//ccyDWmtf.s:16018:indirect jmp without `*'
/var/tmp//ccyDWmtf.s:16033:indirect jmp without `*'
/var/tmp//ccyDWmtf.s:16048:indirect jmp without `*'
/var/tmp//ccyDWmtf.s:16063:indirect jmp without `*'
/var/tmp//ccyDWmtf.s:16078:indirect jmp without `*'
/var/tmp//ccyDWmtf.s:16093:indirect jmp without `*'
/var/tmp//ccyDWmtf.s:16108:indirect jmp without `*'
/var/tmp//ccyDWmtf.s:16123:indirect jmp without `*'
/var/tmp//ccyDWmtf.s:16138:indirect jmp without `*'
/var/tmp//ccyDWmtf.s:16153:indirect jmp without `*'
/var/tmp//ccyDWmtf.s:16168:indirect jmp without `*'
/var/tmp//ccyDWmtf.s:16183:indirect jmp without `*'
/var/tmp//ccyDWmtf.s:16198:indirect jmp without `*'
/var/tmp//ccyDWmtf.s:16217:indirect jmp without `*'
/var/tmp//ccyDWmtf.s:16232:indirect jmp without `*'
/var/tmp//ccyDWmtf.s:16247:indirect jmp without `*'
/var/tmp//ccyDWmtf.s:16262:indirect jmp without `*'
/var/tmp//ccyDWmtf.s:16277:indirect jmp without `*'
/var/tmp//ccyDWmtf.s:16292:indirect jmp without `*'
/var/tmp//ccyDWmtf.s:16307:indirect jmp without `*'
/var/tmp//ccyDWmtf.s:16322:indirect jmp without `*'
/var/tmp//ccyDWmtf.s:16337:indirect jmp without `*'
/var/tmp//ccyDWmtf.s:16352:indirect jmp without `*'
/var/tmp//ccyDWmtf.s:16371:indirect jmp without `*'
/var/tmp//ccyDWmtf.s:16386:indirect jmp without `*'
/var/tmp//ccyDWmtf.s:16401:indirect jmp without `*'
/var/tmp//ccyDWmtf.s:16416:indirect jmp without `*'
/var/tmp//ccyDWmtf.s:16431:indirect jmp without `*'
/var/tmp//ccyDWmtf.s:16446:indirect jmp without `*'
g++-4.0 -arch i386 -I/Library/Frameworks/R.framework/Resources/include -I/Library/Frameworks/R.framework/Resources/include/i386 -msse3 -IboostIncl -fPIC -g -O2 -march=pentium-m -mtune=prescott -c clusteringCoef.cpp -o clusteringCoef.o
/var/tmp//ccZIRyck.s:21111:indirect jmp without `*'
/var/tmp//ccZIRyck.s:21126:indirect jmp without `*'
/var/tmp//ccZIRyck.s:21141:indirect jmp without `*'
/var/tmp//ccZIRyck.s:21160:indirect jmp without `*'
/var/tmp//ccZIRyck.s:21175:indirect jmp without `*'
/var/tmp//ccZIRyck.s:21190:indirect jmp without `*'
/var/tmp//ccZIRyck.s:21205:indirect jmp without `*'
/var/tmp//ccZIRyck.s:21224:indirect jmp without `*'
/var/tmp//ccZIRyck.s:21239:indirect jmp without `*'
/var/tmp//ccZIRyck.s:21254:indirect jmp without `*'
/var/tmp//ccZIRyck.s:21269:indirect jmp without `*'
/var/tmp//ccZIRyck.s:21284:indirect jmp without `*'
/var/tmp//ccZIRyck.s:21299:indirect jmp without `*'
/var/tmp//ccZIRyck.s:21314:indirect jmp without `*'
/var/tmp//ccZIRyck.s:21329:indirect jmp without `*'
/var/tmp//ccZIRyck.s:21344:indirect jmp without `*'
/var/tmp//ccZIRyck.s:21359:indirect jmp without `*'
/var/tmp//ccZIRyck.s:21374:indirect jmp without `*'
/var/tmp//ccZIRyck.s:21389:indirect jmp without `*'
/var/tmp//ccZIRyck.s:21404:indirect jmp without `*'
/var/tmp//ccZIRyck.s:21419:indirect jmp without `*'
/var/tmp//ccZIRyck.s:21438:indirect jmp without `*'
/var/tmp//ccZIRyck.s:21453:indirect jmp without `*'
/var/tmp//ccZIRyck.s:21468:indirect jmp without `*'
/var/tmp//ccZIRyck.s:21483:indirect jmp without `*'
/var/tmp//ccZIRyck.s:21498:indirect jmp without `*'
/var/tmp//ccZIRyck.s:21513:indirect jmp without `*'
/var/tmp//ccZIRyck.s:21528:indirect jmp without `*'
/var/tmp//ccZIRyck.s:21543:indirect jmp without `*'
/var/tmp//ccZIRyck.s:21558:indirect jmp without `*'
/var/tmp//ccZIRyck.s:21573:indirect jmp without `*'
/var/tmp//ccZIRyck.s:21588:indirect jmp without `*'
/var/tmp//ccZIRyck.s:21603:indirect jmp without `*'
/var/tmp//ccZIRyck.s:21618:indirect jmp without `*'
/var/tmp//ccZIRyck.s:21633:indirect jmp without `*'
/var/tmp//ccZIRyck.s:21648:indirect jmp without `*'
/var/tmp//ccZIRyck.s:21663:indirect jmp without `*'
/var/tmp//ccZIRyck.s:21678:indirect jmp without `*'
/var/tmp//ccZIRyck.s:21693:indirect jmp without `*'
/var/tmp//ccZIRyck.s:21708:indirect jmp without `*'
/var/tmp//ccZIRyck.s:21723:indirect jmp without `*'
/var/tmp//ccZIRyck.s:21738:indirect jmp without `*'
/var/tmp//ccZIRyck.s:21757:indirect jmp without `*'
/var/tmp//ccZIRyck.s:21772:indirect jmp without `*'
/var/tmp//ccZIRyck.s:21787:indirect jmp without `*'
/var/tmp//ccZIRyck.s:21802:indirect jmp without `*'
/var/tmp//ccZIRyck.s:21817:indirect jmp without `*'
/var/tmp//ccZIRyck.s:21832:indirect jmp without `*'
/var/tmp//ccZIRyck.s:21847:indirect jmp without `*'
/var/tmp//ccZIRyck.s:21862:indirect jmp without `*'
/var/tmp//ccZIRyck.s:21877:indirect jmp without `*'
/var/tmp//ccZIRyck.s:21896:indirect jmp without `*'
/var/tmp//ccZIRyck.s:21911:indirect jmp without `*'
/var/tmp//ccZIRyck.s:21926:indirect jmp without `*'
/var/tmp//ccZIRyck.s:21941:indirect jmp without `*'
/var/tmp//ccZIRyck.s:21956:indirect jmp without `*'
/var/tmp//ccZIRyck.s:21971:indirect jmp without `*'
/var/tmp//ccZIRyck.s:21986:indirect jmp without `*'
/var/tmp//ccZIRyck.s:22001:indirect jmp without `*'
/var/tmp//ccZIRyck.s:22016:indirect jmp without `*'
/var/tmp//ccZIRyck.s:22031:indirect jmp without `*'
/var/tmp//ccZIRyck.s:22046:indirect jmp without `*'
/var/tmp//ccZIRyck.s:22061:indirect jmp without `*'
/var/tmp//ccZIRyck.s:22076:indirect jmp without `*'
/var/tmp//ccZIRyck.s:22095:indirect jmp without `*'
/var/tmp//ccZIRyck.s:22110:indirect jmp without `*'
/var/tmp//ccZIRyck.s:22125:indirect jmp without `*'
/var/tmp//ccZIRyck.s:22140:indirect jmp without `*'
/var/tmp//ccZIRyck.s:22155:indirect jmp without `*'
/var/tmp//ccZIRyck.s:22170:indirect jmp without `*'
/var/tmp//ccZIRyck.s:22185:indirect jmp without `*'
/var/tmp//ccZIRyck.s:22200:indirect jmp without `*'
/var/tmp//ccZIRyck.s:22215:indirect jmp without `*'
/var/tmp//ccZIRyck.s:22230:indirect jmp without `*'
/var/tmp//ccZIRyck.s:22245:indirect jmp without `*'
/var/tmp//ccZIRyck.s:22260:indirect jmp without `*'
/var/tmp//ccZIRyck.s:22275:indirect jmp without `*'
/var/tmp//ccZIRyck.s:22290:indirect jmp without `*'
/var/tmp//ccZIRyck.s:22305:indirect jmp without `*'
/var/tmp//ccZIRyck.s:22320:indirect jmp without `*'
/var/tmp//ccZIRyck.s:22335:indirect jmp without `*'
/var/tmp//ccZIRyck.s:22350:indirect jmp without `*'
/var/tmp//ccZIRyck.s:22365:indirect jmp without `*'
/var/tmp//ccZIRyck.s:22380:indirect jmp without `*'
/var/tmp//ccZIRyck.s:22395:indirect jmp without `*'
g++-4.0 -arch i386 -I/Library/Frameworks/R.framework/Resources/include -I/Library/Frameworks/R.framework/Resources/include/i386 -msse3 -IboostIncl -fPIC -g -O2 -march=pentium-m -mtune=prescott -c hcs.cpp -o hcs.o
/var/tmp//ccg0wvVp.s:41772:indirect jmp without `*'
/var/tmp//ccg0wvVp.s:41787:indirect jmp without `*'
/var/tmp//ccg0wvVp.s:41802:indirect jmp without `*'
/var/tmp//ccg0wvVp.s:41817:indirect jmp without `*'
/var/tmp//ccg0wvVp.s:41832:indirect jmp without `*'
/var/tmp//ccg0wvVp.s:41847:indirect jmp without `*'
/var/tmp//ccg0wvVp.s:41862:indirect jmp without `*'
/var/tmp//ccg0wvVp.s:41877:indirect jmp without `*'
/var/tmp//ccg0wvVp.s:41892:indirect jmp without `*'
/var/tmp//ccg0wvVp.s:41907:indirect jmp without `*'
/var/tmp//ccg0wvVp.s:41922:indirect jmp without `*'
/var/tmp//ccg0wvVp.s:41941:indirect jmp without `*'
/var/tmp//ccg0wvVp.s:41960:indirect jmp without `*'
/var/tmp//ccg0wvVp.s:41975:indirect jmp without `*'
/var/tmp//ccg0wvVp.s:41990:indirect jmp without `*'
/var/tmp//ccg0wvVp.s:42009:indirect jmp without `*'
/var/tmp//ccg0wvVp.s:42024:indirect jmp without `*'
/var/tmp//ccg0wvVp.s:42039:indirect jmp without `*'
/var/tmp//ccg0wvVp.s:42054:indirect jmp without `*'
/var/tmp//ccg0wvVp.s:42069:indirect jmp without `*'
/var/tmp//ccg0wvVp.s:42084:indirect jmp without `*'
/var/tmp//ccg0wvVp.s:42099:indirect jmp without `*'
/var/tmp//ccg0wvVp.s:42114:indirect jmp without `*'
/var/tmp//ccg0wvVp.s:42129:indirect jmp without `*'
/var/tmp//ccg0wvVp.s:42144:indirect jmp without `*'
/var/tmp//ccg0wvVp.s:42159:indirect jmp without `*'
/var/tmp//ccg0wvVp.s:42174:indirect jmp without `*'
/var/tmp//ccg0wvVp.s:42189:indirect jmp without `*'
/var/tmp//ccg0wvVp.s:42204:indirect jmp without `*'
/var/tmp//ccg0wvVp.s:42219:indirect jmp without `*'
/var/tmp//ccg0wvVp.s:42234:indirect jmp without `*'
/var/tmp//ccg0wvVp.s:42249:indirect jmp without `*'
/var/tmp//ccg0wvVp.s:42264:indirect jmp without `*'
/var/tmp//ccg0wvVp.s:42279:indirect jmp without `*'
/var/tmp//ccg0wvVp.s:42294:indirect jmp without `*'
/var/tmp//ccg0wvVp.s:42309:indirect jmp without `*'
/var/tmp//ccg0wvVp.s:42324:indirect jmp without `*'
/var/tmp//ccg0wvVp.s:42339:indirect jmp without `*'
/var/tmp//ccg0wvVp.s:42354:indirect jmp without `*'
/var/tmp//ccg0wvVp.s:42369:indirect jmp without `*'
/var/tmp//ccg0wvVp.s:42384:indirect jmp without `*'
/var/tmp//ccg0wvVp.s:42399:indirect jmp without `*'
/var/tmp//ccg0wvVp.s:42414:indirect jmp without `*'
/var/tmp//ccg0wvVp.s:42429:indirect jmp without `*'
/var/tmp//ccg0wvVp.s:42444:indirect jmp without `*'
/var/tmp//ccg0wvVp.s:42459:indirect jmp without `*'
/var/tmp//ccg0wvVp.s:42474:indirect jmp without `*'
/var/tmp//ccg0wvVp.s:42489:indirect jmp without `*'
/var/tmp//ccg0wvVp.s:42504:indirect jmp without `*'
/var/tmp//ccg0wvVp.s:42519:indirect jmp without `*'
/var/tmp//ccg0wvVp.s:42534:indirect jmp without `*'
/var/tmp//ccg0wvVp.s:42549:indirect jmp without `*'
/var/tmp//ccg0wvVp.s:42564:indirect jmp without `*'
/var/tmp//ccg0wvVp.s:42579:indirect jmp without `*'
/var/tmp//ccg0wvVp.s:42594:indirect jmp without `*'
/var/tmp//ccg0wvVp.s:42609:indirect jmp without `*'
/var/tmp//ccg0wvVp.s:42624:indirect jmp without `*'
/var/tmp//ccg0wvVp.s:42639:indirect jmp without `*'
/var/tmp//ccg0wvVp.s:42654:indirect jmp without `*'
/var/tmp//ccg0wvVp.s:42669:indirect jmp without `*'
/var/tmp//ccg0wvVp.s:42684:indirect jmp without `*'
/var/tmp//ccg0wvVp.s:42699:indirect jmp without `*'
/var/tmp//ccg0wvVp.s:42714:indirect jmp without `*'
/var/tmp//ccg0wvVp.s:42729:indirect jmp without `*'
/var/tmp//ccg0wvVp.s:42748:indirect jmp without `*'
/var/tmp//ccg0wvVp.s:42763:indirect jmp without `*'
/var/tmp//ccg0wvVp.s:42778:indirect jmp without `*'
/var/tmp//ccg0wvVp.s:42793:indirect jmp without `*'
/var/tmp//ccg0wvVp.s:42808:indirect jmp without `*'
/var/tmp//ccg0wvVp.s:42823:indirect jmp without `*'
/var/tmp//ccg0wvVp.s:42838:indirect jmp without `*'
/var/tmp//ccg0wvVp.s:42853:indirect jmp without `*'
/var/tmp//ccg0wvVp.s:42868:indirect jmp without `*'
/var/tmp//ccg0wvVp.s:42883:indirect jmp without `*'
/var/tmp//ccg0wvVp.s:42898:indirect jmp without `*'
/var/tmp//ccg0wvVp.s:42913:indirect jmp without `*'
/var/tmp//ccg0wvVp.s:42928:indirect jmp without `*'
/var/tmp//ccg0wvVp.s:42943:indirect jmp without `*'
/var/tmp//ccg0wvVp.s:42958:indirect jmp without `*'
/var/tmp//ccg0wvVp.s:42973:indirect jmp without `*'
/var/tmp//ccg0wvVp.s:42988:indirect jmp without `*'
/var/tmp//ccg0wvVp.s:43003:indirect jmp without `*'
/var/tmp//ccg0wvVp.s:43018:indirect jmp without `*'
/var/tmp//ccg0wvVp.s:43033:indirect jmp without `*'
/var/tmp//ccg0wvVp.s:43048:indirect jmp without `*'
/var/tmp//ccg0wvVp.s:43063:indirect jmp without `*'
/var/tmp//ccg0wvVp.s:43078:indirect jmp without `*'
/var/tmp//ccg0wvVp.s:43093:indirect jmp without `*'
/var/tmp//ccg0wvVp.s:43108:indirect jmp without `*'
/var/tmp//ccg0wvVp.s:43123:indirect jmp without `*'
/var/tmp//ccg0wvVp.s:43138:indirect jmp without `*'
/var/tmp//ccg0wvVp.s:43153:indirect jmp without `*'
/var/tmp//ccg0wvVp.s:43168:indirect jmp without `*'
/var/tmp//ccg0wvVp.s:43183:indirect jmp without `*'
/var/tmp//ccg0wvVp.s:43198:indirect jmp without `*'
/var/tmp//ccg0wvVp.s:43213:indirect jmp without `*'
/var/tmp//ccg0wvVp.s:43228:indirect jmp without `*'
/var/tmp//ccg0wvVp.s:43243:indirect jmp without `*'
/var/tmp//ccg0wvVp.s:43258:indirect jmp without `*'
/var/tmp//ccg0wvVp.s:43273:indirect jmp without `*'
/var/tmp//ccg0wvVp.s:43288:indirect jmp without `*'
/var/tmp//ccg0wvVp.s:43303:indirect jmp without `*'
/var/tmp//ccg0wvVp.s:43318:indirect jmp without `*'
/var/tmp//ccg0wvVp.s:43333:indirect jmp without `*'
/var/tmp//ccg0wvVp.s:43348:indirect jmp without `*'
/var/tmp//ccg0wvVp.s:43363:indirect jmp without `*'
/var/tmp//ccg0wvVp.s:43378:indirect jmp without `*'
/var/tmp//ccg0wvVp.s:43393:indirect jmp without `*'
/var/tmp//ccg0wvVp.s:43408:indirect jmp without `*'
/var/tmp//ccg0wvVp.s:43423:indirect jmp without `*'
/var/tmp//ccg0wvVp.s:43438:indirect jmp without `*'
/var/tmp//ccg0wvVp.s:43453:indirect jmp without `*'
/var/tmp//ccg0wvVp.s:43468:indirect jmp without `*'
/var/tmp//ccg0wvVp.s:43483:indirect jmp without `*'
/var/tmp//ccg0wvVp.s:43498:indirect jmp without `*'
/var/tmp//ccg0wvVp.s:43513:indirect jmp without `*'
/var/tmp//ccg0wvVp.s:43528:indirect jmp without `*'
/var/tmp//ccg0wvVp.s:43543:indirect jmp without `*'
/var/tmp//ccg0wvVp.s:43558:indirect jmp without `*'
/var/tmp//ccg0wvVp.s:43573:indirect jmp without `*'
/var/tmp//ccg0wvVp.s:43588:indirect jmp without `*'
/var/tmp//ccg0wvVp.s:43603:indirect jmp without `*'
/var/tmp//ccg0wvVp.s:43618:indirect jmp without `*'
/var/tmp//ccg0wvVp.s:43633:indirect jmp without `*'
/var/tmp//ccg0wvVp.s:43648:indirect jmp without `*'
/var/tmp//ccg0wvVp.s:43663:indirect jmp without `*'
/var/tmp//ccg0wvVp.s:43678:indirect jmp without `*'
/var/tmp//ccg0wvVp.s:43693:indirect jmp without `*'
/var/tmp//ccg0wvVp.s:43708:indirect jmp without `*'
/var/tmp//ccg0wvVp.s:43723:indirect jmp without `*'
/var/tmp//ccg0wvVp.s:43738:indirect jmp without `*'
/var/tmp//ccg0wvVp.s:43757:indirect jmp without `*'
/var/tmp//ccg0wvVp.s:43772:indirect jmp without `*'
/var/tmp//ccg0wvVp.s:43787:indirect jmp without `*'
/var/tmp//ccg0wvVp.s:43802:indirect jmp without `*'
/var/tmp//ccg0wvVp.s:43817:indirect jmp without `*'
/var/tmp//ccg0wvVp.s:43832:indirect jmp without `*'
/var/tmp//ccg0wvVp.s:43847:indirect jmp without `*'
/var/tmp//ccg0wvVp.s:43862:indirect jmp without `*'
/var/tmp//ccg0wvVp.s:43877:indirect jmp without `*'
/var/tmp//ccg0wvVp.s:43892:indirect jmp without `*'
/var/tmp//ccg0wvVp.s:43907:indirect jmp without `*'
/var/tmp//ccg0wvVp.s:43922:indirect jmp without `*'
/var/tmp//ccg0wvVp.s:43937:indirect jmp without `*'
/var/tmp//ccg0wvVp.s:43952:indirect jmp without `*'
/var/tmp//ccg0wvVp.s:43967:indirect jmp without `*'
/var/tmp//ccg0wvVp.s:43982:indirect jmp without `*'
/var/tmp//ccg0wvVp.s:43997:indirect jmp without `*'
/var/tmp//ccg0wvVp.s:44012:indirect jmp without `*'
/var/tmp//ccg0wvVp.s:44027:indirect jmp without `*'
/var/tmp//ccg0wvVp.s:44042:indirect jmp without `*'
/var/tmp//ccg0wvVp.s:44057:indirect jmp without `*'
/var/tmp//ccg0wvVp.s:44072:indirect jmp without `*'
/var/tmp//ccg0wvVp.s:44091:indirect jmp without `*'
/var/tmp//ccg0wvVp.s:44106:indirect jmp without `*'
/var/tmp//ccg0wvVp.s:44121:indirect jmp without `*'
/var/tmp//ccg0wvVp.s:44136:indirect jmp without `*'
/var/tmp//ccg0wvVp.s:44151:indirect jmp without `*'
/var/tmp//ccg0wvVp.s:44166:indirect jmp without `*'
g++-4.0 -arch i386 -I/Library/Frameworks/R.framework/Resources/include -I/Library/Frameworks/R.framework/Resources/include/i386 -msse3 -IboostIncl -fPIC -g -O2 -march=pentium-m -mtune=prescott -c incrConnComp.cpp -o incrConnComp.o
/var/tmp//cc1B3wmq.s:12142:indirect jmp without `*'
/var/tmp//cc1B3wmq.s:12157:indirect jmp without `*'
/var/tmp//cc1B3wmq.s:12172:indirect jmp without `*'
/var/tmp//cc1B3wmq.s:12187:indirect jmp without `*'
/var/tmp//cc1B3wmq.s:12206:indirect jmp without `*'
/var/tmp//cc1B3wmq.s:12221:indirect jmp without `*'
/var/tmp//cc1B3wmq.s:12236:indirect jmp without `*'
/var/tmp//cc1B3wmq.s:12251:indirect jmp without `*'
/var/tmp//cc1B3wmq.s:12266:indirect jmp without `*'
/var/tmp//cc1B3wmq.s:12281:indirect jmp without `*'
/var/tmp//cc1B3wmq.s:12296:indirect jmp without `*'
/var/tmp//cc1B3wmq.s:12311:indirect jmp without `*'
/var/tmp//cc1B3wmq.s:12326:indirect jmp without `*'
/var/tmp//cc1B3wmq.s:12345:indirect jmp without `*'
/var/tmp//cc1B3wmq.s:12360:indirect jmp without `*'
/var/tmp//cc1B3wmq.s:12375:indirect jmp without `*'
/var/tmp//cc1B3wmq.s:12390:indirect jmp without `*'
/var/tmp//cc1B3wmq.s:12405:indirect jmp without `*'
/var/tmp//cc1B3wmq.s:12420:indirect jmp without `*'
/var/tmp//cc1B3wmq.s:12435:indirect jmp without `*'
/var/tmp//cc1B3wmq.s:12450:indirect jmp without `*'
/var/tmp//cc1B3wmq.s:12465:indirect jmp without `*'
/var/tmp//cc1B3wmq.s:12480:indirect jmp without `*'
/var/tmp//cc1B3wmq.s:12495:indirect jmp without `*'
/var/tmp//cc1B3wmq.s:12510:indirect jmp without `*'
/var/tmp//cc1B3wmq.s:12525:indirect jmp without `*'
/var/tmp//cc1B3wmq.s:12544:indirect jmp without `*'
/var/tmp//cc1B3wmq.s:12559:indirect jmp without `*'
/var/tmp//cc1B3wmq.s:12574:indirect jmp without `*'
/var/tmp//cc1B3wmq.s:12589:indirect jmp without `*'
/var/tmp//cc1B3wmq.s:12604:indirect jmp without `*'
/var/tmp//cc1B3wmq.s:12619:indirect jmp without `*'
/var/tmp//cc1B3wmq.s:12634:indirect jmp without `*'
/var/tmp//cc1B3wmq.s:12649:indirect jmp without `*'
/var/tmp//cc1B3wmq.s:12664:indirect jmp without `*'
/var/tmp//cc1B3wmq.s:12679:indirect jmp without `*'
/var/tmp//cc1B3wmq.s:12694:indirect jmp without `*'
/var/tmp//cc1B3wmq.s:12709:indirect jmp without `*'
/var/tmp//cc1B3wmq.s:12724:indirect jmp without `*'
/var/tmp//cc1B3wmq.s:12739:indirect jmp without `*'
/var/tmp//cc1B3wmq.s:12754:indirect jmp without `*'
/var/tmp//cc1B3wmq.s:12769:indirect jmp without `*'
/var/tmp//cc1B3wmq.s:12784:indirect jmp without `*'
/var/tmp//cc1B3wmq.s:12803:indirect jmp without `*'
/var/tmp//cc1B3wmq.s:12818:indirect jmp without `*'
/var/tmp//cc1B3wmq.s:12833:indirect jmp without `*'
/var/tmp//cc1B3wmq.s:12848:indirect jmp without `*'
/var/tmp//cc1B3wmq.s:12863:indirect jmp without `*'
/var/tmp//cc1B3wmq.s:12878:indirect jmp without `*'
/var/tmp//cc1B3wmq.s:12893:indirect jmp without `*'
/var/tmp//cc1B3wmq.s:12908:indirect jmp without `*'
/var/tmp//cc1B3wmq.s:12923:indirect jmp without `*'
/var/tmp//cc1B3wmq.s:12938:indirect jmp without `*'
/var/tmp//cc1B3wmq.s:12953:indirect jmp without `*'
/var/tmp//cc1B3wmq.s:12968:indirect jmp without `*'
/var/tmp//cc1B3wmq.s:12983:indirect jmp without `*'
/var/tmp//cc1B3wmq.s:12998:indirect jmp without `*'
g++-4.0 -arch i386 -I/Library/Frameworks/R.framework/Resources/include -I/Library/Frameworks/R.framework/Resources/include/i386 -msse3 -IboostIncl -fPIC -g -O2 -march=pentium-m -mtune=prescott -c interfaces.cpp -o interfaces.o
/var/tmp//ccZWwD8x.s:78729:indirect jmp without `*'
/var/tmp//ccZWwD8x.s:78744:indirect jmp without `*'
/var/tmp//ccZWwD8x.s:78759:indirect jmp without `*'
/var/tmp//ccZWwD8x.s:78774:indirect jmp without `*'
/var/tmp//ccZWwD8x.s:78789:indirect jmp without `*'
/var/tmp//ccZWwD8x.s:78804:indirect jmp without `*'
/var/tmp//ccZWwD8x.s:78819:indirect jmp without `*'
/var/tmp//ccZWwD8x.s:78834:indirect jmp without `*'
/var/tmp//ccZWwD8x.s:78849:indirect jmp without `*'
/var/tmp//ccZWwD8x.s:78864:indirect jmp without `*'
/var/tmp//ccZWwD8x.s:78879:indirect jmp without `*'
/var/tmp//ccZWwD8x.s:78894:indirect jmp without `*'
/var/tmp//ccZWwD8x.s:78909:indirect jmp without `*'
/var/tmp//ccZWwD8x.s:78924:indirect jmp without `*'
/var/tmp//ccZWwD8x.s:78939:indirect jmp without `*'
/var/tmp//ccZWwD8x.s:78958:indirect jmp without `*'
/var/tmp//ccZWwD8x.s:78973:indirect jmp without `*'
/var/tmp//ccZWwD8x.s:78988:indirect jmp without `*'
/var/tmp//ccZWwD8x.s:79003:indirect jmp without `*'
/var/tmp//ccZWwD8x.s:79018:indirect jmp without `*'
/var/tmp//ccZWwD8x.s:79033:indirect jmp without `*'
/var/tmp//ccZWwD8x.s:79048:indirect jmp without `*'
/var/tmp//ccZWwD8x.s:79063:indirect jmp without `*'
/var/tmp//ccZWwD8x.s:79078:indirect jmp without `*'
/var/tmp//ccZWwD8x.s:79093:indirect jmp without `*'
/var/tmp//ccZWwD8x.s:79108:indirect jmp without `*'
/var/tmp//ccZWwD8x.s:79123:indirect jmp without `*'
/var/tmp//ccZWwD8x.s:79138:indirect jmp without `*'
/var/tmp//ccZWwD8x.s:79153:indirect jmp without `*'
/var/tmp//ccZWwD8x.s:79168:indirect jmp without `*'
/var/tmp//ccZWwD8x.s:79183:indirect jmp without `*'
/var/tmp//ccZWwD8x.s:79198:indirect jmp without `*'
/var/tmp//ccZWwD8x.s:79213:indirect jmp without `*'
/var/tmp//ccZWwD8x.s:79228:indirect jmp without `*'
/var/tmp//ccZWwD8x.s:79243:indirect jmp without `*'
/var/tmp//ccZWwD8x.s:79258:indirect jmp without `*'
/var/tmp//ccZWwD8x.s:79273:indirect jmp without `*'
/var/tmp//ccZWwD8x.s:79288:indirect jmp without `*'
/var/tmp//ccZWwD8x.s:79303:indirect jmp without `*'
/var/tmp//ccZWwD8x.s:79318:indirect jmp without `*'
/var/tmp//ccZWwD8x.s:79333:indirect jmp without `*'
/var/tmp//ccZWwD8x.s:79348:indirect jmp without `*'
/var/tmp//ccZWwD8x.s:79367:indirect jmp without `*'
/var/tmp//ccZWwD8x.s:79382:indirect jmp without `*'
/var/tmp//ccZWwD8x.s:79397:indirect jmp without `*'
/var/tmp//ccZWwD8x.s:79412:indirect jmp without `*'
/var/tmp//ccZWwD8x.s:79431:indirect jmp without `*'
/var/tmp//ccZWwD8x.s:79450:indirect jmp without `*'
/var/tmp//ccZWwD8x.s:79465:indirect jmp without `*'
/var/tmp//ccZWwD8x.s:79480:indirect jmp without `*'
/var/tmp//ccZWwD8x.s:79495:indirect jmp without `*'
/var/tmp//ccZWwD8x.s:79510:indirect jmp without `*'
/var/tmp//ccZWwD8x.s:79525:indirect jmp without `*'
/var/tmp//ccZWwD8x.s:79540:indirect jmp without `*'
/var/tmp//ccZWwD8x.s:79555:indirect jmp without `*'
/var/tmp//ccZWwD8x.s:79570:indirect jmp without `*'
/var/tmp//ccZWwD8x.s:79585:indirect jmp without `*'
/var/tmp//ccZWwD8x.s:79600:indirect jmp without `*'
/var/tmp//ccZWwD8x.s:79615:indirect jmp without `*'
/var/tmp//ccZWwD8x.s:79630:indirect jmp without `*'
/var/tmp//ccZWwD8x.s:79645:indirect jmp without `*'
/var/tmp//ccZWwD8x.s:79660:indirect jmp without `*'
/var/tmp//ccZWwD8x.s:79675:indirect jmp without `*'
/var/tmp//ccZWwD8x.s:79690:indirect jmp without `*'
/var/tmp//ccZWwD8x.s:79705:indirect jmp without `*'
/var/tmp//ccZWwD8x.s:79720:indirect jmp without `*'
/var/tmp//ccZWwD8x.s:79735:indirect jmp without `*'
/var/tmp//ccZWwD8x.s:79750:indirect jmp without `*'
/var/tmp//ccZWwD8x.s:79765:indirect jmp without `*'
/var/tmp//ccZWwD8x.s:79780:indirect jmp without `*'
/var/tmp//ccZWwD8x.s:79795:indirect jmp without `*'
/var/tmp//ccZWwD8x.s:79810:indirect jmp without `*'
/var/tmp//ccZWwD8x.s:79825:indirect jmp without `*'
/var/tmp//ccZWwD8x.s:79840:indirect jmp without `*'
/var/tmp//ccZWwD8x.s:79855:indirect jmp without `*'
/var/tmp//ccZWwD8x.s:79870:indirect jmp without `*'
/var/tmp//ccZWwD8x.s:79885:indirect jmp without `*'
/var/tmp//ccZWwD8x.s:79900:indirect jmp without `*'
/var/tmp//ccZWwD8x.s:79915:indirect jmp without `*'
/var/tmp//ccZWwD8x.s:79930:indirect jmp without `*'
/var/tmp//ccZWwD8x.s:79949:indirect jmp without `*'
/var/tmp//ccZWwD8x.s:79968:indirect jmp without `*'
/var/tmp//ccZWwD8x.s:79983:indirect jmp without `*'
/var/tmp//ccZWwD8x.s:79998:indirect jmp without `*'
/var/tmp//ccZWwD8x.s:80013:indirect jmp without `*'
/var/tmp//ccZWwD8x.s:80028:indirect jmp without `*'
/var/tmp//ccZWwD8x.s:80043:indirect jmp without `*'
/var/tmp//ccZWwD8x.s:80058:indirect jmp without `*'
/var/tmp//ccZWwD8x.s:80073:indirect jmp without `*'
/var/tmp//ccZWwD8x.s:80088:indirect jmp without `*'
/var/tmp//ccZWwD8x.s:80103:indirect jmp without `*'
/var/tmp//ccZWwD8x.s:80118:indirect jmp without `*'
/var/tmp//ccZWwD8x.s:80133:indirect jmp without `*'
/var/tmp//ccZWwD8x.s:80152:indirect jmp without `*'
/var/tmp//ccZWwD8x.s:80171:indirect jmp without `*'
/var/tmp//ccZWwD8x.s:80186:indirect jmp without `*'
/var/tmp//ccZWwD8x.s:80201:indirect jmp without `*'
/var/tmp//ccZWwD8x.s:80220:indirect jmp without `*'
/var/tmp//ccZWwD8x.s:80235:indirect jmp without `*'
/var/tmp//ccZWwD8x.s:80250:indirect jmp without `*'
/var/tmp//ccZWwD8x.s:80265:indirect jmp without `*'
/var/tmp//ccZWwD8x.s:80280:indirect jmp without `*'
/var/tmp//ccZWwD8x.s:80295:indirect jmp without `*'
/var/tmp//ccZWwD8x.s:80310:indirect jmp without `*'
/var/tmp//ccZWwD8x.s:80325:indirect jmp without `*'
/var/tmp//ccZWwD8x.s:80344:indirect jmp without `*'
/var/tmp//ccZWwD8x.s:80359:indirect jmp without `*'
/var/tmp//ccZWwD8x.s:80374:indirect jmp without `*'
/var/tmp//ccZWwD8x.s:80389:indirect jmp without `*'
/var/tmp//ccZWwD8x.s:80404:indirect jmp without `*'
/var/tmp//ccZWwD8x.s:80419:indirect jmp without `*'
/var/tmp//ccZWwD8x.s:80434:indirect jmp without `*'
/var/tmp//ccZWwD8x.s:80449:indirect jmp without `*'
/var/tmp//ccZWwD8x.s:80468:indirect jmp without `*'
/var/tmp//ccZWwD8x.s:80487:indirect jmp without `*'
/var/tmp//ccZWwD8x.s:80502:indirect jmp without `*'
/var/tmp//ccZWwD8x.s:80517:indirect jmp without `*'
/var/tmp//ccZWwD8x.s:80532:indirect jmp without `*'
/var/tmp//ccZWwD8x.s:80547:indirect jmp without `*'
/var/tmp//ccZWwD8x.s:80562:indirect jmp without `*'
/var/tmp//ccZWwD8x.s:80577:indirect jmp without `*'
/var/tmp//ccZWwD8x.s:80592:indirect jmp without `*'
/var/tmp//ccZWwD8x.s:80607:indirect jmp without `*'
/var/tmp//ccZWwD8x.s:80622:indirect jmp without `*'
/var/tmp//ccZWwD8x.s:80637:indirect jmp without `*'
/var/tmp//ccZWwD8x.s:80652:indirect jmp without `*'
/var/tmp//ccZWwD8x.s:80667:indirect jmp without `*'
/var/tmp//ccZWwD8x.s:80682:indirect jmp without `*'
/var/tmp//ccZWwD8x.s:80697:indirect jmp without `*'
/var/tmp//ccZWwD8x.s:80712:indirect jmp without `*'
/var/tmp//ccZWwD8x.s:80727:indirect jmp without `*'
/var/tmp//ccZWwD8x.s:80742:indirect jmp without `*'
/var/tmp//ccZWwD8x.s:80757:indirect jmp without `*'
/var/tmp//ccZWwD8x.s:80772:indirect jmp without `*'
/var/tmp//ccZWwD8x.s:80787:indirect jmp without `*'
/var/tmp//ccZWwD8x.s:80802:indirect jmp without `*'
/var/tmp//ccZWwD8x.s:80817:indirect jmp without `*'
/var/tmp//ccZWwD8x.s:80832:indirect jmp without `*'
/var/tmp//ccZWwD8x.s:80847:indirect jmp without `*'
/var/tmp//ccZWwD8x.s:80862:indirect jmp without `*'
/var/tmp//ccZWwD8x.s:80877:indirect jmp without `*'
/var/tmp//ccZWwD8x.s:80892:indirect jmp without `*'
/var/tmp//ccZWwD8x.s:80907:indirect jmp without `*'
/var/tmp//ccZWwD8x.s:80922:indirect jmp without `*'
/var/tmp//ccZWwD8x.s:80937:indirect jmp without `*'
/var/tmp//ccZWwD8x.s:80952:indirect jmp without `*'
/var/tmp//ccZWwD8x.s:80967:indirect jmp without `*'
/var/tmp//ccZWwD8x.s:80982:indirect jmp without `*'
/var/tmp//ccZWwD8x.s:80997:indirect jmp without `*'
/var/tmp//ccZWwD8x.s:81012:indirect jmp without `*'
/var/tmp//ccZWwD8x.s:81027:indirect jmp without `*'
/var/tmp//ccZWwD8x.s:81042:indirect jmp without `*'
/var/tmp//ccZWwD8x.s:81057:indirect jmp without `*'
/var/tmp//ccZWwD8x.s:81072:indirect jmp without `*'
/var/tmp//ccZWwD8x.s:81087:indirect jmp without `*'
/var/tmp//ccZWwD8x.s:81102:indirect jmp without `*'
/var/tmp//ccZWwD8x.s:81117:indirect jmp without `*'
/var/tmp//ccZWwD8x.s:81132:indirect jmp without `*'
/var/tmp//ccZWwD8x.s:81147:indirect jmp without `*'
/var/tmp//ccZWwD8x.s:81162:indirect jmp without `*'
/var/tmp//ccZWwD8x.s:81177:indirect jmp without `*'
/var/tmp//ccZWwD8x.s:81192:indirect jmp without `*'
/var/tmp//ccZWwD8x.s:81211:indirect jmp without `*'
/var/tmp//ccZWwD8x.s:81226:indirect jmp without `*'
/var/tmp//ccZWwD8x.s:81241:indirect jmp without `*'
/var/tmp//ccZWwD8x.s:81256:indirect jmp without `*'
/var/tmp//ccZWwD8x.s:81275:indirect jmp without `*'
/var/tmp//ccZWwD8x.s:81290:indirect jmp without `*'
/var/tmp//ccZWwD8x.s:81305:indirect jmp without `*'
/var/tmp//ccZWwD8x.s:81320:indirect jmp without `*'
/var/tmp//ccZWwD8x.s:81335:indirect jmp without `*'
/var/tmp//ccZWwD8x.s:81350:indirect jmp without `*'
/var/tmp//ccZWwD8x.s:81365:indirect jmp without `*'
/var/tmp//ccZWwD8x.s:81380:indirect jmp without `*'
/var/tmp//ccZWwD8x.s:81395:indirect jmp without `*'
/var/tmp//ccZWwD8x.s:81410:indirect jmp without `*'
/var/tmp//ccZWwD8x.s:81425:indirect jmp without `*'
/var/tmp//ccZWwD8x.s:81440:indirect jmp without `*'
/var/tmp//ccZWwD8x.s:81455:indirect jmp without `*'
/var/tmp//ccZWwD8x.s:81470:indirect jmp without `*'
/var/tmp//ccZWwD8x.s:81485:indirect jmp without `*'
/var/tmp//ccZWwD8x.s:81500:indirect jmp without `*'
/var/tmp//ccZWwD8x.s:81519:indirect jmp without `*'
/var/tmp//ccZWwD8x.s:81534:indirect jmp without `*'
/var/tmp//ccZWwD8x.s:81549:indirect jmp without `*'
/var/tmp//ccZWwD8x.s:81564:indirect jmp without `*'
/var/tmp//ccZWwD8x.s:81579:indirect jmp without `*'
/var/tmp//ccZWwD8x.s:81594:indirect jmp without `*'
/var/tmp//ccZWwD8x.s:81609:indirect jmp without `*'
/var/tmp//ccZWwD8x.s:81624:indirect jmp without `*'
/var/tmp//ccZWwD8x.s:81639:indirect jmp without `*'
/var/tmp//ccZWwD8x.s:81654:indirect jmp without `*'
/var/tmp//ccZWwD8x.s:81669:indirect jmp without `*'
/var/tmp//ccZWwD8x.s:81684:indirect jmp without `*'
/var/tmp//ccZWwD8x.s:81699:indirect jmp without `*'
/var/tmp//ccZWwD8x.s:81714:indirect jmp without `*'
/var/tmp//ccZWwD8x.s:81729:indirect jmp without `*'
/var/tmp//ccZWwD8x.s:81744:indirect jmp without `*'
/var/tmp//ccZWwD8x.s:81759:indirect jmp without `*'
/var/tmp//ccZWwD8x.s:81774:indirect jmp without `*'
/var/tmp//ccZWwD8x.s:81789:indirect jmp without `*'
/var/tmp//ccZWwD8x.s:81804:indirect jmp without `*'
/var/tmp//ccZWwD8x.s:81819:indirect jmp without `*'
/var/tmp//ccZWwD8x.s:81834:indirect jmp without `*'
/var/tmp//ccZWwD8x.s:81849:indirect jmp without `*'
/var/tmp//ccZWwD8x.s:81864:indirect jmp without `*'
/var/tmp//ccZWwD8x.s:81879:indirect jmp without `*'
/var/tmp//ccZWwD8x.s:81894:indirect jmp without `*'
/var/tmp//ccZWwD8x.s:81909:indirect jmp without `*'
/var/tmp//ccZWwD8x.s:81924:indirect jmp without `*'
/var/tmp//ccZWwD8x.s:81939:indirect jmp without `*'
/var/tmp//ccZWwD8x.s:81958:indirect jmp without `*'
/var/tmp//ccZWwD8x.s:81973:indirect jmp without `*'
/var/tmp//ccZWwD8x.s:81988:indirect jmp without `*'
/var/tmp//ccZWwD8x.s:82003:indirect jmp without `*'
/var/tmp//ccZWwD8x.s:82018:indirect jmp without `*'
/var/tmp//ccZWwD8x.s:82033:indirect jmp without `*'
/var/tmp//ccZWwD8x.s:82048:indirect jmp without `*'
/var/tmp//ccZWwD8x.s:82063:indirect jmp without `*'
/var/tmp//ccZWwD8x.s:82078:indirect jmp without `*'
/var/tmp//ccZWwD8x.s:82093:indirect jmp without `*'
/var/tmp//ccZWwD8x.s:82108:indirect jmp without `*'
/var/tmp//ccZWwD8x.s:82123:indirect jmp without `*'
/var/tmp//ccZWwD8x.s:82138:indirect jmp without `*'
/var/tmp//ccZWwD8x.s:82153:indirect jmp without `*'
/var/tmp//ccZWwD8x.s:82168:indirect jmp without `*'
/var/tmp//ccZWwD8x.s:82183:indirect jmp without `*'
/var/tmp//ccZWwD8x.s:82198:indirect jmp without `*'
/var/tmp//ccZWwD8x.s:82213:indirect jmp without `*'
/var/tmp//ccZWwD8x.s:82228:indirect jmp without `*'
/var/tmp//ccZWwD8x.s:82243:indirect jmp without `*'
/var/tmp//ccZWwD8x.s:82258:indirect jmp without `*'
/var/tmp//ccZWwD8x.s:82273:indirect jmp without `*'
/var/tmp//ccZWwD8x.s:82288:indirect jmp without `*'
/var/tmp//ccZWwD8x.s:82303:indirect jmp without `*'
/var/tmp//ccZWwD8x.s:82318:indirect jmp without `*'
/var/tmp//ccZWwD8x.s:82340:indirect jmp without `*'
g++-4.0 -arch i386 -I/Library/Frameworks/R.framework/Resources/include -I/Library/Frameworks/R.framework/Resources/include/i386 -msse3 -IboostIncl -fPIC -g -O2 -march=pentium-m -mtune=prescott -c layout.cpp -o layout.o
/var/tmp//cciQAReG.s:60454:indirect jmp without `*'
/var/tmp//cciQAReG.s:60473:indirect jmp without `*'
/var/tmp//cciQAReG.s:60492:indirect jmp without `*'
/var/tmp//cciQAReG.s:60507:indirect jmp without `*'
/var/tmp//cciQAReG.s:60522:indirect jmp without `*'
/var/tmp//cciQAReG.s:60541:indirect jmp without `*'
/var/tmp//cciQAReG.s:60556:indirect jmp without `*'
/var/tmp//cciQAReG.s:60571:indirect jmp without `*'
/var/tmp//cciQAReG.s:60586:indirect jmp without `*'
/var/tmp//cciQAReG.s:60601:indirect jmp without `*'
/var/tmp//cciQAReG.s:60616:indirect jmp without `*'
/var/tmp//cciQAReG.s:60631:indirect jmp without `*'
/var/tmp//cciQAReG.s:60650:indirect jmp without `*'
/var/tmp//cciQAReG.s:60665:indirect jmp without `*'
/var/tmp//cciQAReG.s:60680:indirect jmp without `*'
/var/tmp//cciQAReG.s:60695:indirect jmp without `*'
/var/tmp//cciQAReG.s:60710:indirect jmp without `*'
/var/tmp//cciQAReG.s:60725:indirect jmp without `*'
/var/tmp//cciQAReG.s:60740:indirect jmp without `*'
/var/tmp//cciQAReG.s:60755:indirect jmp without `*'
/var/tmp//cciQAReG.s:60770:indirect jmp without `*'
/var/tmp//cciQAReG.s:60789:indirect jmp without `*'
/var/tmp//cciQAReG.s:60804:indirect jmp without `*'
/var/tmp//cciQAReG.s:60819:indirect jmp without `*'
/var/tmp//cciQAReG.s:60834:indirect jmp without `*'
/var/tmp//cciQAReG.s:60849:indirect jmp without `*'
/var/tmp//cciQAReG.s:60864:indirect jmp without `*'
/var/tmp//cciQAReG.s:60879:indirect jmp without `*'
/var/tmp//cciQAReG.s:60894:indirect jmp without `*'
/var/tmp//cciQAReG.s:60909:indirect jmp without `*'
/var/tmp//cciQAReG.s:60924:indirect jmp without `*'
/var/tmp//cciQAReG.s:60939:indirect jmp without `*'
/var/tmp//cciQAReG.s:60954:indirect jmp without `*'
/var/tmp//cciQAReG.s:60969:indirect jmp without `*'
/var/tmp//cciQAReG.s:60984:indirect jmp without `*'
/var/tmp//cciQAReG.s:60999:indirect jmp without `*'
/var/tmp//cciQAReG.s:61014:indirect jmp without `*'
/var/tmp//cciQAReG.s:61029:indirect jmp without `*'
/var/tmp//cciQAReG.s:61044:indirect jmp without `*'
/var/tmp//cciQAReG.s:61059:indirect jmp without `*'
/var/tmp//cciQAReG.s:61074:indirect jmp without `*'
/var/tmp//cciQAReG.s:61089:indirect jmp without `*'
/var/tmp//cciQAReG.s:61104:indirect jmp without `*'
/var/tmp//cciQAReG.s:61119:indirect jmp without `*'
/var/tmp//cciQAReG.s:61134:indirect jmp without `*'
/var/tmp//cciQAReG.s:61149:indirect jmp without `*'
/var/tmp//cciQAReG.s:61164:indirect jmp without `*'
/var/tmp//cciQAReG.s:61179:indirect jmp without `*'
/var/tmp//cciQAReG.s:61194:indirect jmp without `*'
/var/tmp//cciQAReG.s:61209:indirect jmp without `*'
/var/tmp//cciQAReG.s:61224:indirect jmp without `*'
/var/tmp//cciQAReG.s:61239:indirect jmp without `*'
/var/tmp//cciQAReG.s:61254:indirect jmp without `*'
/var/tmp//cciQAReG.s:61269:indirect jmp without `*'
/var/tmp//cciQAReG.s:61284:indirect jmp without `*'
/var/tmp//cciQAReG.s:61299:indirect jmp without `*'
/var/tmp//cciQAReG.s:61314:indirect jmp without `*'
/var/tmp//cciQAReG.s:61329:indirect jmp without `*'
/var/tmp//cciQAReG.s:61344:indirect jmp without `*'
/var/tmp//cciQAReG.s:61359:indirect jmp without `*'
/var/tmp//cciQAReG.s:61374:indirect jmp without `*'
/var/tmp//cciQAReG.s:61389:indirect jmp without `*'
/var/tmp//cciQAReG.s:61404:indirect jmp without `*'
/var/tmp//cciQAReG.s:61419:indirect jmp without `*'
/var/tmp//cciQAReG.s:61434:indirect jmp without `*'
/var/tmp//cciQAReG.s:61449:indirect jmp without `*'
/var/tmp//cciQAReG.s:61464:indirect jmp without `*'
/var/tmp//cciQAReG.s:61479:indirect jmp without `*'
/var/tmp//cciQAReG.s:61494:indirect jmp without `*'
/var/tmp//cciQAReG.s:61509:indirect jmp without `*'
/var/tmp//cciQAReG.s:61524:indirect jmp without `*'
/var/tmp//cciQAReG.s:61539:indirect jmp without `*'
/var/tmp//cciQAReG.s:61554:indirect jmp without `*'
/var/tmp//cciQAReG.s:61569:indirect jmp without `*'
/var/tmp//cciQAReG.s:61584:indirect jmp without `*'
/var/tmp//cciQAReG.s:61603:indirect jmp without `*'
/var/tmp//cciQAReG.s:61618:indirect jmp without `*'
/var/tmp//cciQAReG.s:61633:indirect jmp without `*'
/var/tmp//cciQAReG.s:61648:indirect jmp without `*'
/var/tmp//cciQAReG.s:61663:indirect jmp without `*'
/var/tmp//cciQAReG.s:61678:indirect jmp without `*'
/var/tmp//cciQAReG.s:61693:indirect jmp without `*'
/var/tmp//cciQAReG.s:61708:indirect jmp without `*'
/var/tmp//cciQAReG.s:61723:indirect jmp without `*'
/var/tmp//cciQAReG.s:61738:indirect jmp without `*'
/var/tmp//cciQAReG.s:61753:indirect jmp without `*'
/var/tmp//cciQAReG.s:61768:indirect jmp without `*'
/var/tmp//cciQAReG.s:61783:indirect jmp without `*'
/var/tmp//cciQAReG.s:61798:indirect jmp without `*'
/var/tmp//cciQAReG.s:61813:indirect jmp without `*'
/var/tmp//cciQAReG.s:61828:indirect jmp without `*'
/var/tmp//cciQAReG.s:61843:indirect jmp without `*'
/var/tmp//cciQAReG.s:61858:indirect jmp without `*'
/var/tmp//cciQAReG.s:61873:indirect jmp without `*'
/var/tmp//cciQAReG.s:61895:indirect jmp without `*'
/var/tmp//cciQAReG.s:61910:indirect jmp without `*'
/var/tmp//cciQAReG.s:61929:indirect jmp without `*'
/var/tmp//cciQAReG.s:61944:indirect jmp without `*'
/var/tmp//cciQAReG.s:61959:indirect jmp without `*'
/var/tmp//cciQAReG.s:61974:indirect jmp without `*'
/var/tmp//cciQAReG.s:61989:indirect jmp without `*'
/var/tmp//cciQAReG.s:62004:indirect jmp without `*'
/var/tmp//cciQAReG.s:62019:indirect jmp without `*'
/var/tmp//cciQAReG.s:62034:indirect jmp without `*'
/var/tmp//cciQAReG.s:62049:indirect jmp without `*'
/var/tmp//cciQAReG.s:62064:indirect jmp without `*'
/var/tmp//cciQAReG.s:62079:indirect jmp without `*'
/var/tmp//cciQAReG.s:62094:indirect jmp without `*'
/var/tmp//cciQAReG.s:62109:indirect jmp without `*'
/var/tmp//cciQAReG.s:62124:indirect jmp without `*'
/var/tmp//cciQAReG.s:62143:indirect jmp without `*'
/var/tmp//cciQAReG.s:62158:indirect jmp without `*'
/var/tmp//cciQAReG.s:62173:indirect jmp without `*'
/var/tmp//cciQAReG.s:62188:indirect jmp without `*'
/var/tmp//cciQAReG.s:62203:indirect jmp without `*'
/var/tmp//cciQAReG.s:62218:indirect jmp without `*'
/var/tmp//cciQAReG.s:62233:indirect jmp without `*'
/var/tmp//cciQAReG.s:62248:indirect jmp without `*'
/var/tmp//cciQAReG.s:62270:indirect jmp without `*'
/var/tmp//cciQAReG.s:62285:indirect jmp without `*'
/var/tmp//cciQAReG.s:62300:indirect jmp without `*'
/var/tmp//cciQAReG.s:62315:indirect jmp without `*'
/var/tmp//cciQAReG.s:62334:indirect jmp without `*'
/var/tmp//cciQAReG.s:62349:indirect jmp without `*'
/var/tmp//cciQAReG.s:62364:indirect jmp without `*'
/var/tmp//cciQAReG.s:62379:indirect jmp without `*'
/var/tmp//cciQAReG.s:62394:indirect jmp without `*'
/var/tmp//cciQAReG.s:62409:indirect jmp without `*'
/var/tmp//cciQAReG.s:62424:indirect jmp without `*'
/var/tmp//cciQAReG.s:62446:indirect jmp without `*'
/var/tmp//cciQAReG.s:62461:indirect jmp without `*'
/var/tmp//cciQAReG.s:62476:indirect jmp without `*'
/var/tmp//cciQAReG.s:62491:indirect jmp without `*'
/var/tmp//cciQAReG.s:62506:indirect jmp without `*'
/var/tmp//cciQAReG.s:62521:indirect jmp without `*'
/var/tmp//cciQAReG.s:62536:indirect jmp without `*'
/var/tmp//cciQAReG.s:62551:indirect jmp without `*'
/var/tmp//cciQAReG.s:62570:indirect jmp without `*'
/var/tmp//cciQAReG.s:62585:indirect jmp without `*'
/var/tmp//cciQAReG.s:62600:indirect jmp without `*'
/var/tmp//cciQAReG.s:62615:indirect jmp without `*'
/var/tmp//cciQAReG.s:62630:indirect jmp without `*'
/var/tmp//cciQAReG.s:62645:indirect jmp without `*'
/var/tmp//cciQAReG.s:62660:indirect jmp without `*'
/var/tmp//cciQAReG.s:62675:indirect jmp without `*'
/var/tmp//cciQAReG.s:62690:indirect jmp without `*'
/var/tmp//cciQAReG.s:62705:indirect jmp without `*'
/var/tmp//cciQAReG.s:62720:indirect jmp without `*'
/var/tmp//cciQAReG.s:62735:indirect jmp without `*'
/var/tmp//cciQAReG.s:62754:indirect jmp without `*'
/var/tmp//cciQAReG.s:62769:indirect jmp without `*'
/var/tmp//cciQAReG.s:62784:indirect jmp without `*'
/var/tmp//cciQAReG.s:62799:indirect jmp without `*'
/var/tmp//cciQAReG.s:62814:indirect jmp without `*'
/var/tmp//cciQAReG.s:62829:indirect jmp without `*'
/var/tmp//cciQAReG.s:62844:indirect jmp without `*'
/var/tmp//cciQAReG.s:62859:indirect jmp without `*'
/var/tmp//cciQAReG.s:62874:indirect jmp without `*'
g++-4.0 -arch i386 -I/Library/Frameworks/R.framework/Resources/include -I/Library/Frameworks/R.framework/Resources/include/i386 -msse3 -IboostIncl -fPIC -g -O2 -march=pentium-m -mtune=prescott -c minST.cpp -o minST.o
/var/tmp//ccuFZ21d.s:49633:indirect jmp without `*'
/var/tmp//ccuFZ21d.s:49648:indirect jmp without `*'
/var/tmp//ccuFZ21d.s:49663:indirect jmp without `*'
/var/tmp//ccuFZ21d.s:49678:indirect jmp without `*'
/var/tmp//ccuFZ21d.s:49697:indirect jmp without `*'
/var/tmp//ccuFZ21d.s:49712:indirect jmp without `*'
/var/tmp//ccuFZ21d.s:49727:indirect jmp without `*'
/var/tmp//ccuFZ21d.s:49746:indirect jmp without `*'
/var/tmp//ccuFZ21d.s:49761:indirect jmp without `*'
/var/tmp//ccuFZ21d.s:49776:indirect jmp without `*'
/var/tmp//ccuFZ21d.s:49791:indirect jmp without `*'
/var/tmp//ccuFZ21d.s:49806:indirect jmp without `*'
/var/tmp//ccuFZ21d.s:49825:indirect jmp without `*'
/var/tmp//ccuFZ21d.s:49840:indirect jmp without `*'
/var/tmp//ccuFZ21d.s:49855:indirect jmp without `*'
/var/tmp//ccuFZ21d.s:49870:indirect jmp without `*'
/var/tmp//ccuFZ21d.s:49885:indirect jmp without `*'
/var/tmp//ccuFZ21d.s:49900:indirect jmp without `*'
/var/tmp//ccuFZ21d.s:49915:indirect jmp without `*'
/var/tmp//ccuFZ21d.s:49930:indirect jmp without `*'
/var/tmp//ccuFZ21d.s:49945:indirect jmp without `*'
/var/tmp//ccuFZ21d.s:49960:indirect jmp without `*'
/var/tmp//ccuFZ21d.s:49975:indirect jmp without `*'
/var/tmp//ccuFZ21d.s:49990:indirect jmp without `*'
/var/tmp//ccuFZ21d.s:50009:indirect jmp without `*'
/var/tmp//ccuFZ21d.s:50024:indirect jmp without `*'
/var/tmp//ccuFZ21d.s:50039:indirect jmp without `*'
/var/tmp//ccuFZ21d.s:50054:indirect jmp without `*'
/var/tmp//ccuFZ21d.s:50069:indirect jmp without `*'
/var/tmp//ccuFZ21d.s:50084:indirect jmp without `*'
/var/tmp//ccuFZ21d.s:50099:indirect jmp without `*'
/var/tmp//ccuFZ21d.s:50114:indirect jmp without `*'
/var/tmp//ccuFZ21d.s:50133:indirect jmp without `*'
/var/tmp//ccuFZ21d.s:50148:indirect jmp without `*'
/var/tmp//ccuFZ21d.s:50163:indirect jmp without `*'
/var/tmp//ccuFZ21d.s:50178:indirect jmp without `*'
/var/tmp//ccuFZ21d.s:50197:indirect jmp without `*'
/var/tmp//ccuFZ21d.s:50212:indirect jmp without `*'
/var/tmp//ccuFZ21d.s:50227:indirect jmp without `*'
/var/tmp//ccuFZ21d.s:50246:indirect jmp without `*'
/var/tmp//ccuFZ21d.s:50261:indirect jmp without `*'
/var/tmp//ccuFZ21d.s:50276:indirect jmp without `*'
/var/tmp//ccuFZ21d.s:50291:indirect jmp without `*'
/var/tmp//ccuFZ21d.s:50306:indirect jmp without `*'
/var/tmp//ccuFZ21d.s:50321:indirect jmp without `*'
/var/tmp//ccuFZ21d.s:50336:indirect jmp without `*'
/var/tmp//ccuFZ21d.s:50351:indirect jmp without `*'
/var/tmp//ccuFZ21d.s:50366:indirect jmp without `*'
/var/tmp//ccuFZ21d.s:50381:indirect jmp without `*'
/var/tmp//ccuFZ21d.s:50396:indirect jmp without `*'
/var/tmp//ccuFZ21d.s:50411:indirect jmp without `*'
/var/tmp//ccuFZ21d.s:50426:indirect jmp without `*'
/var/tmp//ccuFZ21d.s:50441:indirect jmp without `*'
/var/tmp//ccuFZ21d.s:50456:indirect jmp without `*'
/var/tmp//ccuFZ21d.s:50471:indirect jmp without `*'
/var/tmp//ccuFZ21d.s:50486:indirect jmp without `*'
/var/tmp//ccuFZ21d.s:50501:indirect jmp without `*'
/var/tmp//ccuFZ21d.s:50516:indirect jmp without `*'
/var/tmp//ccuFZ21d.s:50531:indirect jmp without `*'
/var/tmp//ccuFZ21d.s:50546:indirect jmp without `*'
/var/tmp//ccuFZ21d.s:50561:indirect jmp without `*'
/var/tmp//ccuFZ21d.s:50576:indirect jmp without `*'
/var/tmp//ccuFZ21d.s:50591:indirect jmp without `*'
/var/tmp//ccuFZ21d.s:50606:indirect jmp without `*'
/var/tmp//ccuFZ21d.s:50621:indirect jmp without `*'
/var/tmp//ccuFZ21d.s:50636:indirect jmp without `*'
/var/tmp//ccuFZ21d.s:50651:indirect jmp without `*'
/var/tmp//ccuFZ21d.s:50670:indirect jmp without `*'
/var/tmp//ccuFZ21d.s:50685:indirect jmp without `*'
/var/tmp//ccuFZ21d.s:50700:indirect jmp without `*'
/var/tmp//ccuFZ21d.s:50715:indirect jmp without `*'
/var/tmp//ccuFZ21d.s:50730:indirect jmp without `*'
/var/tmp//ccuFZ21d.s:50745:indirect jmp without `*'
/var/tmp//ccuFZ21d.s:50764:indirect jmp without `*'
/var/tmp//ccuFZ21d.s:50779:indirect jmp without `*'
/var/tmp//ccuFZ21d.s:50794:indirect jmp without `*'
/var/tmp//ccuFZ21d.s:50809:indirect jmp without `*'
/var/tmp//ccuFZ21d.s:50824:indirect jmp without `*'
/var/tmp//ccuFZ21d.s:50839:indirect jmp without `*'
/var/tmp//ccuFZ21d.s:50854:indirect jmp without `*'
/var/tmp//ccuFZ21d.s:50869:indirect jmp without `*'
/var/tmp//ccuFZ21d.s:50884:indirect jmp without `*'
/var/tmp//ccuFZ21d.s:50899:indirect jmp without `*'
/var/tmp//ccuFZ21d.s:50914:indirect jmp without `*'
/var/tmp//ccuFZ21d.s:50929:indirect jmp without `*'
/var/tmp//ccuFZ21d.s:50948:indirect jmp without `*'
/var/tmp//ccuFZ21d.s:50963:indirect jmp without `*'
/var/tmp//ccuFZ21d.s:50978:indirect jmp without `*'
/var/tmp//ccuFZ21d.s:50993:indirect jmp without `*'
/var/tmp//ccuFZ21d.s:51008:indirect jmp without `*'
/var/tmp//ccuFZ21d.s:51023:indirect jmp without `*'
/var/tmp//ccuFZ21d.s:51038:indirect jmp without `*'
/var/tmp//ccuFZ21d.s:51053:indirect jmp without `*'
/var/tmp//ccuFZ21d.s:51068:indirect jmp without `*'
/var/tmp//ccuFZ21d.s:51083:indirect jmp without `*'
/var/tmp//ccuFZ21d.s:51098:indirect jmp without `*'
/var/tmp//ccuFZ21d.s:51113:indirect jmp without `*'
/var/tmp//ccuFZ21d.s:51128:indirect jmp without `*'
/var/tmp//ccuFZ21d.s:51143:indirect jmp without `*'
/var/tmp//ccuFZ21d.s:51158:indirect jmp without `*'
/var/tmp//ccuFZ21d.s:51173:indirect jmp without `*'
/var/tmp//ccuFZ21d.s:51192:indirect jmp without `*'
/var/tmp//ccuFZ21d.s:51207:indirect jmp without `*'
/var/tmp//ccuFZ21d.s:51222:indirect jmp without `*'
/var/tmp//ccuFZ21d.s:51237:indirect jmp without `*'
/var/tmp//ccuFZ21d.s:51252:indirect jmp without `*'
/var/tmp//ccuFZ21d.s:51267:indirect jmp without `*'
/var/tmp//ccuFZ21d.s:51282:indirect jmp without `*'
/var/tmp//ccuFZ21d.s:51297:indirect jmp without `*'
/var/tmp//ccuFZ21d.s:51319:indirect jmp without `*'
/var/tmp//ccuFZ21d.s:51334:indirect jmp without `*'
/var/tmp//ccuFZ21d.s:51349:indirect jmp without `*'
/var/tmp//ccuFZ21d.s:51364:indirect jmp without `*'
/var/tmp//ccuFZ21d.s:51383:indirect jmp without `*'
/var/tmp//ccuFZ21d.s:51398:indirect jmp without `*'
/var/tmp//ccuFZ21d.s:51413:indirect jmp without `*'
/var/tmp//ccuFZ21d.s:51428:indirect jmp without `*'
/var/tmp//ccuFZ21d.s:51447:indirect jmp without `*'
/var/tmp//ccuFZ21d.s:51462:indirect jmp without `*'
/var/tmp//ccuFZ21d.s:51477:indirect jmp without `*'
/var/tmp//ccuFZ21d.s:51492:indirect jmp without `*'
/var/tmp//ccuFZ21d.s:51507:indirect jmp without `*'
/var/tmp//ccuFZ21d.s:51522:indirect jmp without `*'
/var/tmp//ccuFZ21d.s:51541:indirect jmp without `*'
/var/tmp//ccuFZ21d.s:51556:indirect jmp without `*'
/var/tmp//ccuFZ21d.s:51571:indirect jmp without `*'
/var/tmp//ccuFZ21d.s:51586:indirect jmp without `*'
/var/tmp//ccuFZ21d.s:51601:indirect jmp without `*'
/var/tmp//ccuFZ21d.s:51616:indirect jmp without `*'
/var/tmp//ccuFZ21d.s:51631:indirect jmp without `*'
/var/tmp//ccuFZ21d.s:51646:indirect jmp without `*'
/var/tmp//ccuFZ21d.s:51661:indirect jmp without `*'
/var/tmp//ccuFZ21d.s:51676:indirect jmp without `*'
/var/tmp//ccuFZ21d.s:51695:indirect jmp without `*'
/var/tmp//ccuFZ21d.s:51710:indirect jmp without `*'
/var/tmp//ccuFZ21d.s:51725:indirect jmp without `*'
/var/tmp//ccuFZ21d.s:51740:indirect jmp without `*'
/var/tmp//ccuFZ21d.s:51755:indirect jmp without `*'
/var/tmp//ccuFZ21d.s:51770:indirect jmp without `*'
/var/tmp//ccuFZ21d.s:51785:indirect jmp without `*'
/var/tmp//ccuFZ21d.s:51800:indirect jmp without `*'
g++-4.0 -arch i386 -I/Library/Frameworks/R.framework/Resources/include -I/Library/Frameworks/R.framework/Resources/include/i386 -msse3 -IboostIncl -fPIC -g -O2 -march=pentium-m -mtune=prescott -c mincut.cpp -o mincut.o
/var/tmp//ccjTCq2D.s:55080:indirect jmp without `*'
/var/tmp//ccjTCq2D.s:55095:indirect jmp without `*'
/var/tmp//ccjTCq2D.s:55110:indirect jmp without `*'
/var/tmp//ccjTCq2D.s:55125:indirect jmp without `*'
/var/tmp//ccjTCq2D.s:55140:indirect jmp without `*'
/var/tmp//ccjTCq2D.s:55155:indirect jmp without `*'
/var/tmp//ccjTCq2D.s:55170:indirect jmp without `*'
/var/tmp//ccjTCq2D.s:55185:indirect jmp without `*'
/var/tmp//ccjTCq2D.s:55200:indirect jmp without `*'
/var/tmp//ccjTCq2D.s:55215:indirect jmp without `*'
/var/tmp//ccjTCq2D.s:55230:indirect jmp without `*'
/var/tmp//ccjTCq2D.s:55245:indirect jmp without `*'
/var/tmp//ccjTCq2D.s:55260:indirect jmp without `*'
/var/tmp//ccjTCq2D.s:55275:indirect jmp without `*'
/var/tmp//ccjTCq2D.s:55290:indirect jmp without `*'
/var/tmp//ccjTCq2D.s:55305:indirect jmp without `*'
/var/tmp//ccjTCq2D.s:55320:indirect jmp without `*'
/var/tmp//ccjTCq2D.s:55335:indirect jmp without `*'
/var/tmp//ccjTCq2D.s:55350:indirect jmp without `*'
/var/tmp//ccjTCq2D.s:55365:indirect jmp without `*'
/var/tmp//ccjTCq2D.s:55380:indirect jmp without `*'
/var/tmp//ccjTCq2D.s:55395:indirect jmp without `*'
/var/tmp//ccjTCq2D.s:55410:indirect jmp without `*'
/var/tmp//ccjTCq2D.s:55425:indirect jmp without `*'
/var/tmp//ccjTCq2D.s:55440:indirect jmp without `*'
/var/tmp//ccjTCq2D.s:55455:indirect jmp without `*'
/var/tmp//ccjTCq2D.s:55470:indirect jmp without `*'
/var/tmp//ccjTCq2D.s:55485:indirect jmp without `*'
/var/tmp//ccjTCq2D.s:55500:indirect jmp without `*'
/var/tmp//ccjTCq2D.s:55515:indirect jmp without `*'
/var/tmp//ccjTCq2D.s:55530:indirect jmp without `*'
/var/tmp//ccjTCq2D.s:55545:indirect jmp without `*'
/var/tmp//ccjTCq2D.s:55560:indirect jmp without `*'
/var/tmp//ccjTCq2D.s:55575:indirect jmp without `*'
/var/tmp//ccjTCq2D.s:55590:indirect jmp without `*'
/var/tmp//ccjTCq2D.s:55605:indirect jmp without `*'
/var/tmp//ccjTCq2D.s:55620:indirect jmp without `*'
/var/tmp//ccjTCq2D.s:55635:indirect jmp without `*'
/var/tmp//ccjTCq2D.s:55654:indirect jmp without `*'
/var/tmp//ccjTCq2D.s:55669:indirect jmp without `*'
/var/tmp//ccjTCq2D.s:55684:indirect jmp without `*'
/var/tmp//ccjTCq2D.s:55699:indirect jmp without `*'
/var/tmp//ccjTCq2D.s:55714:indirect jmp without `*'
/var/tmp//ccjTCq2D.s:55729:indirect jmp without `*'
/var/tmp//ccjTCq2D.s:55744:indirect jmp without `*'
/var/tmp//ccjTCq2D.s:55759:indirect jmp without `*'
/var/tmp//ccjTCq2D.s:55774:indirect jmp without `*'
/var/tmp//ccjTCq2D.s:55789:indirect jmp without `*'
/var/tmp//ccjTCq2D.s:55804:indirect jmp without `*'
/var/tmp//ccjTCq2D.s:55819:indirect jmp without `*'
/var/tmp//ccjTCq2D.s:55834:indirect jmp without `*'
/var/tmp//ccjTCq2D.s:55849:indirect jmp without `*'
/var/tmp//ccjTCq2D.s:55864:indirect jmp without `*'
/var/tmp//ccjTCq2D.s:55879:indirect jmp without `*'
/var/tmp//ccjTCq2D.s:55894:indirect jmp without `*'
/var/tmp//ccjTCq2D.s:55909:indirect jmp without `*'
/var/tmp//ccjTCq2D.s:55924:indirect jmp without `*'
/var/tmp//ccjTCq2D.s:55939:indirect jmp without `*'
/var/tmp//ccjTCq2D.s:55954:indirect jmp without `*'
/var/tmp//ccjTCq2D.s:55969:indirect jmp without `*'
/var/tmp//ccjTCq2D.s:55984:indirect jmp without `*'
/var/tmp//ccjTCq2D.s:55999:indirect jmp without `*'
/var/tmp//ccjTCq2D.s:56014:indirect jmp without `*'
/var/tmp//ccjTCq2D.s:56029:indirect jmp without `*'
/var/tmp//ccjTCq2D.s:56044:indirect jmp without `*'
/var/tmp//ccjTCq2D.s:56059:indirect jmp without `*'
/var/tmp//ccjTCq2D.s:56074:indirect jmp without `*'
/var/tmp//ccjTCq2D.s:56093:indirect jmp without `*'
/var/tmp//ccjTCq2D.s:56108:indirect jmp without `*'
/var/tmp//ccjTCq2D.s:56123:indirect jmp without `*'
/var/tmp//ccjTCq2D.s:56138:indirect jmp without `*'
/var/tmp//ccjTCq2D.s:56153:indirect jmp without `*'
/var/tmp//ccjTCq2D.s:56168:indirect jmp without `*'
/var/tmp//ccjTCq2D.s:56183:indirect jmp without `*'
/var/tmp//ccjTCq2D.s:56198:indirect jmp without `*'
/var/tmp//ccjTCq2D.s:56213:indirect jmp without `*'
/var/tmp//ccjTCq2D.s:56228:indirect jmp without `*'
/var/tmp//ccjTCq2D.s:56247:indirect jmp without `*'
/var/tmp//ccjTCq2D.s:56262:indirect jmp without `*'
/var/tmp//ccjTCq2D.s:56277:indirect jmp without `*'
/var/tmp//ccjTCq2D.s:56292:indirect jmp without `*'
/var/tmp//ccjTCq2D.s:56307:indirect jmp without `*'
/var/tmp//ccjTCq2D.s:56322:indirect jmp without `*'
/var/tmp//ccjTCq2D.s:56337:indirect jmp without `*'
/var/tmp//ccjTCq2D.s:56352:indirect jmp without `*'
/var/tmp//ccjTCq2D.s:56367:indirect jmp without `*'
/var/tmp//ccjTCq2D.s:56382:indirect jmp without `*'
/var/tmp//ccjTCq2D.s:56397:indirect jmp without `*'
/var/tmp//ccjTCq2D.s:56412:indirect jmp without `*'
/var/tmp//ccjTCq2D.s:56427:indirect jmp without `*'
/var/tmp//ccjTCq2D.s:56442:indirect jmp without `*'
/var/tmp//ccjTCq2D.s:56457:indirect jmp without `*'
/var/tmp//ccjTCq2D.s:56472:indirect jmp without `*'
/var/tmp//ccjTCq2D.s:56491:indirect jmp without `*'
/var/tmp//ccjTCq2D.s:56506:indirect jmp without `*'
/var/tmp//ccjTCq2D.s:56521:indirect jmp without `*'
/var/tmp//ccjTCq2D.s:56536:indirect jmp without `*'
/var/tmp//ccjTCq2D.s:56551:indirect jmp without `*'
/var/tmp//ccjTCq2D.s:56566:indirect jmp without `*'
/var/tmp//ccjTCq2D.s:56581:indirect jmp without `*'
/var/tmp//ccjTCq2D.s:56596:indirect jmp without `*'
/var/tmp//ccjTCq2D.s:56611:indirect jmp without `*'
/var/tmp//ccjTCq2D.s:56626:indirect jmp without `*'
/var/tmp//ccjTCq2D.s:56641:indirect jmp without `*'
/var/tmp//ccjTCq2D.s:56656:indirect jmp without `*'
/var/tmp//ccjTCq2D.s:56671:indirect jmp without `*'
/var/tmp//ccjTCq2D.s:56686:indirect jmp without `*'
/var/tmp//ccjTCq2D.s:56701:indirect jmp without `*'
/var/tmp//ccjTCq2D.s:56716:indirect jmp without `*'
/var/tmp//ccjTCq2D.s:56731:indirect jmp without `*'
/var/tmp//ccjTCq2D.s:56746:indirect jmp without `*'
/var/tmp//ccjTCq2D.s:56761:indirect jmp without `*'
/var/tmp//ccjTCq2D.s:56776:indirect jmp without `*'
/var/tmp//ccjTCq2D.s:56791:indirect jmp without `*'
/var/tmp//ccjTCq2D.s:56806:indirect jmp without `*'
/var/tmp//ccjTCq2D.s:56821:indirect jmp without `*'
/var/tmp//ccjTCq2D.s:56836:indirect jmp without `*'
/var/tmp//ccjTCq2D.s:56851:indirect jmp without `*'
/var/tmp//ccjTCq2D.s:56870:indirect jmp without `*'
/var/tmp//ccjTCq2D.s:56885:indirect jmp without `*'
/var/tmp//ccjTCq2D.s:56900:indirect jmp without `*'
/var/tmp//ccjTCq2D.s:56915:indirect jmp without `*'
/var/tmp//ccjTCq2D.s:56930:indirect jmp without `*'
/var/tmp//ccjTCq2D.s:56945:indirect jmp without `*'
/var/tmp//ccjTCq2D.s:56960:indirect jmp without `*'
/var/tmp//ccjTCq2D.s:56975:indirect jmp without `*'
/var/tmp//ccjTCq2D.s:56990:indirect jmp without `*'
/var/tmp//ccjTCq2D.s:57005:indirect jmp without `*'
/var/tmp//ccjTCq2D.s:57020:indirect jmp without `*'
/var/tmp//ccjTCq2D.s:57035:indirect jmp without `*'
/var/tmp//ccjTCq2D.s:57050:indirect jmp without `*'
/var/tmp//ccjTCq2D.s:57065:indirect jmp without `*'
/var/tmp//ccjTCq2D.s:57080:indirect jmp without `*'
/var/tmp//ccjTCq2D.s:57099:indirect jmp without `*'
/var/tmp//ccjTCq2D.s:57114:indirect jmp without `*'
/var/tmp//ccjTCq2D.s:57129:indirect jmp without `*'
/var/tmp//ccjTCq2D.s:57144:indirect jmp without `*'
/var/tmp//ccjTCq2D.s:57159:indirect jmp without `*'
/var/tmp//ccjTCq2D.s:57174:indirect jmp without `*'
/var/tmp//ccjTCq2D.s:57189:indirect jmp without `*'
/var/tmp//ccjTCq2D.s:57204:indirect jmp without `*'
/var/tmp//ccjTCq2D.s:57219:indirect jmp without `*'
/var/tmp//ccjTCq2D.s:57234:indirect jmp without `*'
/var/tmp//ccjTCq2D.s:57249:indirect jmp without `*'
/var/tmp//ccjTCq2D.s:57264:indirect jmp without `*'
/var/tmp//ccjTCq2D.s:57279:indirect jmp without `*'
/var/tmp//ccjTCq2D.s:57294:indirect jmp without `*'
/var/tmp//ccjTCq2D.s:57309:indirect jmp without `*'
/var/tmp//ccjTCq2D.s:57324:indirect jmp without `*'
/var/tmp//ccjTCq2D.s:57339:indirect jmp without `*'
/var/tmp//ccjTCq2D.s:57354:indirect jmp without `*'
/var/tmp//ccjTCq2D.s:57373:indirect jmp without `*'
/var/tmp//ccjTCq2D.s:57388:indirect jmp without `*'
/var/tmp//ccjTCq2D.s:57403:indirect jmp without `*'
/var/tmp//ccjTCq2D.s:57422:indirect jmp without `*'
/var/tmp//ccjTCq2D.s:57437:indirect jmp without `*'
/var/tmp//ccjTCq2D.s:57452:indirect jmp without `*'
/var/tmp//ccjTCq2D.s:57467:indirect jmp without `*'
/var/tmp//ccjTCq2D.s:57482:indirect jmp without `*'
/var/tmp//ccjTCq2D.s:57497:indirect jmp without `*'
/var/tmp//ccjTCq2D.s:57512:indirect jmp without `*'
/var/tmp//ccjTCq2D.s:57527:indirect jmp without `*'
/var/tmp//ccjTCq2D.s:57542:indirect jmp without `*'
/var/tmp//ccjTCq2D.s:57557:indirect jmp without `*'
/var/tmp//ccjTCq2D.s:57572:indirect jmp without `*'
/var/tmp//ccjTCq2D.s:57587:indirect jmp without `*'
/var/tmp//ccjTCq2D.s:57602:indirect jmp without `*'
/var/tmp//ccjTCq2D.s:57617:indirect jmp without `*'
/var/tmp//ccjTCq2D.s:57632:indirect jmp without `*'
/var/tmp//ccjTCq2D.s:57647:indirect jmp without `*'
/var/tmp//ccjTCq2D.s:57662:indirect jmp without `*'
/var/tmp//ccjTCq2D.s:57677:indirect jmp without `*'
/var/tmp//ccjTCq2D.s:57692:indirect jmp without `*'
/var/tmp//ccjTCq2D.s:57707:indirect jmp without `*'
/var/tmp//ccjTCq2D.s:57722:indirect jmp without `*'
/var/tmp//ccjTCq2D.s:57737:indirect jmp without `*'
/var/tmp//ccjTCq2D.s:57752:indirect jmp without `*'
/var/tmp//ccjTCq2D.s:57767:indirect jmp without `*'
/var/tmp//ccjTCq2D.s:57782:indirect jmp without `*'
/var/tmp//ccjTCq2D.s:57797:indirect jmp without `*'
/var/tmp//ccjTCq2D.s:57812:indirect jmp without `*'
/var/tmp//ccjTCq2D.s:57827:indirect jmp without `*'
/var/tmp//ccjTCq2D.s:57842:indirect jmp without `*'
/var/tmp//ccjTCq2D.s:57857:indirect jmp without `*'
/var/tmp//ccjTCq2D.s:57876:indirect jmp without `*'
/var/tmp//ccjTCq2D.s:57891:indirect jmp without `*'
/var/tmp//ccjTCq2D.s:57906:indirect jmp without `*'
/var/tmp//ccjTCq2D.s:57921:indirect jmp without `*'
/var/tmp//ccjTCq2D.s:57936:indirect jmp without `*'
/var/tmp//ccjTCq2D.s:57951:indirect jmp without `*'
/var/tmp//ccjTCq2D.s:57966:indirect jmp without `*'
/var/tmp//ccjTCq2D.s:57981:indirect jmp without `*'
/var/tmp//ccjTCq2D.s:58003:indirect jmp without `*'
g++-4.0 -arch i386 -I/Library/Frameworks/R.framework/Resources/include -I/Library/Frameworks/R.framework/Resources/include/i386 -msse3 -IboostIncl -fPIC -g -O2 -march=pentium-m -mtune=prescott -c ordering.cpp -o ordering.o
/var/tmp//ccciGMUJ.s:101060:indirect jmp without `*'
/var/tmp//ccciGMUJ.s:101075:indirect jmp without `*'
/var/tmp//ccciGMUJ.s:101090:indirect jmp without `*'
/var/tmp//ccciGMUJ.s:101105:indirect jmp without `*'
/var/tmp//ccciGMUJ.s:101120:indirect jmp without `*'
/var/tmp//ccciGMUJ.s:101135:indirect jmp without `*'
/var/tmp//ccciGMUJ.s:101150:indirect jmp without `*'
/var/tmp//ccciGMUJ.s:101172:indirect jmp without `*'
/var/tmp//ccciGMUJ.s:101187:indirect jmp without `*'
/var/tmp//ccciGMUJ.s:101202:indirect jmp without `*'
/var/tmp//ccciGMUJ.s:101217:indirect jmp without `*'
/var/tmp//ccciGMUJ.s:101232:indirect jmp without `*'
/var/tmp//ccciGMUJ.s:101247:indirect jmp without `*'
/var/tmp//ccciGMUJ.s:101262:indirect jmp without `*'
/var/tmp//ccciGMUJ.s:101277:indirect jmp without `*'
/var/tmp//ccciGMUJ.s:101292:indirect jmp without `*'
/var/tmp//ccciGMUJ.s:101307:indirect jmp without `*'
/var/tmp//ccciGMUJ.s:101322:indirect jmp without `*'
/var/tmp//ccciGMUJ.s:101341:indirect jmp without `*'
/var/tmp//ccciGMUJ.s:101356:indirect jmp without `*'
/var/tmp//ccciGMUJ.s:101371:indirect jmp without `*'
/var/tmp//ccciGMUJ.s:101390:indirect jmp without `*'
/var/tmp//ccciGMUJ.s:101405:indirect jmp without `*'
/var/tmp//ccciGMUJ.s:101420:indirect jmp without `*'
/var/tmp//ccciGMUJ.s:101435:indirect jmp without `*'
/var/tmp//ccciGMUJ.s:101450:indirect jmp without `*'
/var/tmp//ccciGMUJ.s:101465:indirect jmp without `*'
/var/tmp//ccciGMUJ.s:101480:indirect jmp without `*'
/var/tmp//ccciGMUJ.s:101495:indirect jmp without `*'
/var/tmp//ccciGMUJ.s:101510:indirect jmp without `*'
/var/tmp//ccciGMUJ.s:101525:indirect jmp without `*'
/var/tmp//ccciGMUJ.s:101540:indirect jmp without `*'
/var/tmp//ccciGMUJ.s:101555:indirect jmp without `*'
/var/tmp//ccciGMUJ.s:101570:indirect jmp without `*'
/var/tmp//ccciGMUJ.s:101585:indirect jmp without `*'
/var/tmp//ccciGMUJ.s:101600:indirect jmp without `*'
/var/tmp//ccciGMUJ.s:101615:indirect jmp without `*'
/var/tmp//ccciGMUJ.s:101630:indirect jmp without `*'
/var/tmp//ccciGMUJ.s:101645:indirect jmp without `*'
/var/tmp//ccciGMUJ.s:101660:indirect jmp without `*'
/var/tmp//ccciGMUJ.s:101675:indirect jmp without `*'
/var/tmp//ccciGMUJ.s:101690:indirect jmp without `*'
/var/tmp//ccciGMUJ.s:101705:indirect jmp without `*'
/var/tmp//ccciGMUJ.s:101724:indirect jmp without `*'
/var/tmp//ccciGMUJ.s:101739:indirect jmp without `*'
/var/tmp//ccciGMUJ.s:101754:indirect jmp without `*'
/var/tmp//ccciGMUJ.s:101769:indirect jmp without `*'
/var/tmp//ccciGMUJ.s:101784:indirect jmp without `*'
/var/tmp//ccciGMUJ.s:101803:indirect jmp without `*'
/var/tmp//ccciGMUJ.s:101818:indirect jmp without `*'
/var/tmp//ccciGMUJ.s:101833:indirect jmp without `*'
/var/tmp//ccciGMUJ.s:101848:indirect jmp without `*'
/var/tmp//ccciGMUJ.s:101863:indirect jmp without `*'
/var/tmp//ccciGMUJ.s:101878:indirect jmp without `*'
/var/tmp//ccciGMUJ.s:101893:indirect jmp without `*'
/var/tmp//ccciGMUJ.s:101908:indirect jmp without `*'
/var/tmp//ccciGMUJ.s:101923:indirect jmp without `*'
/var/tmp//ccciGMUJ.s:101938:indirect jmp without `*'
/var/tmp//ccciGMUJ.s:101953:indirect jmp without `*'
/var/tmp//ccciGMUJ.s:101968:indirect jmp without `*'
/var/tmp//ccciGMUJ.s:101983:indirect jmp without `*'
/var/tmp//ccciGMUJ.s:101998:indirect jmp without `*'
/var/tmp//ccciGMUJ.s:102013:indirect jmp without `*'
/var/tmp//ccciGMUJ.s:102028:indirect jmp without `*'
/var/tmp//ccciGMUJ.s:102043:indirect jmp without `*'
/var/tmp//ccciGMUJ.s:102058:indirect jmp without `*'
/var/tmp//ccciGMUJ.s:102073:indirect jmp without `*'
/var/tmp//ccciGMUJ.s:102088:indirect jmp without `*'
/var/tmp//ccciGMUJ.s:102103:indirect jmp without `*'
/var/tmp//ccciGMUJ.s:102118:indirect jmp without `*'
/var/tmp//ccciGMUJ.s:102133:indirect jmp without `*'
/var/tmp//ccciGMUJ.s:102148:indirect jmp without `*'
/var/tmp//ccciGMUJ.s:102163:indirect jmp without `*'
/var/tmp//ccciGMUJ.s:102178:indirect jmp without `*'
/var/tmp//ccciGMUJ.s:102193:indirect jmp without `*'
/var/tmp//ccciGMUJ.s:102212:indirect jmp without `*'
/var/tmp//ccciGMUJ.s:102227:indirect jmp without `*'
/var/tmp//ccciGMUJ.s:102242:indirect jmp without `*'
/var/tmp//ccciGMUJ.s:102257:indirect jmp without `*'
/var/tmp//ccciGMUJ.s:102272:indirect jmp without `*'
/var/tmp//ccciGMUJ.s:102287:indirect jmp without `*'
/var/tmp//ccciGMUJ.s:102302:indirect jmp without `*'
/var/tmp//ccciGMUJ.s:102317:indirect jmp without `*'
/var/tmp//ccciGMUJ.s:102332:indirect jmp without `*'
/var/tmp//ccciGMUJ.s:102347:indirect jmp without `*'
/var/tmp//ccciGMUJ.s:102366:indirect jmp without `*'
/var/tmp//ccciGMUJ.s:102381:indirect jmp without `*'
/var/tmp//ccciGMUJ.s:102396:indirect jmp without `*'
/var/tmp//ccciGMUJ.s:102411:indirect jmp without `*'
/var/tmp//ccciGMUJ.s:102426:indirect jmp without `*'
/var/tmp//ccciGMUJ.s:102441:indirect jmp without `*'
/var/tmp//ccciGMUJ.s:102456:indirect jmp without `*'
/var/tmp//ccciGMUJ.s:102471:indirect jmp without `*'
/var/tmp//ccciGMUJ.s:102486:indirect jmp without `*'
/var/tmp//ccciGMUJ.s:102501:indirect jmp without `*'
/var/tmp//ccciGMUJ.s:102516:indirect jmp without `*'
/var/tmp//ccciGMUJ.s:102531:indirect jmp without `*'
/var/tmp//ccciGMUJ.s:102546:indirect jmp without `*'
/var/tmp//ccciGMUJ.s:102561:indirect jmp without `*'
/var/tmp//ccciGMUJ.s:102576:indirect jmp without `*'
/var/tmp//ccciGMUJ.s:102591:indirect jmp without `*'
/var/tmp//ccciGMUJ.s:102610:indirect jmp without `*'
/var/tmp//ccciGMUJ.s:102625:indirect jmp without `*'
/var/tmp//ccciGMUJ.s:102640:indirect jmp without `*'
/var/tmp//ccciGMUJ.s:102655:indirect jmp without `*'
/var/tmp//ccciGMUJ.s:102670:indirect jmp without `*'
/var/tmp//ccciGMUJ.s:102685:indirect jmp without `*'
/var/tmp//ccciGMUJ.s:102700:indirect jmp without `*'
/var/tmp//ccciGMUJ.s:102715:indirect jmp without `*'
/var/tmp//ccciGMUJ.s:102730:indirect jmp without `*'
/var/tmp//ccciGMUJ.s:102749:indirect jmp without `*'
/var/tmp//ccciGMUJ.s:102764:indirect jmp without `*'
/var/tmp//ccciGMUJ.s:102779:indirect jmp without `*'
/var/tmp//ccciGMUJ.s:102794:indirect jmp without `*'
/var/tmp//ccciGMUJ.s:102809:indirect jmp without `*'
/var/tmp//ccciGMUJ.s:102824:indirect jmp without `*'
/var/tmp//ccciGMUJ.s:102843:indirect jmp without `*'
/var/tmp//ccciGMUJ.s:102858:indirect jmp without `*'
/var/tmp//ccciGMUJ.s:102873:indirect jmp without `*'
/var/tmp//ccciGMUJ.s:102888:indirect jmp without `*'
/var/tmp//ccciGMUJ.s:102903:indirect jmp without `*'
/var/tmp//ccciGMUJ.s:102918:indirect jmp without `*'
/var/tmp//ccciGMUJ.s:102933:indirect jmp without `*'
/var/tmp//ccciGMUJ.s:102948:indirect jmp without `*'
/var/tmp//ccciGMUJ.s:102963:indirect jmp without `*'
/var/tmp//ccciGMUJ.s:102978:indirect jmp without `*'
/var/tmp//ccciGMUJ.s:102993:indirect jmp without `*'
/var/tmp//ccciGMUJ.s:103008:indirect jmp without `*'
/var/tmp//ccciGMUJ.s:103023:indirect jmp without `*'
/var/tmp//ccciGMUJ.s:103038:indirect jmp without `*'
/var/tmp//ccciGMUJ.s:103053:indirect jmp without `*'
/var/tmp//ccciGMUJ.s:103068:indirect jmp without `*'
/var/tmp//ccciGMUJ.s:103083:indirect jmp without `*'
/var/tmp//ccciGMUJ.s:103098:indirect jmp without `*'
/var/tmp//ccciGMUJ.s:103113:indirect jmp without `*'
/var/tmp//ccciGMUJ.s:103128:indirect jmp without `*'
/var/tmp//ccciGMUJ.s:103143:indirect jmp without `*'
/var/tmp//ccciGMUJ.s:103158:indirect jmp without `*'
/var/tmp//ccciGMUJ.s:103177:indirect jmp without `*'
/var/tmp//ccciGMUJ.s:103192:indirect jmp without `*'
/var/tmp//ccciGMUJ.s:103207:indirect jmp without `*'
/var/tmp//ccciGMUJ.s:103222:indirect jmp without `*'
/var/tmp//ccciGMUJ.s:103237:indirect jmp without `*'
/var/tmp//ccciGMUJ.s:103252:indirect jmp without `*'
/var/tmp//ccciGMUJ.s:103271:indirect jmp without `*'
/var/tmp//ccciGMUJ.s:103286:indirect jmp without `*'
/var/tmp//ccciGMUJ.s:103301:indirect jmp without `*'
/var/tmp//ccciGMUJ.s:103316:indirect jmp without `*'
/var/tmp//ccciGMUJ.s:103335:indirect jmp without `*'
/var/tmp//ccciGMUJ.s:103350:indirect jmp without `*'
/var/tmp//ccciGMUJ.s:103365:indirect jmp without `*'
/var/tmp//ccciGMUJ.s:103380:indirect jmp without `*'
/var/tmp//ccciGMUJ.s:103395:indirect jmp without `*'
/var/tmp//ccciGMUJ.s:103410:indirect jmp without `*'
/var/tmp//ccciGMUJ.s:103425:indirect jmp without `*'
/var/tmp//ccciGMUJ.s:103440:indirect jmp without `*'
/var/tmp//ccciGMUJ.s:103455:indirect jmp without `*'
/var/tmp//ccciGMUJ.s:103470:indirect jmp without `*'
/var/tmp//ccciGMUJ.s:103485:indirect jmp without `*'
/var/tmp//ccciGMUJ.s:103500:indirect jmp without `*'
/var/tmp//ccciGMUJ.s:103515:indirect jmp without `*'
/var/tmp//ccciGMUJ.s:103534:indirect jmp without `*'
/var/tmp//ccciGMUJ.s:103549:indirect jmp without `*'
/var/tmp//ccciGMUJ.s:103564:indirect jmp without `*'
/var/tmp//ccciGMUJ.s:103579:indirect jmp without `*'
/var/tmp//ccciGMUJ.s:103594:indirect jmp without `*'
/var/tmp//ccciGMUJ.s:103609:indirect jmp without `*'
/var/tmp//ccciGMUJ.s:103624:indirect jmp without `*'
/var/tmp//ccciGMUJ.s:103639:indirect jmp without `*'
/var/tmp//ccciGMUJ.s:103654:indirect jmp without `*'
/var/tmp//ccciGMUJ.s:103669:indirect jmp without `*'
/var/tmp//ccciGMUJ.s:103684:indirect jmp without `*'
/var/tmp//ccciGMUJ.s:103699:indirect jmp without `*'
/var/tmp//ccciGMUJ.s:103714:indirect jmp without `*'
/var/tmp//ccciGMUJ.s:103729:indirect jmp without `*'
/var/tmp//ccciGMUJ.s:103748:indirect jmp without `*'
/var/tmp//ccciGMUJ.s:103763:indirect jmp without `*'
/var/tmp//ccciGMUJ.s:103778:indirect jmp without `*'
/var/tmp//ccciGMUJ.s:103793:indirect jmp without `*'
/var/tmp//ccciGMUJ.s:103808:indirect jmp without `*'
/var/tmp//ccciGMUJ.s:103823:indirect jmp without `*'
/var/tmp//ccciGMUJ.s:103838:indirect jmp without `*'
/var/tmp//ccciGMUJ.s:103853:indirect jmp without `*'
/var/tmp//ccciGMUJ.s:103868:indirect jmp without `*'
/var/tmp//ccciGMUJ.s:103883:indirect jmp without `*'
/var/tmp//ccciGMUJ.s:103898:indirect jmp without `*'
/var/tmp//ccciGMUJ.s:103913:indirect jmp without `*'
/var/tmp//ccciGMUJ.s:103928:indirect jmp without `*'
/var/tmp//ccciGMUJ.s:103943:indirect jmp without `*'
/var/tmp//ccciGMUJ.s:103958:indirect jmp without `*'
/var/tmp//ccciGMUJ.s:103973:indirect jmp without `*'
/var/tmp//ccciGMUJ.s:103988:indirect jmp without `*'
/var/tmp//ccciGMUJ.s:104003:indirect jmp without `*'
/var/tmp//ccciGMUJ.s:104018:indirect jmp without `*'
/var/tmp//ccciGMUJ.s:104033:indirect jmp without `*'
/var/tmp//ccciGMUJ.s:104048:indirect jmp without `*'
/var/tmp//ccciGMUJ.s:104063:indirect jmp without `*'
/var/tmp//ccciGMUJ.s:104078:indirect jmp without `*'
/var/tmp//ccciGMUJ.s:104093:indirect jmp without `*'
/var/tmp//ccciGMUJ.s:104108:indirect jmp without `*'
/var/tmp//ccciGMUJ.s:104123:indirect jmp without `*'
/var/tmp//ccciGMUJ.s:104138:indirect jmp without `*'
/var/tmp//ccciGMUJ.s:104153:indirect jmp without `*'
/var/tmp//ccciGMUJ.s:104168:indirect jmp without `*'
/var/tmp//ccciGMUJ.s:104183:indirect jmp without `*'
/var/tmp//ccciGMUJ.s:104198:indirect jmp without `*'
/var/tmp//ccciGMUJ.s:104213:indirect jmp without `*'
/var/tmp//ccciGMUJ.s:104228:indirect jmp without `*'
/var/tmp//ccciGMUJ.s:104243:indirect jmp without `*'
/var/tmp//ccciGMUJ.s:104258:indirect jmp without `*'
/var/tmp//ccciGMUJ.s:104273:indirect jmp without `*'
/var/tmp//ccciGMUJ.s:104288:indirect jmp without `*'
/var/tmp//ccciGMUJ.s:104303:indirect jmp without `*'
/var/tmp//ccciGMUJ.s:104318:indirect jmp without `*'
/var/tmp//ccciGMUJ.s:104333:indirect jmp without `*'
/var/tmp//ccciGMUJ.s:104348:indirect jmp without `*'
/var/tmp//ccciGMUJ.s:104363:indirect jmp without `*'
/var/tmp//ccciGMUJ.s:104378:indirect jmp without `*'
/var/tmp//ccciGMUJ.s:104393:indirect jmp without `*'
/var/tmp//ccciGMUJ.s:104408:indirect jmp without `*'
/var/tmp//ccciGMUJ.s:104427:indirect jmp without `*'
/var/tmp//ccciGMUJ.s:104442:indirect jmp without `*'
/var/tmp//ccciGMUJ.s:104457:indirect jmp without `*'
/var/tmp//ccciGMUJ.s:104472:indirect jmp without `*'
/var/tmp//ccciGMUJ.s:104487:indirect jmp without `*'
/var/tmp//ccciGMUJ.s:104502:indirect jmp without `*'
/var/tmp//ccciGMUJ.s:104521:indirect jmp without `*'
/var/tmp//ccciGMUJ.s:104536:indirect jmp without `*'
/var/tmp//ccciGMUJ.s:104551:indirect jmp without `*'
/var/tmp//ccciGMUJ.s:104566:indirect jmp without `*'
/var/tmp//ccciGMUJ.s:104581:indirect jmp without `*'
/var/tmp//ccciGMUJ.s:104596:indirect jmp without `*'
/var/tmp//ccciGMUJ.s:104611:indirect jmp without `*'
/var/tmp//ccciGMUJ.s:104626:indirect jmp without `*'
/var/tmp//ccciGMUJ.s:104641:indirect jmp without `*'
/var/tmp//ccciGMUJ.s:104656:indirect jmp without `*'
/var/tmp//ccciGMUJ.s:104671:indirect jmp without `*'
/var/tmp//ccciGMUJ.s:104686:indirect jmp without `*'
/var/tmp//ccciGMUJ.s:104701:indirect jmp without `*'
/var/tmp//ccciGMUJ.s:104716:indirect jmp without `*'
/var/tmp//ccciGMUJ.s:104731:indirect jmp without `*'
/var/tmp//ccciGMUJ.s:104746:indirect jmp without `*'
/var/tmp//ccciGMUJ.s:104761:indirect jmp without `*'
/var/tmp//ccciGMUJ.s:104776:indirect jmp without `*'
/var/tmp//ccciGMUJ.s:104791:indirect jmp without `*'
/var/tmp//ccciGMUJ.s:104806:indirect jmp without `*'
/var/tmp//ccciGMUJ.s:104821:indirect jmp without `*'
/var/tmp//ccciGMUJ.s:104836:indirect jmp without `*'
/var/tmp//ccciGMUJ.s:104851:indirect jmp without `*'
/var/tmp//ccciGMUJ.s:104866:indirect jmp without `*'
/var/tmp//ccciGMUJ.s:104881:indirect jmp without `*'
/var/tmp//ccciGMUJ.s:104896:indirect jmp without `*'
/var/tmp//ccciGMUJ.s:104911:indirect jmp without `*'
/var/tmp//ccciGMUJ.s:104926:indirect jmp without `*'
/var/tmp//ccciGMUJ.s:104941:indirect jmp without `*'
/var/tmp//ccciGMUJ.s:104956:indirect jmp without `*'
/var/tmp//ccciGMUJ.s:104971:indirect jmp without `*'
/var/tmp//ccciGMUJ.s:104986:indirect jmp without `*'
/var/tmp//ccciGMUJ.s:105001:indirect jmp without `*'
/var/tmp//ccciGMUJ.s:105016:indirect jmp without `*'
/var/tmp//ccciGMUJ.s:105031:indirect jmp without `*'
/var/tmp//ccciGMUJ.s:105046:indirect jmp without `*'
/var/tmp//ccciGMUJ.s:105061:indirect jmp without `*'
/var/tmp//ccciGMUJ.s:105076:indirect jmp without `*'
/var/tmp//ccciGMUJ.s:105091:indirect jmp without `*'
/var/tmp//ccciGMUJ.s:105106:indirect jmp without `*'
/var/tmp//ccciGMUJ.s:105121:indirect jmp without `*'
/var/tmp//ccciGMUJ.s:105136:indirect jmp without `*'
/var/tmp//ccciGMUJ.s:105151:indirect jmp without `*'
/var/tmp//ccciGMUJ.s:105166:indirect jmp without `*'
/var/tmp//ccciGMUJ.s:105181:indirect jmp without `*'
/var/tmp//ccciGMUJ.s:105196:indirect jmp without `*'
/var/tmp//ccciGMUJ.s:105211:indirect jmp without `*'
/var/tmp//ccciGMUJ.s:105226:indirect jmp without `*'
/var/tmp//ccciGMUJ.s:105241:indirect jmp without `*'
/var/tmp//ccciGMUJ.s:105256:indirect jmp without `*'
/var/tmp//ccciGMUJ.s:105271:indirect jmp without `*'
/var/tmp//ccciGMUJ.s:105290:indirect jmp without `*'
/var/tmp//ccciGMUJ.s:105305:indirect jmp without `*'
/var/tmp//ccciGMUJ.s:105320:indirect jmp without `*'
/var/tmp//ccciGMUJ.s:105335:indirect jmp without `*'
/var/tmp//ccciGMUJ.s:105350:indirect jmp without `*'
/var/tmp//ccciGMUJ.s:105369:indirect jmp without `*'
/var/tmp//ccciGMUJ.s:105384:indirect jmp without `*'
g++-4.0 -arch i386 -I/Library/Frameworks/R.framework/Resources/include -I/Library/Frameworks/R.framework/Resources/include/i386 -msse3 -IboostIncl -fPIC -g -O2 -march=pentium-m -mtune=prescott -c shortestPath.cpp -o shortestPath.o
/var/tmp//ccebtHHZ.s:85475:indirect jmp without `*'
/var/tmp//ccebtHHZ.s:85490:indirect jmp without `*'
/var/tmp//ccebtHHZ.s:85505:indirect jmp without `*'
/var/tmp//ccebtHHZ.s:85524:indirect jmp without `*'
/var/tmp//ccebtHHZ.s:85539:indirect jmp without `*'
/var/tmp//ccebtHHZ.s:85554:indirect jmp without `*'
/var/tmp//ccebtHHZ.s:85569:indirect jmp without `*'
/var/tmp//ccebtHHZ.s:85584:indirect jmp without `*'
/var/tmp//ccebtHHZ.s:85599:indirect jmp without `*'
/var/tmp//ccebtHHZ.s:85614:indirect jmp without `*'
/var/tmp//ccebtHHZ.s:85629:indirect jmp without `*'
/var/tmp//ccebtHHZ.s:85644:indirect jmp without `*'
/var/tmp//ccebtHHZ.s:85659:indirect jmp without `*'
/var/tmp//ccebtHHZ.s:85674:indirect jmp without `*'
/var/tmp//ccebtHHZ.s:85689:indirect jmp without `*'
/var/tmp//ccebtHHZ.s:85704:indirect jmp without `*'
/var/tmp//ccebtHHZ.s:85719:indirect jmp without `*'
/var/tmp//ccebtHHZ.s:85734:indirect jmp without `*'
/var/tmp//ccebtHHZ.s:85749:indirect jmp without `*'
/var/tmp//ccebtHHZ.s:85764:indirect jmp without `*'
/var/tmp//ccebtHHZ.s:85779:indirect jmp without `*'
/var/tmp//ccebtHHZ.s:85798:indirect jmp without `*'
/var/tmp//ccebtHHZ.s:85813:indirect jmp without `*'
/var/tmp//ccebtHHZ.s:85828:indirect jmp without `*'
/var/tmp//ccebtHHZ.s:85843:indirect jmp without `*'
/var/tmp//ccebtHHZ.s:85858:indirect jmp without `*'
/var/tmp//ccebtHHZ.s:85873:indirect jmp without `*'
/var/tmp//ccebtHHZ.s:85888:indirect jmp without `*'
/var/tmp//ccebtHHZ.s:85903:indirect jmp without `*'
/var/tmp//ccebtHHZ.s:85918:indirect jmp without `*'
/var/tmp//ccebtHHZ.s:85933:indirect jmp without `*'
/var/tmp//ccebtHHZ.s:85952:indirect jmp without `*'
/var/tmp//ccebtHHZ.s:85967:indirect jmp without `*'
/var/tmp//ccebtHHZ.s:85982:indirect jmp without `*'
/var/tmp//ccebtHHZ.s:85997:indirect jmp without `*'
/var/tmp//ccebtHHZ.s:86012:indirect jmp without `*'
/var/tmp//ccebtHHZ.s:86027:indirect jmp without `*'
/var/tmp//ccebtHHZ.s:86042:indirect jmp without `*'
/var/tmp//ccebtHHZ.s:86057:indirect jmp without `*'
/var/tmp//ccebtHHZ.s:86072:indirect jmp without `*'
/var/tmp//ccebtHHZ.s:86087:indirect jmp without `*'
/var/tmp//ccebtHHZ.s:86102:indirect jmp without `*'
/var/tmp//ccebtHHZ.s:86117:indirect jmp without `*'
/var/tmp//ccebtHHZ.s:86136:indirect jmp without `*'
/var/tmp//ccebtHHZ.s:86155:indirect jmp without `*'
/var/tmp//ccebtHHZ.s:86170:indirect jmp without `*'
/var/tmp//ccebtHHZ.s:86189:indirect jmp without `*'
/var/tmp//ccebtHHZ.s:86204:indirect jmp without `*'
/var/tmp//ccebtHHZ.s:86219:indirect jmp without `*'
/var/tmp//ccebtHHZ.s:86234:indirect jmp without `*'
/var/tmp//ccebtHHZ.s:86249:indirect jmp without `*'
/var/tmp//ccebtHHZ.s:86264:indirect jmp without `*'
/var/tmp//ccebtHHZ.s:86279:indirect jmp without `*'
/var/tmp//ccebtHHZ.s:86294:indirect jmp without `*'
/var/tmp//ccebtHHZ.s:86309:indirect jmp without `*'
/var/tmp//ccebtHHZ.s:86324:indirect jmp without `*'
/var/tmp//ccebtHHZ.s:86339:indirect jmp without `*'
/var/tmp//ccebtHHZ.s:86354:indirect jmp without `*'
/var/tmp//ccebtHHZ.s:86369:indirect jmp without `*'
/var/tmp//ccebtHHZ.s:86384:indirect jmp without `*'
/var/tmp//ccebtHHZ.s:86403:indirect jmp without `*'
/var/tmp//ccebtHHZ.s:86418:indirect jmp without `*'
/var/tmp//ccebtHHZ.s:86433:indirect jmp without `*'
/var/tmp//ccebtHHZ.s:86448:indirect jmp without `*'
/var/tmp//ccebtHHZ.s:86463:indirect jmp without `*'
/var/tmp//ccebtHHZ.s:86478:indirect jmp without `*'
/var/tmp//ccebtHHZ.s:86493:indirect jmp without `*'
/var/tmp//ccebtHHZ.s:86508:indirect jmp without `*'
/var/tmp//ccebtHHZ.s:86523:indirect jmp without `*'
/var/tmp//ccebtHHZ.s:86538:indirect jmp without `*'
/var/tmp//ccebtHHZ.s:86553:indirect jmp without `*'
/var/tmp//ccebtHHZ.s:86568:indirect jmp without `*'
/var/tmp//ccebtHHZ.s:86587:indirect jmp without `*'
/var/tmp//ccebtHHZ.s:86602:indirect jmp without `*'
/var/tmp//ccebtHHZ.s:86617:indirect jmp without `*'
/var/tmp//ccebtHHZ.s:86632:indirect jmp without `*'
/var/tmp//ccebtHHZ.s:86647:indirect jmp without `*'
/var/tmp//ccebtHHZ.s:86662:indirect jmp without `*'
/var/tmp//ccebtHHZ.s:86677:indirect jmp without `*'
/var/tmp//ccebtHHZ.s:86692:indirect jmp without `*'
/var/tmp//ccebtHHZ.s:86711:indirect jmp without `*'
/var/tmp//ccebtHHZ.s:86726:indirect jmp without `*'
/var/tmp//ccebtHHZ.s:86741:indirect jmp without `*'
/var/tmp//ccebtHHZ.s:86756:indirect jmp without `*'
/var/tmp//ccebtHHZ.s:86775:indirect jmp without `*'
/var/tmp//ccebtHHZ.s:86790:indirect jmp without `*'
/var/tmp//ccebtHHZ.s:86812:indirect jmp without `*'
/var/tmp//ccebtHHZ.s:86827:indirect jmp without `*'
/var/tmp//ccebtHHZ.s:86842:indirect jmp without `*'
/var/tmp//ccebtHHZ.s:86857:indirect jmp without `*'
/var/tmp//ccebtHHZ.s:86872:indirect jmp without `*'
/var/tmp//ccebtHHZ.s:86887:indirect jmp without `*'
/var/tmp//ccebtHHZ.s:86902:indirect jmp without `*'
/var/tmp//ccebtHHZ.s:86917:indirect jmp without `*'
/var/tmp//ccebtHHZ.s:86932:indirect jmp without `*'
/var/tmp//ccebtHHZ.s:86951:indirect jmp without `*'
/var/tmp//ccebtHHZ.s:86966:indirect jmp without `*'
/var/tmp//ccebtHHZ.s:86981:indirect jmp without `*'
/var/tmp//ccebtHHZ.s:86996:indirect jmp without `*'
/var/tmp//ccebtHHZ.s:87011:indirect jmp without `*'
/var/tmp//ccebtHHZ.s:87030:indirect jmp without `*'
/var/tmp//ccebtHHZ.s:87045:indirect jmp without `*'
/var/tmp//ccebtHHZ.s:87060:indirect jmp without `*'
/var/tmp//ccebtHHZ.s:87075:indirect jmp without `*'
/var/tmp//ccebtHHZ.s:87090:indirect jmp without `*'
/var/tmp//ccebtHHZ.s:87109:indirect jmp without `*'
/var/tmp//ccebtHHZ.s:87124:indirect jmp without `*'
/var/tmp//ccebtHHZ.s:87139:indirect jmp without `*'
/var/tmp//ccebtHHZ.s:87154:indirect jmp without `*'
/var/tmp//ccebtHHZ.s:87169:indirect jmp without `*'
/var/tmp//ccebtHHZ.s:87184:indirect jmp without `*'
/var/tmp//ccebtHHZ.s:87199:indirect jmp without `*'
/var/tmp//ccebtHHZ.s:87214:indirect jmp without `*'
/var/tmp//ccebtHHZ.s:87229:indirect jmp without `*'
/var/tmp//ccebtHHZ.s:87244:indirect jmp without `*'
/var/tmp//ccebtHHZ.s:87259:indirect jmp without `*'
/var/tmp//ccebtHHZ.s:87274:indirect jmp without `*'
/var/tmp//ccebtHHZ.s:87289:indirect jmp without `*'
/var/tmp//ccebtHHZ.s:87308:indirect jmp without `*'
/var/tmp//ccebtHHZ.s:87323:indirect jmp without `*'
/var/tmp//ccebtHHZ.s:87338:indirect jmp without `*'
/var/tmp//ccebtHHZ.s:87353:indirect jmp without `*'
/var/tmp//ccebtHHZ.s:87368:indirect jmp without `*'
/var/tmp//ccebtHHZ.s:87383:indirect jmp without `*'
/var/tmp//ccebtHHZ.s:87398:indirect jmp without `*'
/var/tmp//ccebtHHZ.s:87413:indirect jmp without `*'
/var/tmp//ccebtHHZ.s:87435:indirect jmp without `*'
/var/tmp//ccebtHHZ.s:87450:indirect jmp without `*'
/var/tmp//ccebtHHZ.s:87465:indirect jmp without `*'
/var/tmp//ccebtHHZ.s:87480:indirect jmp without `*'
/var/tmp//ccebtHHZ.s:87495:indirect jmp without `*'
/var/tmp//ccebtHHZ.s:87510:indirect jmp without `*'
/var/tmp//ccebtHHZ.s:87525:indirect jmp without `*'
/var/tmp//ccebtHHZ.s:87540:indirect jmp without `*'
/var/tmp//ccebtHHZ.s:87555:indirect jmp without `*'
/var/tmp//ccebtHHZ.s:87570:indirect jmp without `*'
/var/tmp//ccebtHHZ.s:87585:indirect jmp without `*'
/var/tmp//ccebtHHZ.s:87604:indirect jmp without `*'
/var/tmp//ccebtHHZ.s:87619:indirect jmp without `*'
/var/tmp//ccebtHHZ.s:87634:indirect jmp without `*'
/var/tmp//ccebtHHZ.s:87649:indirect jmp without `*'
/var/tmp//ccebtHHZ.s:87664:indirect jmp without `*'
/var/tmp//ccebtHHZ.s:87679:indirect jmp without `*'
/var/tmp//ccebtHHZ.s:87694:indirect jmp without `*'
/var/tmp//ccebtHHZ.s:87709:indirect jmp without `*'
/var/tmp//ccebtHHZ.s:87724:indirect jmp without `*'
/var/tmp//ccebtHHZ.s:87743:indirect jmp without `*'
/var/tmp//ccebtHHZ.s:87758:indirect jmp without `*'
/var/tmp//ccebtHHZ.s:87773:indirect jmp without `*'
/var/tmp//ccebtHHZ.s:87788:indirect jmp without `*'
/var/tmp//ccebtHHZ.s:87803:indirect jmp without `*'
/var/tmp//ccebtHHZ.s:87818:indirect jmp without `*'
/var/tmp//ccebtHHZ.s:87833:indirect jmp without `*'
/var/tmp//ccebtHHZ.s:87848:indirect jmp without `*'
/var/tmp//ccebtHHZ.s:87863:indirect jmp without `*'
/var/tmp//ccebtHHZ.s:87878:indirect jmp without `*'
/var/tmp//ccebtHHZ.s:87897:indirect jmp without `*'
/var/tmp//ccebtHHZ.s:87912:indirect jmp without `*'
/var/tmp//ccebtHHZ.s:87927:indirect jmp without `*'
/var/tmp//ccebtHHZ.s:87942:indirect jmp without `*'
/var/tmp//ccebtHHZ.s:87957:indirect jmp without `*'
/var/tmp//ccebtHHZ.s:87972:indirect jmp without `*'
/var/tmp//ccebtHHZ.s:87987:indirect jmp without `*'
/var/tmp//ccebtHHZ.s:88002:indirect jmp without `*'
/var/tmp//ccebtHHZ.s:88017:indirect jmp without `*'
/var/tmp//ccebtHHZ.s:88032:indirect jmp without `*'
/var/tmp//ccebtHHZ.s:88047:indirect jmp without `*'
/var/tmp//ccebtHHZ.s:88066:indirect jmp without `*'
/var/tmp//ccebtHHZ.s:88081:indirect jmp without `*'
/var/tmp//ccebtHHZ.s:88096:indirect jmp without `*'
/var/tmp//ccebtHHZ.s:88111:indirect jmp without `*'
/var/tmp//ccebtHHZ.s:88126:indirect jmp without `*'
/var/tmp//ccebtHHZ.s:88145:indirect jmp without `*'
/var/tmp//ccebtHHZ.s:88160:indirect jmp without `*'
/var/tmp//ccebtHHZ.s:88175:indirect jmp without `*'
/var/tmp//ccebtHHZ.s:88190:indirect jmp without `*'
/var/tmp//ccebtHHZ.s:88205:indirect jmp without `*'
/var/tmp//ccebtHHZ.s:88220:indirect jmp without `*'
/var/tmp//ccebtHHZ.s:88235:indirect jmp without `*'
/var/tmp//ccebtHHZ.s:88250:indirect jmp without `*'
/var/tmp//ccebtHHZ.s:88265:indirect jmp without `*'
/var/tmp//ccebtHHZ.s:88280:indirect jmp without `*'
/var/tmp//ccebtHHZ.s:88295:indirect jmp without `*'
/var/tmp//ccebtHHZ.s:88310:indirect jmp without `*'
/var/tmp//ccebtHHZ.s:88325:indirect jmp without `*'
/var/tmp//ccebtHHZ.s:88340:indirect jmp without `*'
/var/tmp//ccebtHHZ.s:88355:indirect jmp without `*'
/var/tmp//ccebtHHZ.s:88370:indirect jmp without `*'
/var/tmp//ccebtHHZ.s:88385:indirect jmp without `*'
/var/tmp//ccebtHHZ.s:88400:indirect jmp without `*'
/var/tmp//ccebtHHZ.s:88415:indirect jmp without `*'
/var/tmp//ccebtHHZ.s:88430:indirect jmp without `*'
/var/tmp//ccebtHHZ.s:88445:indirect jmp without `*'
/var/tmp//ccebtHHZ.s:88460:indirect jmp without `*'
/var/tmp//ccebtHHZ.s:88475:indirect jmp without `*'
/var/tmp//ccebtHHZ.s:88490:indirect jmp without `*'
/var/tmp//ccebtHHZ.s:88505:indirect jmp without `*'
/var/tmp//ccebtHHZ.s:88520:indirect jmp without `*'
/var/tmp//ccebtHHZ.s:88535:indirect jmp without `*'
/var/tmp//ccebtHHZ.s:88550:indirect jmp without `*'
/var/tmp//ccebtHHZ.s:88565:indirect jmp without `*'
/var/tmp//ccebtHHZ.s:88580:indirect jmp without `*'
/var/tmp//ccebtHHZ.s:88595:indirect jmp without `*'
/var/tmp//ccebtHHZ.s:88610:indirect jmp without `*'
/var/tmp//ccebtHHZ.s:88625:indirect jmp without `*'
/var/tmp//ccebtHHZ.s:88640:indirect jmp without `*'
/var/tmp//ccebtHHZ.s:88655:indirect jmp without `*'
/var/tmp//ccebtHHZ.s:88670:indirect jmp without `*'
/var/tmp//ccebtHHZ.s:88685:indirect jmp without `*'
g++-4.0 -arch i386 -I/Library/Frameworks/R.framework/Resources/include -I/Library/Frameworks/R.framework/Resources/include/i386 -msse3 -IboostIncl -fPIC -g -O2 -march=pentium-m -mtune=prescott -c sna.cpp -o sna.o
/var/tmp//cchtGD3w.s:71411:indirect jmp without `*'
/var/tmp//cchtGD3w.s:71426:indirect jmp without `*'
/var/tmp//cchtGD3w.s:71441:indirect jmp without `*'
/var/tmp//cchtGD3w.s:71456:indirect jmp without `*'
/var/tmp//cchtGD3w.s:71471:indirect jmp without `*'
/var/tmp//cchtGD3w.s:71486:indirect jmp without `*'
/var/tmp//cchtGD3w.s:71501:indirect jmp without `*'
/var/tmp//cchtGD3w.s:71516:indirect jmp without `*'
/var/tmp//cchtGD3w.s:71531:indirect jmp without `*'
/var/tmp//cchtGD3w.s:71546:indirect jmp without `*'
/var/tmp//cchtGD3w.s:71561:indirect jmp without `*'
/var/tmp//cchtGD3w.s:71576:indirect jmp without `*'
/var/tmp//cchtGD3w.s:71595:indirect jmp without `*'
/var/tmp//cchtGD3w.s:71610:indirect jmp without `*'
/var/tmp//cchtGD3w.s:71625:indirect jmp without `*'
/var/tmp//cchtGD3w.s:71640:indirect jmp without `*'
/var/tmp//cchtGD3w.s:71655:indirect jmp without `*'
/var/tmp//cchtGD3w.s:71670:indirect jmp without `*'
/var/tmp//cchtGD3w.s:71685:indirect jmp without `*'
/var/tmp//cchtGD3w.s:71700:indirect jmp without `*'
/var/tmp//cchtGD3w.s:71715:indirect jmp without `*'
/var/tmp//cchtGD3w.s:71730:indirect jmp without `*'
/var/tmp//cchtGD3w.s:71745:indirect jmp without `*'
/var/tmp//cchtGD3w.s:71760:indirect jmp without `*'
/var/tmp//cchtGD3w.s:71775:indirect jmp without `*'
/var/tmp//cchtGD3w.s:71790:indirect jmp without `*'
/var/tmp//cchtGD3w.s:71805:indirect jmp without `*'
/var/tmp//cchtGD3w.s:71820:indirect jmp without `*'
/var/tmp//cchtGD3w.s:71835:indirect jmp without `*'
/var/tmp//cchtGD3w.s:71850:indirect jmp without `*'
/var/tmp//cchtGD3w.s:71865:indirect jmp without `*'
/var/tmp//cchtGD3w.s:71880:indirect jmp without `*'
/var/tmp//cchtGD3w.s:71899:indirect jmp without `*'
/var/tmp//cchtGD3w.s:71914:indirect jmp without `*'
/var/tmp//cchtGD3w.s:71929:indirect jmp without `*'
/var/tmp//cchtGD3w.s:71948:indirect jmp without `*'
/var/tmp//cchtGD3w.s:71963:indirect jmp without `*'
/var/tmp//cchtGD3w.s:71978:indirect jmp without `*'
/var/tmp//cchtGD3w.s:71993:indirect jmp without `*'
/var/tmp//cchtGD3w.s:72008:indirect jmp without `*'
/var/tmp//cchtGD3w.s:72023:indirect jmp without `*'
/var/tmp//cchtGD3w.s:72038:indirect jmp without `*'
/var/tmp//cchtGD3w.s:72053:indirect jmp without `*'
/var/tmp//cchtGD3w.s:72068:indirect jmp without `*'
/var/tmp//cchtGD3w.s:72083:indirect jmp without `*'
/var/tmp//cchtGD3w.s:72098:indirect jmp without `*'
/var/tmp//cchtGD3w.s:72113:indirect jmp without `*'
/var/tmp//cchtGD3w.s:72128:indirect jmp without `*'
/var/tmp//cchtGD3w.s:72143:indirect jmp without `*'
/var/tmp//cchtGD3w.s:72158:indirect jmp without `*'
/var/tmp//cchtGD3w.s:72173:indirect jmp without `*'
/var/tmp//cchtGD3w.s:72188:indirect jmp without `*'
/var/tmp//cchtGD3w.s:72203:indirect jmp without `*'
/var/tmp//cchtGD3w.s:72222:indirect jmp without `*'
/var/tmp//cchtGD3w.s:72237:indirect jmp without `*'
/var/tmp//cchtGD3w.s:72252:indirect jmp without `*'
/var/tmp//cchtGD3w.s:72267:indirect jmp without `*'
/var/tmp//cchtGD3w.s:72282:indirect jmp without `*'
/var/tmp//cchtGD3w.s:72297:indirect jmp without `*'
/var/tmp//cchtGD3w.s:72312:indirect jmp without `*'
/var/tmp//cchtGD3w.s:72327:indirect jmp without `*'
/var/tmp//cchtGD3w.s:72342:indirect jmp without `*'
/var/tmp//cchtGD3w.s:72357:indirect jmp without `*'
/var/tmp//cchtGD3w.s:72372:indirect jmp without `*'
/var/tmp//cchtGD3w.s:72387:indirect jmp without `*'
/var/tmp//cchtGD3w.s:72402:indirect jmp without `*'
/var/tmp//cchtGD3w.s:72417:indirect jmp without `*'
/var/tmp//cchtGD3w.s:72432:indirect jmp without `*'
/var/tmp//cchtGD3w.s:72447:indirect jmp without `*'
/var/tmp//cchtGD3w.s:72462:indirect jmp without `*'
/var/tmp//cchtGD3w.s:72477:indirect jmp without `*'
/var/tmp//cchtGD3w.s:72492:indirect jmp without `*'
/var/tmp//cchtGD3w.s:72507:indirect jmp without `*'
/var/tmp//cchtGD3w.s:72522:indirect jmp without `*'
/var/tmp//cchtGD3w.s:72537:indirect jmp without `*'
/var/tmp//cchtGD3w.s:72552:indirect jmp without `*'
/var/tmp//cchtGD3w.s:72567:indirect jmp without `*'
/var/tmp//cchtGD3w.s:72582:indirect jmp without `*'
/var/tmp//cchtGD3w.s:72597:indirect jmp without `*'
/var/tmp//cchtGD3w.s:72612:indirect jmp without `*'
/var/tmp//cchtGD3w.s:72627:indirect jmp without `*'
/var/tmp//cchtGD3w.s:72646:indirect jmp without `*'
/var/tmp//cchtGD3w.s:72665:indirect jmp without `*'
/var/tmp//cchtGD3w.s:72680:indirect jmp without `*'
/var/tmp//cchtGD3w.s:72695:indirect jmp without `*'
/var/tmp//cchtGD3w.s:72710:indirect jmp without `*'
/var/tmp//cchtGD3w.s:72725:indirect jmp without `*'
/var/tmp//cchtGD3w.s:72740:indirect jmp without `*'
/var/tmp//cchtGD3w.s:72755:indirect jmp without `*'
/var/tmp//cchtGD3w.s:72770:indirect jmp without `*'
/var/tmp//cchtGD3w.s:72785:indirect jmp without `*'
/var/tmp//cchtGD3w.s:72804:indirect jmp without `*'
/var/tmp//cchtGD3w.s:72819:indirect jmp without `*'
/var/tmp//cchtGD3w.s:72834:indirect jmp without `*'
/var/tmp//cchtGD3w.s:72849:indirect jmp without `*'
/var/tmp//cchtGD3w.s:72864:indirect jmp without `*'
/var/tmp//cchtGD3w.s:72883:indirect jmp without `*'
/var/tmp//cchtGD3w.s:72898:indirect jmp without `*'
/var/tmp//cchtGD3w.s:72913:indirect jmp without `*'
/var/tmp//cchtGD3w.s:72928:indirect jmp without `*'
/var/tmp//cchtGD3w.s:72947:indirect jmp without `*'
/var/tmp//cchtGD3w.s:72962:indirect jmp without `*'
/var/tmp//cchtGD3w.s:72981:indirect jmp without `*'
/var/tmp//cchtGD3w.s:72996:indirect jmp without `*'
/var/tmp//cchtGD3w.s:73011:indirect jmp without `*'
/var/tmp//cchtGD3w.s:73026:indirect jmp without `*'
/var/tmp//cchtGD3w.s:73041:indirect jmp without `*'
/var/tmp//cchtGD3w.s:73056:indirect jmp without `*'
/var/tmp//cchtGD3w.s:73071:indirect jmp without `*'
/var/tmp//cchtGD3w.s:73086:indirect jmp without `*'
/var/tmp//cchtGD3w.s:73101:indirect jmp without `*'
/var/tmp//cchtGD3w.s:73116:indirect jmp without `*'
/var/tmp//cchtGD3w.s:73131:indirect jmp without `*'
/var/tmp//cchtGD3w.s:73146:indirect jmp without `*'
/var/tmp//cchtGD3w.s:73161:indirect jmp without `*'
/var/tmp//cchtGD3w.s:73176:indirect jmp without `*'
/var/tmp//cchtGD3w.s:73191:indirect jmp without `*'
/var/tmp//cchtGD3w.s:73206:indirect jmp without `*'
/var/tmp//cchtGD3w.s:73221:indirect jmp without `*'
/var/tmp//cchtGD3w.s:73236:indirect jmp without `*'
/var/tmp//cchtGD3w.s:73251:indirect jmp without `*'
/var/tmp//cchtGD3w.s:73266:indirect jmp without `*'
/var/tmp//cchtGD3w.s:73281:indirect jmp without `*'
/var/tmp//cchtGD3w.s:73296:indirect jmp without `*'
/var/tmp//cchtGD3w.s:73311:indirect jmp without `*'
/var/tmp//cchtGD3w.s:73326:indirect jmp without `*'
/var/tmp//cchtGD3w.s:73341:indirect jmp without `*'
/var/tmp//cchtGD3w.s:73356:indirect jmp without `*'
/var/tmp//cchtGD3w.s:73371:indirect jmp without `*'
/var/tmp//cchtGD3w.s:73386:indirect jmp without `*'
/var/tmp//cchtGD3w.s:73401:indirect jmp without `*'
/var/tmp//cchtGD3w.s:73416:indirect jmp without `*'
/var/tmp//cchtGD3w.s:73435:indirect jmp without `*'
/var/tmp//cchtGD3w.s:73450:indirect jmp without `*'
/var/tmp//cchtGD3w.s:73465:indirect jmp without `*'
/var/tmp//cchtGD3w.s:73480:indirect jmp without `*'
/var/tmp//cchtGD3w.s:73495:indirect jmp without `*'
/var/tmp//cchtGD3w.s:73510:indirect jmp without `*'
/var/tmp//cchtGD3w.s:73525:indirect jmp without `*'
/var/tmp//cchtGD3w.s:73540:indirect jmp without `*'
/var/tmp//cchtGD3w.s:73555:indirect jmp without `*'
/var/tmp//cchtGD3w.s:73570:indirect jmp without `*'
/var/tmp//cchtGD3w.s:73589:indirect jmp without `*'
/var/tmp//cchtGD3w.s:73604:indirect jmp without `*'
/var/tmp//cchtGD3w.s:73619:indirect jmp without `*'
/var/tmp//cchtGD3w.s:73634:indirect jmp without `*'
/var/tmp//cchtGD3w.s:73649:indirect jmp without `*'
/var/tmp//cchtGD3w.s:73664:indirect jmp without `*'
/var/tmp//cchtGD3w.s:73683:indirect jmp without `*'
/var/tmp//cchtGD3w.s:73698:indirect jmp without `*'
/var/tmp//cchtGD3w.s:73713:indirect jmp without `*'
/var/tmp//cchtGD3w.s:73728:indirect jmp without `*'
/var/tmp//cchtGD3w.s:73747:indirect jmp without `*'
/var/tmp//cchtGD3w.s:73762:indirect jmp without `*'
/var/tmp//cchtGD3w.s:73777:indirect jmp without `*'
/var/tmp//cchtGD3w.s:73792:indirect jmp without `*'
/var/tmp//cchtGD3w.s:73807:indirect jmp without `*'
/var/tmp//cchtGD3w.s:73822:indirect jmp without `*'
/var/tmp//cchtGD3w.s:73837:indirect jmp without `*'
/var/tmp//cchtGD3w.s:73852:indirect jmp without `*'
/var/tmp//cchtGD3w.s:73867:indirect jmp without `*'
/var/tmp//cchtGD3w.s:73882:indirect jmp without `*'
/var/tmp//cchtGD3w.s:73897:indirect jmp without `*'
/var/tmp//cchtGD3w.s:73912:indirect jmp without `*'
/var/tmp//cchtGD3w.s:73927:indirect jmp without `*'
/var/tmp//cchtGD3w.s:73942:indirect jmp without `*'
/var/tmp//cchtGD3w.s:73957:indirect jmp without `*'
/var/tmp//cchtGD3w.s:73976:indirect jmp without `*'
/var/tmp//cchtGD3w.s:73991:indirect jmp without `*'
/var/tmp//cchtGD3w.s:74006:indirect jmp without `*'
/var/tmp//cchtGD3w.s:74021:indirect jmp without `*'
/var/tmp//cchtGD3w.s:74036:indirect jmp without `*'
/var/tmp//cchtGD3w.s:74051:indirect jmp without `*'
/var/tmp//cchtGD3w.s:74066:indirect jmp without `*'
/var/tmp//cchtGD3w.s:74081:indirect jmp without `*'
/var/tmp//cchtGD3w.s:74096:indirect jmp without `*'
/var/tmp//cchtGD3w.s:74111:indirect jmp without `*'
/var/tmp//cchtGD3w.s:74126:indirect jmp without `*'
/var/tmp//cchtGD3w.s:74141:indirect jmp without `*'
/var/tmp//cchtGD3w.s:74156:indirect jmp without `*'
/var/tmp//cchtGD3w.s:74171:indirect jmp without `*'
/var/tmp//cchtGD3w.s:74186:indirect jmp without `*'
/var/tmp//cchtGD3w.s:74201:indirect jmp without `*'
/var/tmp//cchtGD3w.s:74216:indirect jmp without `*'
/var/tmp//cchtGD3w.s:74231:indirect jmp without `*'
/var/tmp//cchtGD3w.s:74246:indirect jmp without `*'
/var/tmp//cchtGD3w.s:74261:indirect jmp without `*'
/var/tmp//cchtGD3w.s:74276:indirect jmp without `*'
/var/tmp//cchtGD3w.s:74291:indirect jmp without `*'
/var/tmp//cchtGD3w.s:74306:indirect jmp without `*'
/var/tmp//cchtGD3w.s:74321:indirect jmp without `*'
/var/tmp//cchtGD3w.s:74336:indirect jmp without `*'
/var/tmp//cchtGD3w.s:74351:indirect jmp without `*'
/var/tmp//cchtGD3w.s:74366:indirect jmp without `*'
/var/tmp//cchtGD3w.s:74381:indirect jmp without `*'
/var/tmp//cchtGD3w.s:74396:indirect jmp without `*'
/var/tmp//cchtGD3w.s:74411:indirect jmp without `*'
/var/tmp//cchtGD3w.s:74426:indirect jmp without `*'
/var/tmp//cchtGD3w.s:74441:indirect jmp without `*'
/var/tmp//cchtGD3w.s:74456:indirect jmp without `*'
/var/tmp//cchtGD3w.s:74471:indirect jmp without `*'
/var/tmp//cchtGD3w.s:74486:indirect jmp without `*'
/var/tmp//cchtGD3w.s:74505:indirect jmp without `*'
/var/tmp//cchtGD3w.s:74520:indirect jmp without `*'
/var/tmp//cchtGD3w.s:74535:indirect jmp without `*'
/var/tmp//cchtGD3w.s:74550:indirect jmp without `*'
/var/tmp//cchtGD3w.s:74565:indirect jmp without `*'
/var/tmp//cchtGD3w.s:74580:indirect jmp without `*'
/var/tmp//cchtGD3w.s:74595:indirect jmp without `*'
/var/tmp//cchtGD3w.s:74614:indirect jmp without `*'
/var/tmp//cchtGD3w.s:74629:indirect jmp without `*'
/var/tmp//cchtGD3w.s:74644:indirect jmp without `*'
/var/tmp//cchtGD3w.s:74659:indirect jmp without `*'
/var/tmp//cchtGD3w.s:74674:indirect jmp without `*'
g++-4.0 -arch i386 -I/Library/Frameworks/R.framework/Resources/include -I/Library/Frameworks/R.framework/Resources/include/i386 -msse3 -IboostIncl -fPIC -g -O2 -march=pentium-m -mtune=prescott -c transitive_closure.cpp -o transitive_closure.o
/var/tmp//ccAeKuCn.s:43713:indirect jmp without `*'
/var/tmp//ccAeKuCn.s:43732:indirect jmp without `*'
/var/tmp//ccAeKuCn.s:43747:indirect jmp without `*'
/var/tmp//ccAeKuCn.s:43762:indirect jmp without `*'
/var/tmp//ccAeKuCn.s:43777:indirect jmp without `*'
/var/tmp//ccAeKuCn.s:43792:indirect jmp without `*'
/var/tmp//ccAeKuCn.s:43807:indirect jmp without `*'
/var/tmp//ccAeKuCn.s:43822:indirect jmp without `*'
/var/tmp//ccAeKuCn.s:43837:indirect jmp without `*'
/var/tmp//ccAeKuCn.s:43852:indirect jmp without `*'
/var/tmp//ccAeKuCn.s:43867:indirect jmp without `*'
/var/tmp//ccAeKuCn.s:43882:indirect jmp without `*'
/var/tmp//ccAeKuCn.s:43897:indirect jmp without `*'
/var/tmp//ccAeKuCn.s:43912:indirect jmp without `*'
/var/tmp//ccAeKuCn.s:43931:indirect jmp without `*'
/var/tmp//ccAeKuCn.s:43946:indirect jmp without `*'
/var/tmp//ccAeKuCn.s:43961:indirect jmp without `*'
/var/tmp//ccAeKuCn.s:43976:indirect jmp without `*'
/var/tmp//ccAeKuCn.s:43991:indirect jmp without `*'
/var/tmp//ccAeKuCn.s:44006:indirect jmp without `*'
/var/tmp//ccAeKuCn.s:44021:indirect jmp without `*'
/var/tmp//ccAeKuCn.s:44036:indirect jmp without `*'
/var/tmp//ccAeKuCn.s:44051:indirect jmp without `*'
/var/tmp//ccAeKuCn.s:44066:indirect jmp without `*'
/var/tmp//ccAeKuCn.s:44081:indirect jmp without `*'
/var/tmp//ccAeKuCn.s:44096:indirect jmp without `*'
/var/tmp//ccAeKuCn.s:44111:indirect jmp without `*'
/var/tmp//ccAeKuCn.s:44130:indirect jmp without `*'
/var/tmp//ccAeKuCn.s:44145:indirect jmp without `*'
/var/tmp//ccAeKuCn.s:44160:indirect jmp without `*'
/var/tmp//ccAeKuCn.s:44175:indirect jmp without `*'
/var/tmp//ccAeKuCn.s:44190:indirect jmp without `*'
/var/tmp//ccAeKuCn.s:44205:indirect jmp without `*'
/var/tmp//ccAeKuCn.s:44220:indirect jmp without `*'
/var/tmp//ccAeKuCn.s:44235:indirect jmp without `*'
/var/tmp//ccAeKuCn.s:44250:indirect jmp without `*'
/var/tmp//ccAeKuCn.s:44265:indirect jmp without `*'
/var/tmp//ccAeKuCn.s:44280:indirect jmp without `*'
/var/tmp//ccAeKuCn.s:44295:indirect jmp without `*'
/var/tmp//ccAeKuCn.s:44310:indirect jmp without `*'
/var/tmp//ccAeKuCn.s:44325:indirect jmp without `*'
/var/tmp//ccAeKuCn.s:44340:indirect jmp without `*'
/var/tmp//ccAeKuCn.s:44355:indirect jmp without `*'
/var/tmp//ccAeKuCn.s:44370:indirect jmp without `*'
/var/tmp//ccAeKuCn.s:44385:indirect jmp without `*'
/var/tmp//ccAeKuCn.s:44400:indirect jmp without `*'
/var/tmp//ccAeKuCn.s:44415:indirect jmp without `*'
/var/tmp//ccAeKuCn.s:44430:indirect jmp without `*'
/var/tmp//ccAeKuCn.s:44445:indirect jmp without `*'
/var/tmp//ccAeKuCn.s:44460:indirect jmp without `*'
/var/tmp//ccAeKuCn.s:44475:indirect jmp without `*'
/var/tmp//ccAeKuCn.s:44497:indirect jmp without `*'
/var/tmp//ccAeKuCn.s:44512:indirect jmp without `*'
/var/tmp//ccAeKuCn.s:44527:indirect jmp without `*'
/var/tmp//ccAeKuCn.s:44542:indirect jmp without `*'
/var/tmp//ccAeKuCn.s:44557:indirect jmp without `*'
/var/tmp//ccAeKuCn.s:44572:indirect jmp without `*'
/var/tmp//ccAeKuCn.s:44587:indirect jmp without `*'
/var/tmp//ccAeKuCn.s:44602:indirect jmp without `*'
/var/tmp//ccAeKuCn.s:44617:indirect jmp without `*'
/var/tmp//ccAeKuCn.s:44636:indirect jmp without `*'
/var/tmp//ccAeKuCn.s:44651:indirect jmp without `*'
/var/tmp//ccAeKuCn.s:44666:indirect jmp without `*'
/var/tmp//ccAeKuCn.s:44681:indirect jmp without `*'
/var/tmp//ccAeKuCn.s:44696:indirect jmp without `*'
/var/tmp//ccAeKuCn.s:44711:indirect jmp without `*'
/var/tmp//ccAeKuCn.s:44726:indirect jmp without `*'
/var/tmp//ccAeKuCn.s:44741:indirect jmp without `*'
/var/tmp//ccAeKuCn.s:44756:indirect jmp without `*'
/var/tmp//ccAeKuCn.s:44771:indirect jmp without `*'
/var/tmp//ccAeKuCn.s:44786:indirect jmp without `*'
/var/tmp//ccAeKuCn.s:44801:indirect jmp without `*'
/var/tmp//ccAeKuCn.s:44816:indirect jmp without `*'
/var/tmp//ccAeKuCn.s:44831:indirect jmp without `*'
/var/tmp//ccAeKuCn.s:44850:indirect jmp without `*'
/var/tmp//ccAeKuCn.s:44865:indirect jmp without `*'
/var/tmp//ccAeKuCn.s:44880:indirect jmp without `*'
/var/tmp//ccAeKuCn.s:44895:indirect jmp without `*'
/var/tmp//ccAeKuCn.s:44910:indirect jmp without `*'
/var/tmp//ccAeKuCn.s:44925:indirect jmp without `*'
/var/tmp//ccAeKuCn.s:44940:indirect jmp without `*'
/var/tmp//ccAeKuCn.s:44955:indirect jmp without `*'
/var/tmp//ccAeKuCn.s:44970:indirect jmp without `*'
/var/tmp//ccAeKuCn.s:44985:indirect jmp without `*'
/var/tmp//ccAeKuCn.s:45000:indirect jmp without `*'
/var/tmp//ccAeKuCn.s:45015:indirect jmp without `*'
/var/tmp//ccAeKuCn.s:45030:indirect jmp without `*'
/var/tmp//ccAeKuCn.s:45045:indirect jmp without `*'
/var/tmp//ccAeKuCn.s:45060:indirect jmp without `*'
/var/tmp//ccAeKuCn.s:45075:indirect jmp without `*'
/var/tmp//ccAeKuCn.s:45090:indirect jmp without `*'
/var/tmp//ccAeKuCn.s:45105:indirect jmp without `*'
/var/tmp//ccAeKuCn.s:45120:indirect jmp without `*'
/var/tmp//ccAeKuCn.s:45135:indirect jmp without `*'
/var/tmp//ccAeKuCn.s:45150:indirect jmp without `*'
/var/tmp//ccAeKuCn.s:45165:indirect jmp without `*'
/var/tmp//ccAeKuCn.s:45180:indirect jmp without `*'
/var/tmp//ccAeKuCn.s:45195:indirect jmp without `*'
/var/tmp//ccAeKuCn.s:45210:indirect jmp without `*'
/var/tmp//ccAeKuCn.s:45225:indirect jmp without `*'
/var/tmp//ccAeKuCn.s:45240:indirect jmp without `*'
/var/tmp//ccAeKuCn.s:45255:indirect jmp without `*'
/var/tmp//ccAeKuCn.s:45270:indirect jmp without `*'
/var/tmp//ccAeKuCn.s:45289:indirect jmp without `*'
/var/tmp//ccAeKuCn.s:45304:indirect jmp without `*'
/var/tmp//ccAeKuCn.s:45319:indirect jmp without `*'
/var/tmp//ccAeKuCn.s:45334:indirect jmp without `*'
/var/tmp//ccAeKuCn.s:45349:indirect jmp without `*'
/var/tmp//ccAeKuCn.s:45364:indirect jmp without `*'
/var/tmp//ccAeKuCn.s:45379:indirect jmp without `*'
/var/tmp//ccAeKuCn.s:45394:indirect jmp without `*'
/var/tmp//ccAeKuCn.s:45409:indirect jmp without `*'
/var/tmp//ccAeKuCn.s:45424:indirect jmp without `*'
/var/tmp//ccAeKuCn.s:45439:indirect jmp without `*'
/var/tmp//ccAeKuCn.s:45454:indirect jmp without `*'
/var/tmp//ccAeKuCn.s:45469:indirect jmp without `*'
/var/tmp//ccAeKuCn.s:45488:indirect jmp without `*'
/var/tmp//ccAeKuCn.s:45503:indirect jmp without `*'
/var/tmp//ccAeKuCn.s:45518:indirect jmp without `*'
/var/tmp//ccAeKuCn.s:45533:indirect jmp without `*'
/var/tmp//ccAeKuCn.s:45548:indirect jmp without `*'
/var/tmp//ccAeKuCn.s:45563:indirect jmp without `*'
/var/tmp//ccAeKuCn.s:45578:indirect jmp without `*'
/var/tmp//ccAeKuCn.s:45597:indirect jmp without `*'
/var/tmp//ccAeKuCn.s:45612:indirect jmp without `*'
/var/tmp//ccAeKuCn.s:45627:indirect jmp without `*'
/var/tmp//ccAeKuCn.s:45642:indirect jmp without `*'
/var/tmp//ccAeKuCn.s:45661:indirect jmp without `*'
/var/tmp//ccAeKuCn.s:45676:indirect jmp without `*'
/var/tmp//ccAeKuCn.s:45691:indirect jmp without `*'
/var/tmp//ccAeKuCn.s:45706:indirect jmp without `*'
/var/tmp//ccAeKuCn.s:45721:indirect jmp without `*'
/var/tmp//ccAeKuCn.s:45740:indirect jmp without `*'
/var/tmp//ccAeKuCn.s:45755:indirect jmp without `*'
/var/tmp//ccAeKuCn.s:45770:indirect jmp without `*'
/var/tmp//ccAeKuCn.s:45785:indirect jmp without `*'
/var/tmp//ccAeKuCn.s:45800:indirect jmp without `*'
/var/tmp//ccAeKuCn.s:45815:indirect jmp without `*'
/var/tmp//ccAeKuCn.s:45830:indirect jmp without `*'
/var/tmp//ccAeKuCn.s:45849:indirect jmp without `*'
/var/tmp//ccAeKuCn.s:45864:indirect jmp without `*'
/var/tmp//ccAeKuCn.s:45879:indirect jmp without `*'
/var/tmp//ccAeKuCn.s:45898:indirect jmp without `*'
/var/tmp//ccAeKuCn.s:45913:indirect jmp without `*'
/var/tmp//ccAeKuCn.s:45928:indirect jmp without `*'
/var/tmp//ccAeKuCn.s:45943:indirect jmp without `*'
/var/tmp//ccAeKuCn.s:45962:indirect jmp without `*'
/var/tmp//ccAeKuCn.s:45977:indirect jmp without `*'
/var/tmp//ccAeKuCn.s:45992:indirect jmp without `*'
/var/tmp//ccAeKuCn.s:46007:indirect jmp without `*'
/var/tmp//ccAeKuCn.s:46026:indirect jmp without `*'
/var/tmp//ccAeKuCn.s:46041:indirect jmp without `*'
/var/tmp//ccAeKuCn.s:46056:indirect jmp without `*'
/var/tmp//ccAeKuCn.s:46071:indirect jmp without `*'
/var/tmp//ccAeKuCn.s:46086:indirect jmp without `*'
/var/tmp//ccAeKuCn.s:46101:indirect jmp without `*'
/var/tmp//ccAeKuCn.s:46116:indirect jmp without `*'
/var/tmp//ccAeKuCn.s:46131:indirect jmp without `*'
g++-4.0 -arch i386 -I/Library/Frameworks/R.framework/Resources/include -I/Library/Frameworks/R.framework/Resources/include/i386 -msse3 -IboostIncl -fPIC -g -O2 -march=pentium-m -mtune=prescott -c wavefront.cpp -o wavefront.o
/var/tmp//ccQNfZiB.s:12413:indirect jmp without `*'
/var/tmp//ccQNfZiB.s:12428:indirect jmp without `*'
/var/tmp//ccQNfZiB.s:12443:indirect jmp without `*'
/var/tmp//ccQNfZiB.s:12458:indirect jmp without `*'
/var/tmp//ccQNfZiB.s:12477:indirect jmp without `*'
/var/tmp//ccQNfZiB.s:12492:indirect jmp without `*'
/var/tmp//ccQNfZiB.s:12507:indirect jmp without `*'
/var/tmp//ccQNfZiB.s:12522:indirect jmp without `*'
/var/tmp//ccQNfZiB.s:12537:indirect jmp without `*'
/var/tmp//ccQNfZiB.s:12552:indirect jmp without `*'
/var/tmp//ccQNfZiB.s:12567:indirect jmp without `*'
/var/tmp//ccQNfZiB.s:12582:indirect jmp without `*'
/var/tmp//ccQNfZiB.s:12597:indirect jmp without `*'
/var/tmp//ccQNfZiB.s:12616:indirect jmp without `*'
/var/tmp//ccQNfZiB.s:12631:indirect jmp without `*'
/var/tmp//ccQNfZiB.s:12646:indirect jmp without `*'
/var/tmp//ccQNfZiB.s:12661:indirect jmp without `*'
/var/tmp//ccQNfZiB.s:12676:indirect jmp without `*'
/var/tmp//ccQNfZiB.s:12691:indirect jmp without `*'
/var/tmp//ccQNfZiB.s:12706:indirect jmp without `*'
/var/tmp//ccQNfZiB.s:12721:indirect jmp without `*'
/var/tmp//ccQNfZiB.s:12736:indirect jmp without `*'
/var/tmp//ccQNfZiB.s:12751:indirect jmp without `*'
/var/tmp//ccQNfZiB.s:12766:indirect jmp without `*'
/var/tmp//ccQNfZiB.s:12781:indirect jmp without `*'
/var/tmp//ccQNfZiB.s:12796:indirect jmp without `*'
/var/tmp//ccQNfZiB.s:12811:indirect jmp without `*'
/var/tmp//ccQNfZiB.s:12830:indirect jmp without `*'
/var/tmp//ccQNfZiB.s:12845:indirect jmp without `*'
/var/tmp//ccQNfZiB.s:12860:indirect jmp without `*'
/var/tmp//ccQNfZiB.s:12875:indirect jmp without `*'
/var/tmp//ccQNfZiB.s:12890:indirect jmp without `*'
/var/tmp//ccQNfZiB.s:12905:indirect jmp without `*'
/var/tmp//ccQNfZiB.s:12920:indirect jmp without `*'
/var/tmp//ccQNfZiB.s:12935:indirect jmp without `*'
/var/tmp//ccQNfZiB.s:12950:indirect jmp without `*'
/var/tmp//ccQNfZiB.s:12965:indirect jmp without `*'
/var/tmp//ccQNfZiB.s:12980:indirect jmp without `*'
/var/tmp//ccQNfZiB.s:12995:indirect jmp without `*'
/var/tmp//ccQNfZiB.s:13010:indirect jmp without `*'
/var/tmp//ccQNfZiB.s:13025:indirect jmp without `*'
/var/tmp//ccQNfZiB.s:13040:indirect jmp without `*'
/var/tmp//ccQNfZiB.s:13059:indirect jmp without `*'
/var/tmp//ccQNfZiB.s:13074:indirect jmp without `*'
/var/tmp//ccQNfZiB.s:13089:indirect jmp without `*'
/var/tmp//ccQNfZiB.s:13104:indirect jmp without `*'
/var/tmp//ccQNfZiB.s:13119:indirect jmp without `*'
/var/tmp//ccQNfZiB.s:13134:indirect jmp without `*'
/var/tmp//ccQNfZiB.s:13149:indirect jmp without `*'
/var/tmp//ccQNfZiB.s:13164:indirect jmp without `*'
/var/tmp//ccQNfZiB.s:13179:indirect jmp without `*'
/var/tmp//ccQNfZiB.s:13194:indirect jmp without `*'
/var/tmp//ccQNfZiB.s:13209:indirect jmp without `*'
/var/tmp//ccQNfZiB.s:13224:indirect jmp without `*'
/var/tmp//ccQNfZiB.s:13239:indirect jmp without `*'
/var/tmp//ccQNfZiB.s:13254:indirect jmp without `*'
g++-4.0 -arch i386 -dynamiclib -Wl,-macosx_version_min -Wl,10.3 -undefined dynamic_lookup -single_module -multiply_defined suppress -L/usr/local/lib -o RBGL.so bbc.o cliques.o clusteringCoef.o hcs.o incrConnComp.o interfaces.o layout.o minST.o mincut.o ordering.o shortestPath.o sna.o transitive_closure.o wavefront.o -F/Library/Frameworks/R.framework/.. -framework R
** R
** data
** inst
** save image
Loading required package: graph
** help
>>> Building/Updating help pages for package 'RBGL'
Formats: text html latex example
FileDep text html latex example
RBGL.overview text html latex
astarSearch text html latex example
bandwidth text html latex example
bccluster text html latex example
bellman.ford.sp text html latex example
betweenness text html latex example
bfs text html latex example
biConnComp text html latex example
clusteringCoef text html latex example
clusteringCoefAppr text html latex example
coloring text html latex example
connectedComp text html latex example
dag.sp text html latex example
dijkstra.sp text html latex example
edgeConn text html latex example
extractPath text html latex example
floyd.warshall.all.pairs.sp text html latex example
gprofile text html latex example
graphGenerator text html latex example
highlyConnSG text html latex example
incrConnComp text html latex example
is.triangulated text html latex example
isomorphism text html latex example
johnson.all.pairs.sp text html latex example
kCliques text html latex example
kCores text html latex example
lambdaSets text html latex example
layout text html latex example
maxClique text html latex example
maxFlow text html latex example
minCut text html latex example
mstree.kruskal text html latex example
ordering text html latex example
prim.minST text html latex example
separates text html latex example
sp.between text html latex example
strongComp text html latex example
transClosure text html latex example
transitivity text html latex example
tsort text html latex example
wavefront text html latex example
** building package indices ...
* DONE (RBGL)