Back to the "Multiple platform build/check report"
| Package 57/188 | Hostname | OS | Arch | BUILD | CHECK | BUILD BIN | 
gaggle1.2.0Paul ShannonLast Changed Date: 2006-10-03 12:16:03 -0700 Last Changed Rev: 20373  | lamb1 | Linux (SUSE 10.1) | x86_64 | OK | [ ERROR ] | |
| wellington | Linux (SUSE 9.2) | i686 | OK | OK | ||
| churchill | Solaris 2.9 | sparc | OK | ERROR | ||
| lemming | Windows Server 2003 | x86_64 | OK | OK | OK | 
| Package: gaggle | 
| Version: 1.2.0 | 
| Command: /home/biocbuild/bbs-1.9/R/bin/R CMD check gaggle_1.2.0.tar.gz | 
| RetCode: 1 | 
| Time: 4.6 seconds | 
| Status: ERROR | 
| CheckDir: gaggle.Rcheck | 
| Warnings: NA | 
* checking for working latex ... OK * using log directory '/home/biocbuild/bbs-1.9/meat/gaggle.Rcheck' * using R version 2.4.1 (2006-12-18) * checking for file 'gaggle/DESCRIPTION' ... OK * this is package 'gaggle' version '1.2.0' * checking package dependencies ... OK * checking if this is a source package ... OK * checking whether package 'gaggle' can be installed ... OK * checking package directory ... OK * checking for portable file names ... OK * checking for sufficient/correct file permissions ... OK * checking DESCRIPTION meta-information ... OK * checking top-level files ... OK * checking index information ... OK * checking package subdirectories ... OK * checking R files for syntax errors ... OK * checking R files for non-ASCII characters ... OK * checking whether the package can be loaded ... ERROR Loading required package: rJava Error in dyn.load(x, as.logical(local), as.logical(now)) : unable to load shared library '/home/biocbuild/bbs-1.9/R/library/rJava/libs/rJava.so': libjvm.so: cannot open shared object file: No such file or directory Error: .onLoad failed in 'loadNamespace' for 'rJava' Error: package 'rJava' could not be loaded Execution halted It looks like this package has a loading problem: see the messages for details.
gaggle.Rcheck/00install.out:
* Installing *source* package 'gaggle' ...
** R
** inst
** help
 >>> Building/Updating help pages for package 'gaggle'
     Formats: text html latex example 
  broadcast                         text    html    latex
  gaggleInit                        text    html    latex
  geese                             text    html    latex
  getCluster                        text    html    latex
  getHashMap                        text    html    latex
  getMatrix                         text    html    latex
  getNameList                       text    html    latex
  getNetwork                        text    html    latex
  getSpecies                        text    html    latex
  getTargetGoose                    text    html    latex
  hideGoose                         text    html    latex
  setSpecies                        text    html    latex
  setTargetGoose                    text    html    latex
  showGoose                         text    html    latex
  testGagglePackage                 text    html    latex
** building package indices ...
* DONE (gaggle)