CRAN Package Check Results for Package workflowr

Last updated on 2025-10-22 09:50:58 CEST.

Flavor Version Tinstall Tcheck Ttotal Status Flags
r-devel-linux-x86_64-debian-clang 1.7.2 8.23 201.59 209.82 NOTE
r-devel-linux-x86_64-debian-gcc 1.7.2 5.13 132.59 137.72 NOTE
r-devel-linux-x86_64-fedora-clang 1.7.2 40.00 281.73 321.73 OK
r-devel-linux-x86_64-fedora-gcc 1.7.2 18.00 317.57 335.57 OK
r-devel-windows-x86_64 1.7.2 10.00 168.00 178.00 OK
r-patched-linux-x86_64 1.7.2 9.45 196.25 205.70 OK
r-release-linux-x86_64 1.7.2 8.05 192.92 200.97 OK
r-release-macos-arm64 1.7.2 4.00 110.00 114.00 OK
r-release-macos-x86_64 1.7.2 8.00 192.00 200.00 OK
r-release-windows-x86_64 1.7.2 11.00 169.00 180.00 OK
r-oldrel-macos-arm64 1.7.2 4.00 137.00 141.00 OK
r-oldrel-macos-x86_64 1.7.2 9.00 203.00 212.00 OK
r-oldrel-windows-x86_64 1.7.2 13.00 197.00 210.00 OK

Check Details

Version: 1.7.2
Check: HTML version of manual
Result: NOTE Found the following HTML validation problems: create_figure_path.html:46:1 (create_figure_path.Rd:10): Warning: missing </ul> before </div> is_fig_path_ext.html:46:1 (is_fig_path_ext.Rd:10): Warning: missing </ul> before </div> Flavors: r-devel-linux-x86_64-debian-clang, r-devel-linux-x86_64-debian-gcc