CRAN Package Check Results for Package wkb

Last updated on 2025-11-19 10:49:04 CET.

Flavor Version Tinstall Tcheck Ttotal Status Flags
r-devel-linux-x86_64-debian-clang 0.4-0 3.03 31.19 34.22 NOTE
r-devel-linux-x86_64-debian-gcc 0.4-0 2.40 24.31 26.71 NOTE
r-devel-linux-x86_64-fedora-clang 0.4-0 51.11 OK
r-devel-linux-x86_64-fedora-gcc 0.4-0 48.58 OK
r-devel-windows-x86_64 0.4-0 6.00 46.00 52.00 OK
r-patched-linux-x86_64 0.4-0 3.11 28.85 31.96 OK
r-release-linux-x86_64 0.4-0 2.80 29.06 31.86 OK
r-release-macos-arm64 0.4-0 2.00 20.00 22.00 OK
r-release-macos-x86_64 0.4-0 3.00 32.00 35.00 OK
r-release-windows-x86_64 0.4-0 4.00 47.00 51.00 OK
r-oldrel-macos-arm64 0.4-0 2.00 17.00 19.00 OK
r-oldrel-macos-x86_64 0.4-0 2.00 27.00 29.00 OK
r-oldrel-windows-x86_64 0.4-0 5.00 53.00 58.00 OK

Check Details

Version: 0.4-0
Check: CRAN incoming feasibility
Result: NOTE Maintainer: ‘Ian Cook <ianmcook@gmail.com>’ No Authors@R field in DESCRIPTION. Please add one, modifying Authors@R: c(person(given = c("TIBCO", "Software"), family = "Inc.", role = "aut"), person(given = "Ian", family = "Cook", role = "cre", email = "ianmcook@gmail.com")) as necessary. Flavors: r-devel-linux-x86_64-debian-clang, r-devel-linux-x86_64-debian-gcc