CRAN Package Check Results for Package windAC

Last updated on 2025-11-22 09:50:10 CET.

Flavor Version Tinstall Tcheck Ttotal Status Flags
r-devel-linux-x86_64-debian-clang 1.2.10 5.11 54.92 60.03 NOTE
r-devel-linux-x86_64-debian-gcc 1.2.10 3.64 41.60 45.24 NOTE
r-devel-linux-x86_64-fedora-clang 1.2.10 13.00 78.58 91.58 NOTE
r-devel-linux-x86_64-fedora-gcc 1.2.10 11.00 78.06 89.06 NOTE
r-devel-windows-x86_64 1.2.10 7.00 71.00 78.00 NOTE
r-patched-linux-x86_64 1.2.10 5.65 51.80 57.45 NOTE
r-release-linux-x86_64 1.2.10 4.69 51.59 56.28 NOTE
r-release-macos-arm64 1.2.10 NOTE
r-release-macos-x86_64 1.2.10 5.00 47.00 52.00 NOTE
r-release-windows-x86_64 1.2.10 7.00 72.00 79.00 NOTE
r-oldrel-macos-arm64 1.2.10 NOTE
r-oldrel-macos-x86_64 1.2.10 4.00 38.00 42.00 NOTE
r-oldrel-windows-x86_64 1.2.10 9.00 85.00 94.00 NOTE

Check Details

Version: 1.2.10
Check: Rd files
Result: NOTE checkRd: (-1) secondDerivative.Rd:14: Lost braces 14 | This must be a function of the form FUN <- function(x, ...){...} | ^ checkRd: (-1) windAC.Rd:31: Lost braces in \itemize; meant \describe ? checkRd: (-1) windAC.Rd:32: Lost braces in \itemize; meant \describe ? checkRd: (-1) windAC.Rd:33: Lost braces in \itemize; meant \describe ? Flavors: r-devel-linux-x86_64-debian-clang, r-devel-linux-x86_64-debian-gcc, r-devel-linux-x86_64-fedora-clang, r-devel-linux-x86_64-fedora-gcc, r-devel-windows-x86_64, r-patched-linux-x86_64, r-release-linux-x86_64, r-release-macos-arm64, r-release-macos-x86_64, r-release-windows-x86_64, r-oldrel-macos-arm64, r-oldrel-macos-x86_64, r-oldrel-windows-x86_64