Last updated on 2025-10-31 09:50:34 CET.
| Flavor | Version | Tinstall | Tcheck | Ttotal | Status | Flags | 
|---|---|---|---|---|---|---|
| r-devel-linux-x86_64-debian-clang | 1.3 | 3.31 | 29.92 | 33.23 | NOTE | |
| r-devel-linux-x86_64-debian-gcc | 1.3 | 2.14 | 22.67 | 24.81 | NOTE | |
| r-devel-linux-x86_64-fedora-clang | 1.3 | 49.69 | OK | |||
| r-devel-linux-x86_64-fedora-gcc | 1.3 | 46.50 | OK | |||
| r-devel-windows-x86_64 | 1.3 | 4.00 | 50.00 | 54.00 | OK | |
| r-patched-linux-x86_64 | 1.3 | 3.76 | 28.22 | 31.98 | OK | |
| r-release-linux-x86_64 | 1.3 | 3.20 | 27.90 | 31.10 | OK | |
| r-release-macos-arm64 | 1.3 | 2.00 | 16.00 | 18.00 | OK | |
| r-release-macos-x86_64 | 1.3 | 3.00 | 30.00 | 33.00 | OK | |
| r-release-windows-x86_64 | 1.3 | 5.00 | 57.00 | 62.00 | OK | |
| r-oldrel-macos-arm64 | 1.3 | 1.00 | 15.00 | 16.00 | OK | |
| r-oldrel-macos-x86_64 | 1.3 | 4.00 | 36.00 | 40.00 | OK | |
| r-oldrel-windows-x86_64 | 1.3 | 4.00 | 51.00 | 55.00 | OK | 
Version: 1.3
Check: CRAN incoming feasibility
Result: NOTE
  Maintainer: ‘Michael Stewart <michael.stewart@sydney.edu.au>’
  
  No Authors@R field in DESCRIPTION.
  Please add one, modifying
    Authors@R: c(person(given = "Marc",
                        family = "Raimondo",
                        role = "aut",
                        email = "marcr@maths.usyd.edu.au"),
                 person(given = "Michael",
                        family = "Stewart",
                        role = c("aut", "cre"),
                        email = "michael.stewart@sydney.edu.au"))
  as necessary.
Flavors: r-devel-linux-x86_64-debian-clang, r-devel-linux-x86_64-debian-gcc