Last updated on 2025-10-31 09:50:34 CET.
| Flavor | Version | Tinstall | Tcheck | Ttotal | Status | Flags | 
|---|---|---|---|---|---|---|
| r-devel-linux-x86_64-debian-clang | 0.1 | 2.07 | 32.37 | 34.44 | NOTE | |
| r-devel-linux-x86_64-debian-gcc | 0.1 | 1.63 | 23.56 | 25.19 | NOTE | |
| r-devel-linux-x86_64-fedora-clang | 0.1 | 52.85 | OK | |||
| r-devel-linux-x86_64-fedora-gcc | 0.1 | 50.41 | OK | |||
| r-devel-windows-x86_64 | 0.1 | 3.00 | 48.00 | 51.00 | OK | |
| r-patched-linux-x86_64 | 0.1 | 2.39 | 30.34 | 32.73 | OK | |
| r-release-linux-x86_64 | 0.1 | 1.99 | 30.27 | 32.26 | OK | |
| r-release-macos-arm64 | 0.1 | 1.00 | 17.00 | 18.00 | OK | |
| r-release-macos-x86_64 | 0.1 | 2.00 | 31.00 | 33.00 | OK | |
| r-release-windows-x86_64 | 0.1 | 3.00 | 52.00 | 55.00 | OK | |
| r-oldrel-macos-arm64 | 0.1 | 1.00 | 16.00 | 17.00 | NOTE | |
| r-oldrel-macos-x86_64 | 0.1 | 2.00 | 23.00 | 25.00 | NOTE | |
| r-oldrel-windows-x86_64 | 0.1 | 3.00 | 47.00 | 50.00 | NOTE | 
Version: 0.1
Check: CRAN incoming feasibility
Result: NOTE
  Maintainer: ‘Shahla Faisal <shahla_ramzan@yahoo.com>’
  
  No Authors@R field in DESCRIPTION.
  Please add one, modifying
    Authors@R: person(given = "Shahla",
                      family = "Faisal",
                      role = c("aut", "cre"),
                      email = "shahla_ramzan@yahoo.com")
  as necessary.
Flavors: r-devel-linux-x86_64-debian-clang, r-devel-linux-x86_64-debian-gcc
Version: 0.1
Check: LazyData
Result: NOTE
    'LazyData' is specified without a 'data' directory
Flavors: r-oldrel-macos-arm64, r-oldrel-macos-x86_64, r-oldrel-windows-x86_64