Last updated on 2025-10-21 09:48:52 CEST.
Flavor | Version | Tinstall | Tcheck | Ttotal | Status | Flags |
---|---|---|---|---|---|---|
r-devel-linux-x86_64-debian-clang | 1.6.0 | 1.94 | 23.07 | 25.01 | OK | |
r-devel-linux-x86_64-debian-gcc | 1.6.0 | 1.47 | 18.71 | 20.18 | NOTE | |
r-devel-linux-x86_64-fedora-clang | 1.6.0 | 36.43 | OK | |||
r-devel-linux-x86_64-fedora-gcc | 1.6.0 | 32.89 | OK | |||
r-devel-windows-x86_64 | 1.6.0 | 3.00 | 41.00 | 44.00 | OK | |
r-patched-linux-x86_64 | 1.6.0 | 1.74 | 20.38 | 22.12 | OK | |
r-release-linux-x86_64 | 1.6.0 | 1.86 | 20.61 | 22.47 | OK | |
r-release-macos-arm64 | 1.6.0 | 15.00 | OK | |||
r-release-macos-x86_64 | 1.6.0 | 28.00 | OK | |||
r-release-windows-x86_64 | 1.6.0 | 4.00 | 43.00 | 47.00 | OK | |
r-oldrel-macos-arm64 | 1.6.0 | 15.00 | OK | |||
r-oldrel-macos-x86_64 | 1.6.0 | 22.00 | OK | |||
r-oldrel-windows-x86_64 | 1.6.0 | 4.00 | 47.00 | 51.00 | OK |
Version: 1.6.0
Check: HTML version of manual
Result: NOTE
Found the following HTML validation problems:
is_field_subset.html:59:1 (is_field_subset.Rd:16): Warning: missing </ul> before </div>
random_string_vector.html:58:1 (random_string_vector.Rd:18): Warning: missing </ul> before </div>
Flavor: r-devel-linux-x86_64-debian-gcc