Last updated on 2025-10-22 09:50:58 CEST.
Flavor | Version | Tinstall | Tcheck | Ttotal | Status | Flags |
---|---|---|---|---|---|---|
r-devel-linux-x86_64-debian-clang | 0.2.0 | 3.60 | 36.44 | 40.04 | NOTE | |
r-devel-linux-x86_64-debian-gcc | 0.2.0 | 3.03 | 27.97 | 31.00 | NOTE | |
r-devel-linux-x86_64-fedora-clang | 0.2.0 | 42.00 | 26.36 | 68.36 | OK | |
r-devel-linux-x86_64-fedora-gcc | 0.2.0 | 58.55 | OK | |||
r-devel-windows-x86_64 | 0.2.0 | 6.00 | 55.00 | 61.00 | OK | |
r-patched-linux-x86_64 | 0.2.0 | 3.76 | 34.78 | 38.54 | OK | |
r-release-linux-x86_64 | 0.2.0 | 3.23 | 35.24 | 38.47 | OK | |
r-release-macos-arm64 | 0.2.0 | 2.00 | 19.00 | 21.00 | OK | |
r-release-macos-x86_64 | 0.2.0 | 4.00 | 33.00 | 37.00 | OK | |
r-release-windows-x86_64 | 0.2.0 | 7.00 | 57.00 | 64.00 | OK | |
r-oldrel-macos-arm64 | 0.2.0 | 2.00 | 21.00 | 23.00 | OK | |
r-oldrel-macos-x86_64 | 0.2.0 | 3.00 | 31.00 | 34.00 | OK | |
r-oldrel-windows-x86_64 | 0.2.0 | 7.00 | 65.00 | 72.00 | OK |
Version: 0.2.0
Check: HTML version of manual
Result: NOTE
Found the following HTML validation problems:
vt_d3-shiny.html:68:1 (vt_d3-shiny.Rd:25): Warning: missing </ul> before </div>
Flavors: r-devel-linux-x86_64-debian-clang, r-devel-linux-x86_64-debian-gcc