CRAN Package Check Results for Package vfinputs

Last updated on 2025-11-20 11:51:28 CET.

Flavor Version Tinstall Tcheck Ttotal Status Flags
r-devel-linux-x86_64-debian-clang 0.1.0 3.60 37.69 41.29 OK
r-devel-linux-x86_64-debian-gcc 0.1.0 2.73 29.39 32.12 OK
r-devel-linux-x86_64-fedora-clang 0.1.0 60.85 OK
r-devel-linux-x86_64-fedora-gcc 0.1.0 56.89 OK
r-devel-windows-x86_64 0.1.0 7.00 53.00 60.00 OK
r-patched-linux-x86_64 0.1.0 3.70 34.80 38.50 OK
r-release-linux-x86_64 0.1.0 3.39 34.65 38.04 OK
r-release-macos-arm64 0.1.0 OK
r-release-macos-x86_64 0.1.0 3.00 32.00 35.00 OK
r-release-windows-x86_64 0.1.0 6.00 52.00 58.00 OK
r-oldrel-macos-arm64 0.1.0 NOTE
r-oldrel-macos-x86_64 0.1.0 3.00 27.00 30.00 NOTE
r-oldrel-windows-x86_64 0.1.0 6.00 62.00 68.00 NOTE

Check Details

Version: 0.1.0
Check: LazyData
Result: NOTE 'LazyData' is specified without a 'data' directory Flavors: r-oldrel-macos-arm64, r-oldrel-macos-x86_64, r-oldrel-windows-x86_64