Last updated on 2025-10-24 09:50:23 CEST.
| Flavor | Version | Tinstall | Tcheck | Ttotal | Status | Flags |
|---|---|---|---|---|---|---|
| r-devel-linux-x86_64-debian-clang | 0.0.1 | 1.64 | 18.03 | 19.67 | NOTE | |
| r-devel-linux-x86_64-debian-gcc | 0.0.1 | 1.35 | 15.24 | 16.59 | NOTE | |
| r-devel-linux-x86_64-fedora-clang | 0.0.1 | 29.40 | OK | |||
| r-devel-linux-x86_64-fedora-gcc | 0.0.1 | 27.36 | OK | |||
| r-devel-windows-x86_64 | 0.0.1 | 3.00 | 33.00 | 36.00 | OK | |
| r-patched-linux-x86_64 | 0.0.1 | 1.65 | 17.04 | 18.69 | OK | |
| r-release-linux-x86_64 | 0.0.1 | 1.53 | 17.10 | 18.63 | OK | |
| r-release-macos-arm64 | 0.0.1 | 1.00 | 15.00 | 16.00 | OK | |
| r-release-macos-x86_64 | 0.0.1 | 2.00 | 24.00 | 26.00 | OK | |
| r-release-windows-x86_64 | 0.0.1 | 2.00 | 36.00 | 38.00 | OK | |
| r-oldrel-macos-arm64 | 0.0.1 | 1.00 | 15.00 | 16.00 | OK | |
| r-oldrel-macos-x86_64 | 0.0.1 | 2.00 | 24.00 | 26.00 | OK | |
| r-oldrel-windows-x86_64 | 0.0.1 | 2.00 | 34.00 | 36.00 | OK |
Version: 0.0.1
Check: CRAN incoming feasibility
Result: NOTE
Maintainer: ‘Michael Chirico <MichaelChirico4@gmail.com>’
No Authors@R field in DESCRIPTION.
Please add one, modifying
Authors@R: person(given = "Michael",
family = "Chirico",
role = c("aut", "cre"),
email = "michaelchirico4@gmail.com")
as necessary.
Flavors: r-devel-linux-x86_64-debian-clang, r-devel-linux-x86_64-debian-gcc