Last updated on 2025-11-22 09:50:09 CET.
| Flavor | Version | Tinstall | Tcheck | Ttotal | Status | Flags |
|---|---|---|---|---|---|---|
| r-devel-linux-x86_64-debian-clang | 0.0.2 | 6.51 | 59.29 | 65.80 | NOTE | |
| r-devel-linux-x86_64-debian-gcc | 0.0.2 | 4.35 | 43.99 | 48.34 | NOTE | |
| r-devel-linux-x86_64-fedora-clang | 0.0.2 | 12.00 | 89.73 | 101.73 | NOTE | |
| r-devel-linux-x86_64-fedora-gcc | 0.0.2 | 12.00 | 94.47 | 106.47 | NOTE | |
| r-devel-windows-x86_64 | 0.0.2 | 13.00 | 83.00 | 96.00 | NOTE | |
| r-patched-linux-x86_64 | 0.0.2 | 7.77 | 54.50 | 62.27 | NOTE | |
| r-release-linux-x86_64 | 0.0.2 | 6.36 | 54.32 | 60.68 | NOTE | |
| r-release-macos-arm64 | 0.0.2 | NOTE | ||||
| r-release-macos-x86_64 | 0.0.2 | 6.00 | 65.00 | 71.00 | NOTE | |
| r-release-windows-x86_64 | 0.0.2 | 11.00 | 82.00 | 93.00 | NOTE | |
| r-oldrel-macos-arm64 | 0.0.2 | NOTE | ||||
| r-oldrel-macos-x86_64 | 0.0.2 | 4.00 | 51.00 | 55.00 | NOTE | |
| r-oldrel-windows-x86_64 | 0.0.2 | 13.00 | 98.00 | 111.00 | NOTE |
Version: 0.0.2
Check: Rd files
Result: NOTE
checkRd: (-1) get.miniseq.sample.files.Rd:15: Lost braces
15 | \item{file.suffix}{Regex expression for end of file name. For example, `file.suffix = '_S\\d{1,2}_.*_R1_.*'` will match R1 files.1 files.}
| ^
Flavors: r-devel-linux-x86_64-debian-clang, r-devel-linux-x86_64-debian-gcc, r-devel-linux-x86_64-fedora-clang, r-devel-linux-x86_64-fedora-gcc, r-devel-windows-x86_64, r-patched-linux-x86_64, r-release-linux-x86_64, r-release-macos-arm64, r-release-macos-x86_64, r-release-windows-x86_64, r-oldrel-macos-arm64, r-oldrel-macos-x86_64, r-oldrel-windows-x86_64