Last updated on 2025-11-16 10:50:01 CET.
| Flavor | Version | Tinstall | Tcheck | Ttotal | Status | Flags |
|---|---|---|---|---|---|---|
| r-devel-linux-x86_64-debian-clang | 1.1.5 | 9.82 | 92.24 | 102.06 | NOTE | |
| r-devel-linux-x86_64-debian-gcc | 1.1.6 | 6.86 | 70.87 | 77.73 | ERROR | |
| r-devel-linux-x86_64-fedora-clang | 1.1.5 | 20.00 | 136.15 | 156.15 | NOTE | |
| r-devel-linux-x86_64-fedora-gcc | 1.1.6 | 45.00 | 141.24 | 186.24 | OK | |
| r-devel-windows-x86_64 | 1.1.6 | 24.00 | 131.00 | 155.00 | OK | |
| r-patched-linux-x86_64 | 1.1.5 | 12.02 | 89.15 | 101.17 | OK | |
| r-release-linux-x86_64 | 1.1.6 | 9.43 | 89.32 | 98.75 | ERROR | |
| r-release-macos-arm64 | 1.1.5 | 5.00 | 51.00 | 56.00 | OK | |
| r-release-macos-x86_64 | 1.1.6 | 20.00 | 116.00 | 136.00 | OK | |
| r-release-windows-x86_64 | 1.1.6 | 16.00 | 131.00 | 147.00 | OK | |
| r-oldrel-macos-arm64 | 1.1.5 | 5.00 | 43.00 | 48.00 | OK | |
| r-oldrel-macos-x86_64 | 1.1.6 | 18.00 | 151.00 | 169.00 | OK | |
| r-oldrel-windows-x86_64 | 1.1.6 | 15.00 | 134.00 | 149.00 | OK |
Version: 1.1.5
Check: Rd files
Result: NOTE
checkRd: (-1) cells.Rd:34: height/width attributes should be in pixels
checkRd: (-1) compare.Rd:64: height/width attributes should be in pixels
Flavors: r-devel-linux-x86_64-debian-clang, r-devel-linux-x86_64-fedora-clang
Version: 1.1.6
Check: tests
Result: ERROR
Running ‘tinytest.R’ [3s/5s]
Running the tests in ‘tests/tinytest.R’ failed.
Complete output:
>
> if ( requireNamespace("tinytest", quietly=TRUE) ){
+ # redirect plots
+ pdf(file=tempfile())
+ tinytest::test_package("validate")
+ }
test_confrontation.R.......... 0 tests
test_confrontation.R.......... 1 tests <1b>[0;32mOK<1b>[0m
test_confrontation.R.......... 2 tests <1b>[0;32mOK<1b>[0m
test_confrontation.R.......... 2 tests <1b>[0;32mOK<1b>[0m
test_confrontation.R.......... 2 tests <1b>[0;32mOK<1b>[0m
test_confrontation.R.......... 3 tests <1b>[0;32mOK<1b>[0m
test_confrontation.R.......... 4 tests <1b>[0;32mOK<1b>[0m
test_confrontation.R.......... 5 tests <1b>[0;32mOK<1b>[0m
test_confrontation.R.......... 5 tests <1b>[0;32mOK<1b>[0m
test_confrontation.R.......... 6 tests <1b>[0;32mOK<1b>[0m
test_confrontation.R.......... 7 tests <1b>[0;32mOK<1b>[0m
test_confrontation.R.......... 8 tests <1b>[0;32mOK<1b>[0m
test_confrontation.R.......... 9 tests <1b>[0;32mOK<1b>[0m
test_confrontation.R.......... 9 tests <1b>[0;32mOK<1b>[0m
test_confrontation.R.......... 10 tests <1b>[0;32mOK<1b>[0m
test_confrontation.R.......... 10 tests <1b>[0;32mOK<1b>[0m
test_confrontation.R.......... 10 tests <1b>[0;32mOK<1b>[0m
test_confrontation.R.......... 11 tests <1b>[0;32mOK<1b>[0m
test_confrontation.R.......... 11 tests <1b>[0;32mOK<1b>[0m
test_confrontation.R.......... 11 tests <1b>[0;32mOK<1b>[0m
test_confrontation.R.......... 11 tests <1b>[0;32mOK<1b>[0m
test_confrontation.R.......... 11 tests <1b>[0;32mOK<1b>[0m
test_confrontation.R.......... 12 tests <1b>[0;32mOK<1b>[0m
test_confrontation.R.......... 12 tests <1b>[0;32mOK<1b>[0m
test_confrontation.R.......... 13 tests <1b>[0;32mOK<1b>[0m
test_confrontation.R.......... 14 tests <1b>[0;32mOK<1b>[0m
test_confrontation.R.......... 15 tests <1b>[0;32mOK<1b>[0m
test_confrontation.R.......... 15 tests <1b>[0;32mOK<1b>[0m
test_confrontation.R.......... 15 tests <1b>[0;32mOK<1b>[0m
test_confrontation.R.......... 16 tests <1b>[0;32mOK<1b>[0m
test_confrontation.R.......... 17 tests <1b>[0;32mOK<1b>[0m
test_confrontation.R.......... 17 tests <1b>[0;32mOK<1b>[0m
test_confrontation.R.......... 17 tests <1b>[0;32mOK<1b>[0m
test_confrontation.R.......... 18 tests <1b>[0;32mOK<1b>[0m
test_confrontation.R.......... 19 tests <1b>[0;32mOK<1b>[0m
test_confrontation.R.......... 19 tests <1b>[0;32mOK<1b>[0m
test_confrontation.R.......... 19 tests <1b>[0;32mOK<1b>[0m
test_confrontation.R.......... 20 tests <1b>[0;32mOK<1b>[0m
test_confrontation.R.......... 20 tests <1b>[0;32mOK<1b>[0m
test_confrontation.R.......... 20 tests <1b>[0;32mOK<1b>[0m
test_confrontation.R.......... 21 tests <1b>[0;32mOK<1b>[0m
test_confrontation.R.......... 22 tests <1b>[0;32mOK<1b>[0m
test_confrontation.R.......... 23 tests <1b>[0;32mOK<1b>[0m
test_confrontation.R.......... 24 tests <1b>[0;32mOK<1b>[0m
test_confrontation.R.......... 25 tests <1b>[0;32mOK<1b>[0m
test_confrontation.R.......... 25 tests <1b>[0;32mOK<1b>[0m
test_confrontation.R.......... 26 tests <1b>[0;32mOK<1b>[0m
test_confrontation.R.......... 26 tests <1b>[0;32mOK<1b>[0m
test_confrontation.R.......... 26 tests <1b>[0;32mOK<1b>[0m
test_confrontation.R.......... 27 tests <1b>[0;32mOK<1b>[0m
test_confrontation.R.......... 28 tests <1b>[0;32mOK<1b>[0m
test_confrontation.R.......... 29 tests <1b>[0;32mOK<1b>[0m
test_confrontation.R.......... 29 tests <1b>[0;32mOK<1b>[0m
test_confrontation.R.......... 29 tests <1b>[0;32mOK<1b>[0m
test_confrontation.R.......... 29 tests <1b>[0;32mOK<1b>[0m
test_confrontation.R.......... 29 tests <1b>[0;32mOK<1b>[0m
test_confrontation.R.......... 29 tests <1b>[0;32mOK<1b>[0m
test_confrontation.R.......... 29 tests <1b>[0;32mOK<1b>[0m
test_confrontation.R.......... 29 tests <1b>[0;32mOK<1b>[0m
test_confrontation.R.......... 30 tests <1b>[0;32mOK<1b>[0m
test_confrontation.R.......... 31 tests <1b>[0;32mOK<1b>[0m
test_confrontation.R.......... 31 tests <1b>[0;32mOK<1b>[0m
test_confrontation.R.......... 32 tests <1b>[0;32mOK<1b>[0m
test_confrontation.R.......... 33 tests <1b>[0;32mOK<1b>[0m
test_confrontation.R.......... 34 tests <1b>[0;32mOK<1b>[0m
test_confrontation.R.......... 34 tests <1b>[0;32mOK<1b>[0m
test_confrontation.R.......... 34 tests <1b>[0;32mOK<1b>[0m
test_confrontation.R.......... 34 tests <1b>[0;32mOK<1b>[0m
test_confrontation.R.......... 34 tests <1b>[0;32mOK<1b>[0m
test_confrontation.R.......... 35 tests <1b>[0;32mOK<1b>[0m
test_confrontation.R.......... 35 tests <1b>[0;32mOK<1b>[0m
test_confrontation.R.......... 36 tests <1b>[0;32mOK<1b>[0m
test_confrontation.R.......... 36 tests <1b>[0;32mOK<1b>[0m
test_confrontation.R.......... 37 tests <1b>[0;32mOK<1b>[0m
test_confrontation.R.......... 37 tests <1b>[0;32mOK<1b>[0m
test_confrontation.R.......... 38 tests <1b>[0;32mOK<1b>[0m
test_confrontation.R.......... 38 tests <1b>[0;32mOK<1b>[0m
test_confrontation.R.......... 38 tests <1b>[0;32mOK<1b>[0m
test_confrontation.R.......... 39 tests <1b>[0;32mOK<1b>[0m
test_confrontation.R.......... 39 tests <1b>[0;32mOK<1b>[0m
test_confrontation.R.......... 39 tests <1b>[0;32mOK<1b>[0m
test_confrontation.R.......... 40 tests <1b>[0;32mOK<1b>[0m
test_confrontation.R.......... 41 tests <1b>[0;32mOK<1b>[0m
test_confrontation.R.......... 41 tests <1b>[0;32mOK<1b>[0m
test_confrontation.R.......... 42 tests <1b>[0;32mOK<1b>[0m
test_confrontation.R.......... 43 tests <1b>[0;32mOK<1b>[0m
test_confrontation.R.......... 43 tests <1b>[0;32mOK<1b>[0m
test_confrontation.R.......... 43 tests <1b>[0;32mOK<1b>[0m
test_confrontation.R.......... 44 tests <1b>[0;32mOK<1b>[0m
test_confrontation.R.......... 45 tests <1b>[0;32mOK<1b>[0m
test_confrontation.R.......... 45 tests <1b>[0;32mOK<1b>[0m
test_confrontation.R.......... 45 tests <1b>[0;32mOK<1b>[0m
test_confrontation.R.......... 46 tests <1b>[0;32mOK<1b>[0m
test_confrontation.R.......... 46 tests <1b>[0;32mOK<1b>[0m
test_confrontation.R.......... 46 tests <1b>[0;32mOK<1b>[0m
test_confrontation.R.......... 47 tests <1b>[0;32mOK<1b>[0m
test_confrontation.R.......... 47 tests <1b>[0;32mOK<1b>[0m
test_confrontation.R.......... 47 tests <1b>[0;32mOK<1b>[0m
test_confrontation.R.......... 47 tests <1b>[0;32mOK<1b>[0m
test_confrontation.R.......... 47 tests <1b>[0;32mOK<1b>[0m
test_confrontation.R.......... 48 tests <1b>[0;32mOK<1b>[0m
test_confrontation.R.......... 49 tests <1b>[0;32mOK<1b>[0m
test_confrontation.R.......... 50 tests <1b>[0;32mOK<1b>[0m
test_confrontation.R.......... 50 tests <1b>[0;32mOK<1b>[0m
test_confrontation.R.......... 51 tests <1b>[0;32mOK<1b>[0m
test_confrontation.R.......... 52 tests <1b>[0;32mOK<1b>[0m
test_confrontation.R.......... 53 tests <1b>[0;32mOK<1b>[0m
test_confrontation.R.......... 54 tests <1b>[0;32mOK<1b>[0m
test_confrontation.R.......... 55 tests <1b>[0;32mOK<1b>[0m
test_confrontation.R.......... 55 tests <1b>[0;32mOK<1b>[0m
test_confrontation.R.......... 56 tests <1b>[0;32mOK<1b>[0m
test_confrontation.R.......... 57 tests <1b>[0;32mOK<1b>[0m
test_confrontation.R.......... 57 tests <1b>[0;32mOK<1b>[0m
test_confrontation.R.......... 57 tests <1b>[0;32mOK<1b>[0m
test_confrontation.R.......... 58 tests <1b>[0;32mOK<1b>[0m
test_confrontation.R.......... 58 tests <1b>[0;32mOK<1b>[0m
test_confrontation.R.......... 59 tests <1b>[0;32mOK<1b>[0m
test_confrontation.R.......... 59 tests <1b>[0;32mOK<1b>[0m
test_confrontation.R.......... 60 tests <1b>[0;32mOK<1b>[0m <1b>[0;34m0.9s<1b>[0m
test_genericrules.R........... 1 tests <1b>[0;32mOK<1b>[0m
test_genericrules.R........... 2 tests <1b>[0;32mOK<1b>[0m
test_genericrules.R........... 3 tests <1b>[0;32mOK<1b>[0m
test_genericrules.R........... 4 tests <1b>[0;32mOK<1b>[0m
test_genericrules.R........... 5 tests <1b>[0;32mOK<1b>[0m
test_genericrules.R........... 6 tests <1b>[0;32mOK<1b>[0m
test_genericrules.R........... 7 tests <1b>[0;32mOK<1b>[0m
test_genericrules.R........... 8 tests <1b>[0;32mOK<1b>[0m
test_genericrules.R........... 9 tests <1b>[0;32mOK<1b>[0m
test_genericrules.R........... 10 tests <1b>[0;32mOK<1b>[0m
test_genericrules.R........... 11 tests <1b>[0;32mOK<1b>[0m
test_genericrules.R........... 12 tests <1b>[0;32mOK<1b>[0m
test_genericrules.R........... 13 tests <1b>[0;32mOK<1b>[0m
test_genericrules.R........... 14 tests <1b>[0;32mOK<1b>[0m
test_genericrules.R........... 15 tests <1b>[0;32mOK<1b>[0m
test_genericrules.R........... 16 tests <1b>[0;32mOK<1b>[0m
test_genericrules.R........... 17 tests <1b>[0;32mOK<1b>[0m
test_genericrules.R........... 18 tests <1b>[0;32mOK<1b>[0m
test_genericrules.R........... 19 tests <1b>[0;32mOK<1b>[0m
test_genericrules.R........... 20 tests <1b>[0;32mOK<1b>[0m
test_genericrules.R........... 21 tests <1b>[0;32mOK<1b>[0m
test_genericrules.R........... 22 tests <1b>[0;32mOK<1b>[0m
test_genericrules.R........... 23 tests <1b>[0;32mOK<1b>[0m
test_genericrules.R........... 24 tests <1b>[0;32mOK<1b>[0m
test_genericrules.R........... 25 tests <1b>[0;32mOK<1b>[0m
test_genericrules.R........... 26 tests <1b>[0;32mOK<1b>[0m
test_genericrules.R........... 27 tests <1b>[0;32mOK<1b>[0m
test_genericrules.R........... 27 tests <1b>[0;32mOK<1b>[0m
test_genericrules.R........... 27 tests <1b>[0;32mOK<1b>[0m
test_genericrules.R........... 28 tests <1b>[0;32mOK<1b>[0m
test_genericrules.R........... 28 tests <1b>[0;32mOK<1b>[0m
test_genericrules.R........... 29 tests <1b>[0;32mOK<1b>[0m
test_genericrules.R........... 30 tests <1b>[0;32mOK<1b>[0m
test_genericrules.R........... 31 tests <1b>[0;32mOK<1b>[0m
test_genericrules.R........... 32 tests <1b>[0;32mOK<1b>[0m
test_genericrules.R........... 33 tests <1b>[0;32mOK<1b>[0m
test_genericrules.R........... 34 tests <1b>[0;32mOK<1b>[0m
test_genericrules.R........... 34 tests <1b>[0;32mOK<1b>[0m
test_genericrules.R........... 34 tests <1b>[0;32mOK<1b>[0m
test_genericrules.R........... 35 tests <1b>[0;32mOK<1b>[0m
test_genericrules.R........... 35 tests <1b>[0;32mOK<1b>[0m
test_genericrules.R........... 36 tests <1b>[0;32mOK<1b>[0m
test_genericrules.R........... 36 tests <1b>[0;32mOK<1b>[0m
test_genericrules.R........... 36 tests <1b>[0;32mOK<1b>[0m
test_genericrules.R........... 36 tests <1b>[0;32mOK<1b>[0m
test_genericrules.R........... 36 tests <1b>[0;32mOK<1b>[0m
test_genericrules.R........... 37 tests <1b>[0;32mOK<1b>[0m
test_genericrules.R........... 37 tests <1b>[0;32mOK<1b>[0m
test_genericrules.R........... 38 tests <1b>[0;32mOK<1b>[0m
test_genericrules.R........... 39 tests <1b>[0;32mOK<1b>[0m
test_genericrules.R........... 40 tests <1b>[0;32mOK<1b>[0m
test_genericrules.R........... 40 tests <1b>[0;32mOK<1b>[0m
test_genericrules.R........... 40 tests <1b>[0;32mOK<1b>[0m
test_genericrules.R........... 41 tests <1b>[0;32mOK<1b>[0m
test_genericrules.R........... 41 tests <1b>[0;32mOK<1b>[0m
test_genericrules.R........... 42 tests <1b>[0;32mOK<1b>[0m
test_genericrules.R........... 43 tests <1b>[0;32mOK<1b>[0m
test_genericrules.R........... 44 tests <1b>[0;32mOK<1b>[0m
test_genericrules.R........... 45 tests <1b>[0;32mOK<1b>[0m
test_genericrules.R........... 46 tests <1b>[0;32mOK<1b>[0m
test_genericrules.R........... 47 tests <1b>[0;32mOK<1b>[0m
test_genericrules.R........... 48 tests <1b>[0;32mOK<1b>[0m
test_genericrules.R........... 49 tests <1b>[0;32mOK<1b>[0m
test_genericrules.R........... 50 tests <1b>[0;32mOK<1b>[0m
test_genericrules.R........... 51 tests <1b>[0;32mOK<1b>[0m
test_genericrules.R........... 52 tests <1b>[0;32mOK<1b>[0m
test_genericrules.R........... 53 tests <1b>[0;32mOK<1b>[0m
test_genericrules.R........... 54 tests <1b>[0;32mOK<1b>[0m
test_genericrules.R........... 55 tests <1b>[0;32mOK<1b>[0m
test_genericrules.R........... 56 tests <1b>[0;32mOK<1b>[0m
test_genericrules.R........... 57 tests <1b>[0;32mOK<1b>[0m
test_genericrules.R........... 58 tests <1b>[0;32mOK<1b>[0m
test_genericrules.R........... 59 tests <1b>[0;32mOK<1b>[0m
test_genericrules.R........... 60 tests <1b>[0;32mOK<1b>[0m
test_genericrules.R........... 61 tests <1b>[0;32mOK<1b>[0m
test_genericrules.R........... 62 tests <1b>[0;32mOK<1b>[0m
test_genericrules.R........... 63 tests <1b>[0;32mOK<1b>[0m
test_genericrules.R........... 64 tests <1b>[0;32mOK<1b>[0m
test_genericrules.R........... 64 tests <1b>[0;32mOK<1b>[0m
test_genericrules.R........... 64 tests <1b>[0;32mOK<1b>[0m
test_genericrules.R........... 65 tests <1b>[0;32mOK<1b>[0m
test_genericrules.R........... 65 tests <1b>[0;32mOK<1b>[0m
test_genericrules.R........... 65 tests <1b>[0;32mOK<1b>[0m
test_genericrules.R........... 65 tests <1b>[0;32mOK<1b>[0m
test_genericrules.R........... 65 tests <1b>[0;32mOK<1b>[0m
test_genericrules.R........... 65 tests <1b>[0;32mOK<1b>[0m
test_genericrules.R........... 66 tests <1b>[0;32mOK<1b>[0m
test_genericrules.R........... 66 tests <1b>[0;32mOK<1b>[0m
test_genericrules.R........... 66 tests <1b>[0;32mOK<1b>[0m
test_genericrules.R........... 66 tests <1b>[0;32mOK<1b>[0m
test_genericrules.R........... 67 tests <1b>[0;32mOK<1b>[0m
test_genericrules.R........... 68 tests <1b>[0;32mOK<1b>[0m
test_genericrules.R........... 68 tests <1b>[0;32mOK<1b>[0m
test_genericrules.R........... 68 tests <1b>[0;32mOK<1b>[0m
test_genericrules.R........... 69 tests <1b>[0;32mOK<1b>[0m
test_genericrules.R........... 70 tests <1b>[0;32mOK<1b>[0m
test_genericrules.R........... 70 tests <1b>[0;32mOK<1b>[0m
test_genericrules.R........... 71 tests <1b>[0;32mOK<1b>[0m
test_genericrules.R........... 72 tests <1b>[0;32mOK<1b>[0m
test_genericrules.R........... 72 tests <1b>[0;32mOK<1b>[0m
test_genericrules.R........... 73 tests <1b>[0;32mOK<1b>[0m
test_genericrules.R........... 73 tests <1b>[0;32mOK<1b>[0m
test_genericrules.R........... 73 tests <1b>[0;32mOK<1b>[0m
test_genericrules.R........... 74 tests <1b>[0;32mOK<1b>[0m
test_genericrules.R........... 74 tests <1b>[0;32mOK<1b>[0m
test_genericrules.R........... 76 tests <1b>[0;32mOK<1b>[0m
test_genericrules.R........... 76 tests <1b>[0;32mOK<1b>[0m
test_genericrules.R........... 76 tests <1b>[0;32mOK<1b>[0m
test_genericrules.R........... 76 tests <1b>[0;32mOK<1b>[0m
test_genericrules.R........... 76 tests <1b>[0;32mOK<1b>[0m
test_genericrules.R........... 76 tests <1b>[0;32mOK<1b>[0m
test_genericrules.R........... 77 tests <1b>[0;32mOK<1b>[0m
test_genericrules.R........... 77 tests <1b>[0;32mOK<1b>[0m
test_genericrules.R........... 77 tests <1b>[0;32mOK<1b>[0m
test_genericrules.R........... 77 tests <1b>[0;32mOK<1b>[0m
test_genericrules.R........... 78 tests <1b>[0;32mOK<1b>[0m
test_genericrules.R........... 79 tests <1b>[0;32mOK<1b>[0m
test_genericrules.R........... 80 tests <1b>[0;32mOK<1b>[0m
test_genericrules.R........... 80 tests <1b>[0;32mOK<1b>[0m
test_genericrules.R........... 80 tests <1b>[0;32mOK<1b>[0m
test_genericrules.R........... 81 tests <1b>[0;32mOK<1b>[0m
test_genericrules.R........... 81 tests <1b>[0;32mOK<1b>[0m
test_genericrules.R........... 82 tests <1b>[0;32mOK<1b>[0m
test_genericrules.R........... 83 tests <1b>[0;32mOK<1b>[0m <1b>[0;34m0.3s<1b>[0m
test_gh_issue_091.R........... 0 tests
test_gh_issue_091.R........... 0 tests
test_gh_issue_091.R........... 0 tests
test_gh_issue_091.R........... 1 tests <1b>[0;32mOK<1b>[0m
test_gh_issue_091.R........... 2 tests <1b>[0;32mOK<1b>[0m <1b>[0;36m98ms<1b>[0m
test_gh_issue_092.R........... 0 tests
test_gh_issue_092.R........... 1 tests <1b>[0;32mOK<1b>[0m
test_gh_issue_092.R........... 2 tests <1b>[0;32mOK<1b>[0m <1b>[0;36m14ms<1b>[0m
test_gh_issue_098.R........... 0 tests
test_gh_issue_098.R........... 0 tests
test_gh_issue_098.R........... 1 tests <1b>[0;32mOK<1b>[0m
test_gh_issue_098.R........... 2 tests <1b>[0;32mOK<1b>[0m <1b>[0;36m29ms<1b>[0m
test_gh_issue_109.R........... 0 tests
test_gh_issue_109.R........... 0 tests
test_gh_issue_109.R........... 1 tests <1b>[0;32mOK<1b>[0m <1b>[0;36m4ms<1b>[0m
test_gh_issue_112.R........... 1 tests <1b>[0;32mOK<1b>[0m <1b>[0;36m23ms<1b>[0m
test_gh_issue_116.R........... 0 tests
test_gh_issue_116.R........... 0 tests
test_gh_issue_116.R........... 0 tests
test_gh_issue_116.R........... 0 tests
test_gh_issue_116.R........... 1 tests <1b>[0;32mOK<1b>[0m <1b>[0;36m19ms<1b>[0m
test_gh_issue_128.R........... 1 tests <1b>[0;32mOK<1b>[0m
test_gh_issue_128.R........... 1 tests <1b>[0;32mOK<1b>[0m
test_gh_issue_128.R........... 1 tests <1b>[0;32mOK<1b>[0m
test_gh_issue_128.R........... 1 tests <1b>[0;32mOK<1b>[0m
test_gh_issue_128.R........... 2 tests <1b>[0;32mOK<1b>[0m
test_gh_issue_128.R........... 3 tests <1b>[0;32mOK<1b>[0m <1b>[0;36m37ms<1b>[0m
test_gh_issue_148.R........... 0 tests
test_gh_issue_148.R........... 1 tests <1b>[0;32mOK<1b>[0m <1b>[0;36m15ms<1b>[0m
test_gh_issue_149.R........... 0 tests
test_gh_issue_149.R........... 0 tests
test_gh_issue_149.R........... 0 tests
test_gh_issue_149.R........... 1 tests <1b>[0;32mOK<1b>[0m <1b>[0;36m16ms<1b>[0m
test_gh_issue_151.R........... 0 tests
test_gh_issue_151.R........... 0 tests
test_gh_issue_151.R........... 0 tests
test_gh_issue_151.R........... 1 tests <1b>[0;32mOK<1b>[0m <1b>[0;36m13ms<1b>[0m
test_indicator.R.............. 0 tests
test_indicator.R.............. 0 tests
test_indicator.R.............. 1 tests <1b>[0;32mOK<1b>[0m
test_indicator.R.............. 1 tests <1b>[0;32mOK<1b>[0m
test_indicator.R.............. 1 tests <1b>[0;32mOK<1b>[0m
test_indicator.R.............. 2 tests <1b>[0;32mOK<1b>[0m
test_indicator.R.............. 3 tests <1b>[0;32mOK<1b>[0m
test_indicator.R.............. 3 tests <1b>[0;32mOK<1b>[0m
test_indicator.R.............. 4 tests <1b>[0;32mOK<1b>[0m
test_indicator.R.............. 4 tests <1b>[0;32mOK<1b>[0m
test_indicator.R.............. 4 tests <1b>[0;32mOK<1b>[0m
test_indicator.R.............. 5 tests <1b>[0;32mOK<1b>[0m
test_indicator.R.............. 6 tests <1b>[0;32mOK<1b>[0m
test_indicator.R.............. 6 tests <1b>[0;32mOK<1b>[0m
test_indicator.R.............. 6 tests <1b>[0;32mOK<1b>[0m
test_indicator.R.............. 7 tests <1b>[0;32mOK<1b>[0m <1b>[0;36m45ms<1b>[0m
test_linear_coefficients.R.... 0 tests
test_linear_coefficients.R.... 1 tests <1b>[0;32mOK<1b>[0m
test_linear_coefficients.R.... 2 tests <1b>[0;32mOK<1b>[0m
test_linear_coefficients.R.... 2 tests <1b>[0;32mOK<1b>[0m
test_linear_coefficients.R.... 3 tests <1b>[0;32mOK<1b>[0m
test_linear_coefficients.R.... 4 tests <1b>[0;32mOK<1b>[0m
test_linear_coefficients.R.... 4 tests <1b>[0;32mOK<1b>[0m
test_linear_coefficients.R.... 5 tests <1b>[0;32mOK<1b>[0m
test_linear_coefficients.R.... 6 tests <1b>[0;32mOK<1b>[0m
test_linear_coefficients.R.... 6 tests <1b>[0;32mOK<1b>[0m
test_linear_coefficients.R.... 7 tests <1b>[0;32mOK<1b>[0m
test_linear_coefficients.R.... 8 tests <1b>[0;32mOK<1b>[0m
test_linear_coefficients.R.... 8 tests <1b>[0;32mOK<1b>[0m
test_linear_coefficients.R.... 9 tests <1b>[0;32mOK<1b>[0m
test_linear_coefficients.R.... 10 tests <1b>[0;32mOK<1b>[0m
test_linear_coefficients.R.... 15 tests <1b>[0;32mOK<1b>[0m
test_linear_coefficients.R.... 16 tests <1b>[0;32mOK<1b>[0m
test_linear_coefficients.R.... 17 tests <1b>[0;32mOK<1b>[0m
test_linear_coefficients.R.... 17 tests <1b>[0;32mOK<1b>[0m
test_linear_coefficients.R.... 18 tests <1b>[0;32mOK<1b>[0m
test_linear_coefficients.R.... 19 tests <1b>[0;32mOK<1b>[0m <1b>[0;34m0.1s<1b>[0m
test_lumberjack.R............. 0 tests
test_lumberjack.R............. 0 tests
test_lumberjack.R............. 0 tests
test_lumberjack.R............. 0 tests
test_lumberjack.R............. 0 tests
test_lumberjack.R............. 0 tests
test_lumberjack.R............. 0 tests
test_lumberjack.R............. 1 tests <1b>[0;32mOK<1b>[0m
test_lumberjack.R............. 1 tests <1b>[0;32mOK<1b>[0m
test_lumberjack.R............. 2 tests <1b>[0;32mOK<1b>[0m
test_lumberjack.R............. 3 tests <1b>[0;32mOK<1b>[0m
test_lumberjack.R............. 4 tests <1b>[0;32mOK<1b>[0m
test_lumberjack.R............. 4 tests <1b>[0;32mOK<1b>[0m
test_lumberjack.R............. 4 tests <1b>[0;32mOK<1b>[0m
test_lumberjack.R............. 4 tests <1b>[0;32mOK<1b>[0m
test_lumberjack.R............. 4 tests <1b>[0;32mOK<1b>[0m
test_lumberjack.R............. 4 tests <1b>[0;32mOK<1b>[0m
test_lumberjack.R............. 4 tests <1b>[0;32mOK<1b>[0m
test_lumberjack.R............. 4 tests <1b>[0;32mOK<1b>[0m
test_lumberjack.R............. 5 tests <1b>[0;32mOK<1b>[0m
test_lumberjack.R............. 5 tests <1b>[0;32mOK<1b>[0m
test_lumberjack.R............. 6 tests <1b>[0;32mOK<1b>[0m
test_lumberjack.R............. 7 tests <1b>[0;32mOK<1b>[0m
test_lumberjack.R............. 8 tests <1b>[0;32mOK<1b>[0m <1b>[0;34m0.1s<1b>[0m
test_methods.R................ 0 tests
test_methods.R................ 1 tests <1b>[0;32mOK<1b>[0m
test_methods.R................ 2 tests <1b>[0;32mOK<1b>[0m
test_methods.R................ 3 tests <1b>[0;32mOK<1b>[0m
test_methods.R................ 4 tests <1b>[0;32mOK<1b>[0m
test_methods.R................ 5 tests <1b>[0;32mOK<1b>[0m
test_methods.R................ 6 tests <1b>[0;32mOK<1b>[0m
test_methods.R................ 7 tests <1b>[0;32mOK<1b>[0m
test_methods.R................ 8 tests <1b>[0;32mOK<1b>[0m
test_methods.R................ 9 tests <1b>[0;32mOK<1b>[0m
test_methods.R................ 9 tests <1b>[0;32mOK<1b>[0m
test_methods.R................ 10 tests <1b>[0;32mOK<1b>[0m
test_methods.R................ 11 tests <1b>[0;32mOK<1b>[0m
test_methods.R................ 12 tests <1b>[0;32mOK<1b>[0m
test_methods.R................ 13 tests <1b>[0;32mOK<1b>[0m
test_methods.R................ 14 tests <1b>[0;32mOK<1b>[0m
test_methods.R................ 15 tests <1b>[0;32mOK<1b>[0m
test_methods.R................ 16 tests <1b>[0;32mOK<1b>[0m
test_methods.R................ 17 tests <1b>[0;32mOK<1b>[0m
test_methods.R................ 17 tests <1b>[0;32mOK<1b>[0m
test_methods.R................ 18 tests <1b>[0;32mOK<1b>[0m
test_methods.R................ 19 tests <1b>[0;32mOK<1b>[0m
test_methods.R................ 19 tests <1b>[0;32mOK<1b>[0m
test_methods.R................ 20 tests <1b>[0;32mOK<1b>[0m
test_methods.R................ 20 tests <1b>[0;32mOK<1b>[0m
test_methods.R................ 21 tests <1b>[0;32mOK<1b>[0m
test_methods.R................ 21 tests <1b>[0;32mOK<1b>[0m
test_methods.R................ 21 tests <1b>[0;32mOK<1b>[0m
test_methods.R................ 22 tests <1b>[0;32mOK<1b>[0m
test_methods.R................ 22 tests <1b>[0;32mOK<1b>[0m
test_methods.R................ 23 tests <1b>[0;32mOK<1b>[0m
test_methods.R................ 23 tests <1b>[0;32mOK<1b>[0m
test_methods.R................ 24 tests <1b>[0;32mOK<1b>[0m
test_methods.R................ 24 tests <1b>[0;32mOK<1b>[0m
test_methods.R................ 25 tests <1b>[0;32mOK<1b>[0m
test_methods.R................ 26 tests <1b>[0;32mOK<1b>[0m
test_methods.R................ 26 tests <1b>[0;32mOK<1b>[0m
test_methods.R................ 27 tests <1b>[0;32mOK<1b>[0m
test_methods.R................ 28 tests <1b>[0;32mOK<1b>[0m
test_methods.R................ 29 tests <1b>[0;32mOK<1b>[0m
test_methods.R................ 30 tests <1b>[0;32mOK<1b>[0m
test_methods.R................ 30 tests <1b>[0;32mOK<1b>[0m
test_methods.R................ 31 tests <1b>[0;32mOK<1b>[0m
test_methods.R................ 31 tests <1b>[0;32mOK<1b>[0m
test_methods.R................ 32 tests <1b>[0;32mOK<1b>[0m
test_methods.R................ 32 tests <1b>[0;32mOK<1b>[0m
test_methods.R................ 32 tests <1b>[0;32mOK<1b>[0m
test_methods.R................ 32 tests <1b>[0;32mOK<1b>[0m
test_methods.R................ 33 tests <1b>[0;32mOK<1b>[0m
test_methods.R................ 33 tests <1b>[0;32mOK<1b>[0m
test_methods.R................ 34 tests <1b>[0;32mOK<1b>[0m <1b>[0;34m0.2s<1b>[0m
test_options.R................ 0 tests
test_options.R................ 0 tests
test_options.R................ 1 tests <1b>[0;32mOK<1b>[0m
test_options.R................ 1 tests <1b>[0;32mOK<1b>[0m
test_options.R................ 2 tests <1b>[0;32mOK<1b>[0m
test_options.R................ 2 tests <1b>[0;32mOK<1b>[0m
test_options.R................ 2 tests <1b>[0;32mOK<1b>[0m
test_options.R................ 2 tests <1b>[0;32mOK<1b>[0m
test_options.R................ 3 tests <1b>[0;32mOK<1b>[0m
test_options.R................ 4 tests <1b>[0;32mOK<1b>[0m
test_options.R................ 5 tests <1b>[0;32mOK<1b>[0m
test_options.R................ 5 tests <1b>[0;32mOK<1b>[0m
test_options.R................ 6 tests <1b>[0;32mOK<1b>[0m
test_options.R................ 7 tests <1b>[0;32mOK<1b>[0m
test_options.R................ 8 tests <1b>[0;32mOK<1b>[0m <1b>[0;36m36ms<1b>[0m
test_parse.R.................. 1 tests <1b>[0;32mOK<1b>[0m
test_parse.R.................. 2 tests <1b>[0;32mOK<1b>[0m
test_parse.R.................. 3 tests <1b>[0;32mOK<1b>[0m
test_parse.R.................. 4 tests <1b>[0;32mOK<1b>[0m
test_parse.R.................. 5 tests <1b>[0;32mOK<1b>[0m
test_parse.R.................. 6 tests <1b>[0;32mOK<1b>[0m
test_parse.R.................. 7 tests <1b>[0;32mOK<1b>[0m
test_parse.R.................. 8 tests <1b>[0;32mOK<1b>[0m
test_parse.R.................. 9 tests <1b>[0;32mOK<1b>[0m
test_parse.R.................. 10 tests <1b>[0;32mOK<1b>[0m
test_parse.R.................. 11 tests <1b>[0;32mOK<1b>[0m
test_parse.R.................. 12 tests <1b>[0;32mOK<1b>[0m
test_parse.R.................. 13 tests <1b>[0;32mOK<1b>[0m
test_parse.R.................. 13 tests <1b>[0;32mOK<1b>[0m
test_parse.R.................. 13 tests <1b>[0;32mOK<1b>[0m
test_parse.R.................. 14 tests <1b>[0;32mOK<1b>[0m
test_parse.R.................. 15 tests <1b>[0;32mOK<1b>[0m
test_parse.R.................. 16 tests <1b>[0;32mOK<1b>[0m
test_parse.R.................. 17 tests <1b>[0;32mOK<1b>[0m
test_parse.R.................. 18 tests <1b>[0;32mOK<1b>[0m
test_parse.R.................. 19 tests <1b>[0;32mOK<1b>[0m
test_parse.R.................. 20 tests <1b>[0;32mOK<1b>[0m
test_parse.R.................. 21 tests <1b>[0;32mOK<1b>[0m
test_parse.R.................. 22 tests <1b>[0;32mOK<1b>[0m
test_parse.R.................. 22 tests <1b>[0;32mOK<1b>[0m
test_parse.R.................. 22 tests <1b>[0;32mOK<1b>[0m
test_parse.R.................. 23 tests <1b>[0;32mOK<1b>[0m
test_parse.R.................. 23 tests <1b>[0;32mOK<1b>[0m
test_parse.R.................. 24 tests <1b>[0;32mOK<1b>[0m
test_parse.R.................. 25 tests <1b>[0;32mOK<1b>[0m
test_parse.R.................. 25 tests <1b>[0;32mOK<1b>[0m
test_parse.R.................. 26 tests <1b>[0;32mOK<1b>[0m
test_parse.R.................. 27 tests <1b>[0;32mOK<1b>[0m
test_parse.R.................. 27 tests <1b>[0;32mOK<1b>[0m
test_parse.R.................. 28 tests <1b>[0;32mOK<1b>[0m
test_parse.R.................. 29 tests <1b>[0;32mOK<1b>[0m
test_parse.R.................. 29 tests <1b>[0;32mOK<1b>[0m
test_parse.R.................. 30 tests <1b>[0;32mOK<1b>[0m
test_parse.R.................. 31 tests <1b>[0;32mOK<1b>[0m
test_parse.R.................. 32 tests <1b>[0;32mOK<1b>[0m
test_parse.R.................. 32 tests <1b>[0;32mOK<1b>[0m
test_parse.R.................. 33 tests <1b>[0;32mOK<1b>[0m
test_parse.R.................. 34 tests <1b>[0;32mOK<1b>[0m
test_parse.R.................. 35 tests <1b>[0;32mOK<1b>[0m
test_parse.R.................. 36 tests <1b>[0;32mOK<1b>[0m
test_parse.R.................. 37 tests <1b>[0;32mOK<1b>[0m
test_parse.R.................. 38 tests <1b>[0;32mOK<1b>[0m
test_parse.R.................. 39 tests <1b>[0;32mOK<1b>[0m
test_parse.R.................. 40 tests <1b>[0;32mOK<1b>[0m
test_parse.R.................. 41 tests <1b>[0;32mOK<1b>[0m
test_parse.R.................. 42 tests <1b>[0;32mOK<1b>[0m
test_parse.R.................. 43 tests <1b>[0;32mOK<1b>[0m
test_parse.R.................. 44 tests <1b>[0;32mOK<1b>[0m
test_parse.R.................. 45 tests <1b>[0;32mOK<1b>[0m
test_parse.R.................. 46 tests <1b>[0;32mOK<1b>[0m
test_parse.R.................. 47 tests <1b>[0;32mOK<1b>[0m
test_parse.R.................. 48 tests <1b>[0;32mOK<1b>[0m
test_parse.R.................. 49 tests <1b>[0;32mOK<1b>[0m
test_parse.R.................. 49 tests <1b>[0;32mOK<1b>[0m
test_parse.R.................. 49 tests <1b>[0;32mOK<1b>[0m
test_parse.R.................. 50 tests <1b>[0;32mOK<1b>[0m
test_parse.R.................. 50 tests <1b>[0;32mOK<1b>[0m
test_parse.R.................. 50 tests <1b>[0;32mOK<1b>[0m
test_parse.R.................. 51 tests <1b>[0;32mOK<1b>[0m
test_parse.R.................. 51 tests <1b>[0;32mOK<1b>[0m
test_parse.R.................. 51 tests <1b>[0;32mOK<1b>[0m
test_parse.R.................. 52 tests <1b>[0;32mOK<1b>[0m
test_parse.R.................. 52 tests <1b>[0;32mOK<1b>[0m
test_parse.R.................. 52 tests <1b>[0;32mOK<1b>[0m
test_parse.R.................. 53 tests <1b>[0;32mOK<1b>[0m
test_parse.R.................. 53 tests <1b>[0;32mOK<1b>[0m
test_parse.R.................. 53 tests <1b>[0;32mOK<1b>[0m
test_parse.R.................. 54 tests <1b>[0;32mOK<1b>[0m
test_parse.R.................. 54 tests <1b>[0;32mOK<1b>[0m
test_parse.R.................. 54 tests <1b>[0;32mOK<1b>[0m
test_parse.R.................. 55 tests <1b>[0;32mOK<1b>[0m
test_parse.R.................. 55 tests <1b>[0;32mOK<1b>[0m
test_parse.R.................. 55 tests <1b>[0;32mOK<1b>[0m
test_parse.R.................. 55 tests <1b>[0;32mOK<1b>[0m
test_parse.R.................. 56 tests <1b>[0;32mOK<1b>[0m
test_parse.R.................. 56 tests <1b>[0;32mOK<1b>[0m
test_parse.R.................. 57 tests <1b>[0;32mOK<1b>[0m
test_parse.R.................. 57 tests <1b>[0;32mOK<1b>[0m
test_parse.R.................. 58 tests <1b>[0;32mOK<1b>[0m
test_parse.R.................. 58 tests <1b>[0;32mOK<1b>[0m
test_parse.R.................. 59 tests <1b>[0;32mOK<1b>[0m
test_parse.R.................. 59 tests <1b>[0;32mOK<1b>[0m
test_parse.R.................. 60 tests <1b>[0;32mOK<1b>[0m
test_parse.R.................. 60 tests <1b>[0;32mOK<1b>[0m
test_parse.R.................. 60 tests <1b>[0;32mOK<1b>[0m
test_parse.R.................. 61 tests <1b>[0;32mOK<1b>[0m
test_parse.R.................. 61 tests <1b>[0;32mOK<1b>[0m
test_parse.R.................. 62 tests <1b>[0;32mOK<1b>[0m
test_parse.R.................. 62 tests <1b>[0;32mOK<1b>[0m
test_parse.R.................. 63 tests <1b>[0;32mOK<1b>[0m
test_parse.R.................. 63 tests <1b>[0;32mOK<1b>[0m
test_parse.R.................. 64 tests <1b>[0;32mOK<1b>[0m
test_parse.R.................. 64 tests <1b>[0;32mOK<1b>[0m
test_parse.R.................. 65 tests <1b>[0;32mOK<1b>[0m
test_parse.R.................. 65 tests <1b>[0;32mOK<1b>[0m
test_parse.R.................. 65 tests <1b>[0;32mOK<1b>[0m
test_parse.R.................. 65 tests <1b>[0;32mOK<1b>[0m
test_parse.R.................. 66 tests <1b>[0;32mOK<1b>[0m
test_parse.R.................. 66 tests <1b>[0;32mOK<1b>[0m
test_parse.R.................. 66 tests <1b>[0;32mOK<1b>[0m
test_parse.R.................. 67 tests <1b>[0;32mOK<1b>[0m
test_parse.R.................. 67 tests <1b>[0;32mOK<1b>[0m
test_parse.R.................. 67 tests <1b>[0;32mOK<1b>[0m
test_parse.R.................. 68 tests <1b>[0;32mOK<1b>[0m <1b>[0;34m0.2s<1b>[0m
test_poc.R.................... 0 tests
test_poc.R.................... 0 tests
test_poc.R.................... 1 tests <1b>[0;32mOK<1b>[0m
test_poc.R.................... 1 tests <1b>[0;32mOK<1b>[0m
test_poc.R.................... 1 tests <1b>[0;32mOK<1b>[0m
test_poc.R.................... 2 tests <1b>[0;32mOK<1b>[0m
test_poc.R.................... 2 tests <1b>[0;32mOK<1b>[0m
test_poc.R.................... 2 tests <1b>[0;32mOK<1b>[0m
test_poc.R.................... 3 tests <1b>[0;32mOK<1b>[0m
test_poc.R.................... 3 tests <1b>[0;32mOK<1b>[0m
test_poc.R.................... 4 tests <1b>[0;32mOK<1b>[0m
test_poc.R.................... 4 tests <1b>[0;32mOK<1b>[0m
test_poc.R.................... 5 tests <1b>[0;32mOK<1b>[0m
test_poc.R.................... 5 tests <1b>[0;32mOK<1b>[0m
test_poc.R.................... 5 tests <1b>[0;32mOK<1b>[0m
test_poc.R.................... 6 tests <1b>[0;32mOK<1b>[0m
test_poc.R.................... 6 tests <1b>[0;32mOK<1b>[0m
test_poc.R.................... 6 tests <1b>[0;32mOK<1b>[0m
test_poc.R.................... 7 tests <1b>[0;32mOK<1b>[0m
test_poc.R.................... 7 tests <1b>[0;32mOK<1b>[0m
test_poc.R.................... 7 tests <1b>[0;32mOK<1b>[0m
test_poc.R.................... 8 tests <1b>[0;32mOK<1b>[0m
test_poc.R.................... 8 tests <1b>[0;32mOK<1b>[0m
test_poc.R.................... 8 tests <1b>[0;32mOK<1b>[0m
test_poc.R.................... 9 tests <1b>[0;32mOK<1b>[0m
test_poc.R.................... 9 tests <1b>[0;32mOK<1b>[0m
test_poc.R.................... 9 tests <1b>[0;32mOK<1b>[0m
test_poc.R.................... 9 tests <1b>[0;32mOK<1b>[0m
test_poc.R.................... 10 tests <1b>[0;32mOK<1b>[0m
test_poc.R.................... 10 tests <1b>[0;32mOK<1b>[0m
test_poc.R.................... 10 tests <1b>[0;32mOK<1b>[0m
test_poc.R.................... 11 tests <1b>[0;32mOK<1b>[0m
test_poc.R.................... 11 tests <1b>[0;32mOK<1b>[0m
test_poc.R.................... 12 tests <1b>[0;32mOK<1b>[0m
test_poc.R.................... 12 tests <1b>[0;32mOK<1b>[0m
test_poc.R.................... 13 tests <1b>[0;32mOK<1b>[0m
test_poc.R.................... 13 tests <1b>[0;32mOK<1b>[0m
test_poc.R.................... 13 tests <1b>[0;32mOK<1b>[0m
test_poc.R.................... 14 tests <1b>[0;32mOK<1b>[0m
test_poc.R.................... 14 tests <1b>[0;32mOK<1b>[0m
test_poc.R.................... 15 tests <1b>[0;32mOK<1b>[0m
test_poc.R.................... 15 tests <1b>[0;32mOK<1b>[0m
test_poc.R.................... 16 tests <1b>[0;32mOK<1b>[0m
test_poc.R.................... 16 tests <1b>[0;32mOK<1b>[0m
test_poc.R.................... 16 tests <1b>[0;32mOK<1b>[0m
test_poc.R.................... 17 tests <1b>[0;32mOK<1b>[0m
test_poc.R.................... 17 tests <1b>[0;32mOK<1b>[0m
test_poc.R.................... 18 tests <1b>[0;32mOK<1b>[0m
test_poc.R.................... 18 tests <1b>[0;32mOK<1b>[0m
test_poc.R.................... 19 tests <1b>[0;32mOK<1b>[0m
test_poc.R.................... 19 tests <1b>[0;32mOK<1b>[0m
test_poc.R.................... 20 tests <1b>[0;32mOK<1b>[0m
test_poc.R.................... 20 tests <1b>[0;32mOK<1b>[0m
test_poc.R.................... 21 tests <1b>[0;32mOK<1b>[0m
test_poc.R.................... 21 tests <1b>[0;32mOK<1b>[0m
test_poc.R.................... 21 tests <1b>[0;32mOK<1b>[0m
test_poc.R.................... 22 tests <1b>[0;32mOK<1b>[0m
test_poc.R.................... 22 tests <1b>[0;32mOK<1b>[0m
test_poc.R.................... 23 tests <1b>[0;32mOK<1b>[0m
test_poc.R.................... 23 tests <1b>[0;32mOK<1b>[0m
test_poc.R.................... 24 tests <1b>[0;32mOK<1b>[0m
test_poc.R.................... 24 tests <1b>[0;32mOK<1b>[0m
test_poc.R.................... 24 tests <1b>[0;32mOK<1b>[0m
test_poc.R.................... 25 tests <1b>[0;32mOK<1b>[0m
test_poc.R.................... 25 tests <1b>[0;32mOK<1b>[0m
test_poc.R.................... 26 tests <1b>[0;32mOK<1b>[0m
test_poc.R.................... 26 tests <1b>[0;32mOK<1b>[0m
test_poc.R.................... 26 tests <1b>[0;32mOK<1b>[0m
test_poc.R.................... 27 tests <1b>[0;32mOK<1b>[0m
test_poc.R.................... 27 tests <1b>[0;32mOK<1b>[0m
test_poc.R.................... 28 tests <1b>[0;32mOK<1b>[0m
test_poc.R.................... 28 tests <1b>[0;32mOK<1b>[0m
test_poc.R.................... 28 tests <1b>[0;32mOK<1b>[0m
test_poc.R.................... 29 tests <1b>[0;32mOK<1b>[0m
test_poc.R.................... 29 tests <1b>[0;32mOK<1b>[0m
test_poc.R.................... 29 tests <1b>[0;32mOK<1b>[0m
test_poc.R.................... 30 tests <1b>[0;32mOK<1b>[0m
test_poc.R.................... 30 tests <1b>[0;32mOK<1b>[0m
test_poc.R.................... 31 tests <1b>[0;32mOK<1b>[0m
test_poc.R.................... 31 tests <1b>[0;32mOK<1b>[0m
test_poc.R.................... 31 tests <1b>[0;32mOK<1b>[0m
test_poc.R.................... 31 tests <1b>[0;32mOK<1b>[0m
test_poc.R.................... 32 tests <1b>[0;32mOK<1b>[0m
test_poc.R.................... 32 tests <1b>[0;32mOK<1b>[0m
test_poc.R.................... 32 tests <1b>[0;32mOK<1b>[0m
test_poc.R.................... 32 tests <1b>[0;32mOK<1b>[0m
test_poc.R.................... 33 tests <1b>[0;32mOK<1b>[0m
test_poc.R.................... 33 tests <1b>[0;32mOK<1b>[0m
test_poc.R.................... 34 tests <1b>[0;32mOK<1b>[0m <1b>[0;34m0.5s<1b>[0m
test_run_validation.R......... 1 tests <1b>[0;32mOK<1b>[0m
test_run_validation.R......... 2 tests <1b>[0;32mOK<1b>[0m
test_run_validation.R......... 3 tests <1b>[0;32mOK<1b>[0m
test_run_validation.R......... 4 tests <1b>[0;32mOK<1b>[0m
test_run_validation.R......... 4 tests <1b>[0;32mOK<1b>[0m
test_run_validation.R......... 4 tests <1b>[0;32mOK<1b>[0m
test_run_validation.R......... 5 tests <1b>[0;32mOK<1b>[0m <1b>[0;36m51ms<1b>[0m
test_sdmx.R................... 0 tests
test_sdmx.R................... 0 tests <1b>[0;34m0.3s<1b>[0m [Exited at #6: skipping API-calling sdmx tests]
test_syntax.R................. 1 tests <1b>[0;32mOK<1b>[0m
test_syntax.R................. 2 tests <1b>[0;32mOK<1b>[0m
test_syntax.R................. 3 tests <1b>[0;32mOK<1b>[0m
test_syntax.R................. 3 tests <1b>[0;32mOK<1b>[0m
test_syntax.R................. 4 tests <1b>[0;32mOK<1b>[0m
test_syntax.R................. 5 tests <1b>[0;32mOK<1b>[0m
test_syntax.R................. 5 tests <1b>[0;32mOK<1b>[0m
test_syntax.R................. 6 tests <1b>[0;32mOK<1b>[0m
test_syntax.R................. 6 tests <1b>[0;32mOK<1b>[0m
test_syntax.R................. 7 tests <1b>[0;32mOK<1b>[0m
test_syntax.R................. 8 tests <1b>[0;32mOK<1b>[0m
test_syntax.R................. 8 tests <1b>[0;32mOK<1b>[0m
test_syntax.R................. 8 tests <1b>[0;32mOK<1b>[0m
test_syntax.R................. 8 tests <1b>[0;32mOK<1b>[0m
test_syntax.R................. 8 tests <1b>[0;32mOK<1b>[0m
test_syntax.R................. 9 tests <1b>[0;32mOK<1b>[0m
test_syntax.R................. 9 tests <1b>[0;32mOK<1b>[0m
test_syntax.R................. 10 tests <1b>[0;32mOK<1b>[0m
test_syntax.R................. 10 tests <1b>[0;32mOK<1b>[0m
test_syntax.R................. 11 tests <1b>[0;32mOK<1b>[0m
test_syntax.R................. 11 tests <1b>[0;32mOK<1b>[0m
test_syntax.R................. 12 tests <1b>[0;32mOK<1b>[0m
test_syntax.R................. 13 tests <1b>[0;32mOK<1b>[0m
test_syntax.R................. 14 tests <1b>[0;32mOK<1b>[0m
test_syntax.R................. 15 tests <1b>[0;32mOK<1b>[0m
test_syntax.R................. 16 tests <1b>[0;32mOK<1b>[0m
test_syntax.R................. 17 tests <1b>[0;32mOK<1b>[0m
test_syntax.R................. 17 tests <1b>[0;32mOK<1b>[0m
test_syntax.R................. 17 tests <1b>[0;32mOK<1b>[0m
test_syntax.R................. 18 tests <1b>[0;32mOK<1b>[0m
test_syntax.R................. 19 tests <1b>[0;32mOK<1b>[0m
test_syntax.R................. 20 tests <1b>[0;32mOK<1b>[0m
test_syntax.R................. 20 tests <1b>[0;32mOK<1b>[0m
test_syntax.R................. 20 tests <1b>[0;32mOK<1b>[0m
test_syntax.R................. 21 tests <1b>[0;32mOK<1b>[0m
test_syntax.R................. 21 tests <1b>[0;32mOK<1b>[0m
test_syntax.R................. 21 tests <1b>[0;32mOK<1b>[0m
test_syntax.R................. 22 tests <1b>[0;32mOK<1b>[0m
test_syntax.R................. 22 tests <1b>[0;32mOK<1b>[0m
test_syntax.R................. 23 tests <1b>[0;32mOK<1b>[0m
test_syntax.R................. 23 tests <1b>[0;32mOK<1b>[0m
test_syntax.R................. 24 tests <1b>[0;32mOK<1b>[0m <1b>[0;34m0.1s<1b>[0m
test_utils.R.................. 1 tests <1b>[0;32mOK<1b>[0m
test_utils.R.................. 1 tests <1b>[0;32mOK<1b>[0m
test_utils.R.................. 2 tests <1b>[0;32mOK<1b>[0m
test_utils.R.................. 2 tests <1b>[0;32mOK<1b>[0m
test_utils.R.................. 2 tests <1b>[0;32mOK<1b>[0m
test_utils.R.................. 3 tests <1b>[0;32mOK<1b>[0m
test_utils.R.................. 4 tests <1b>[0;32mOK<1b>[0m
test_utils.R.................. 5 tests <1b>[0;32mOK<1b>[0m
test_utils.R.................. 6 tests <1b>[0;32mOK<1b>[0m
test_utils.R.................. 6 tests <1b>[0;32mOK<1b>[0m
test_utils.R.................. 7 tests <1b>[0;32mOK<1b>[0m
test_utils.R.................. 7 tests <1b>[0;32mOK<1b>[0m
test_utils.R.................. 8 tests <1b>[0;32mOK<1b>[0m
test_utils.R.................. 9 tests <1b>[0;32mOK<1b>[0m
test_utils.R.................. 10 tests <1b>[0;32mOK<1b>[0m
test_utils.R.................. 11 tests <1b>[0;32mOK<1b>[0m
test_utils.R.................. 12 tests <1b>[0;32mOK<1b>[0m
test_utils.R.................. 13 tests <1b>[0;32mOK<1b>[0m
test_utils.R.................. 13 tests <1b>[0;32mOK<1b>[0m
test_utils.R.................. 13 tests <1b>[0;32mOK<1b>[0m
test_utils.R.................. 13 tests <1b>[0;32mOK<1b>[0m
test_utils.R.................. 13 tests <1b>[0;32mOK<1b>[0m
test_utils.R.................. 14 tests <1b>[0;32mOK<1b>[0m
test_utils.R.................. 14 tests <1b>[0;32mOK<1b>[0m
test_utils.R.................. 15 tests <1b>[0;32mOK<1b>[0m
test_utils.R.................. 16 tests <1b>[0;32mOK<1b>[0m
test_utils.R.................. 17 tests <1b>[0;32mOK<1b>[0m
test_utils.R.................. 17 tests <1b>[0;32mOK<1b>[0m
test_utils.R.................. 17 tests <1b>[0;32mOK<1b>[0m
test_utils.R.................. 17 tests <1b>[0;32mOK<1b>[0m
test_utils.R.................. 18 tests <1b>[0;32mOK<1b>[0m
test_utils.R.................. 19 tests <1b>[0;32mOK<1b>[0m
test_utils.R.................. 20 tests <1b>[0;32mOK<1b>[0m
test_utils.R.................. 21 tests <1b>[0;32mOK<1b>[0m
test_utils.R.................. 21 tests <1b>[0;32mOK<1b>[0m
test_utils.R.................. 22 tests <1b>[0;32mOK<1b>[0m
test_utils.R.................. 23 tests <1b>[0;32mOK<1b>[0m
test_utils.R.................. 23 tests <1b>[0;32mOK<1b>[0m
test_utils.R.................. 24 tests <1b>[0;32mOK<1b>[0m
test_utils.R.................. 24 tests <1b>[0;32mOK<1b>[0m
test_utils.R.................. 25 tests <1b>[0;32mOK<1b>[0m
test_utils.R.................. 26 tests <1b>[0;32mOK<1b>[0m
test_utils.R.................. 27 tests <1b>[0;32mOK<1b>[0m
test_utils.R.................. 28 tests <1b>[0;32mOK<1b>[0m
test_utils.R.................. 29 tests <1b>[0;32mOK<1b>[0m
test_utils.R.................. 30 tests <1b>[0;32mOK<1b>[0m
test_utils.R.................. 31 tests <1b>[0;32mOK<1b>[0m
test_utils.R.................. 32 tests <1b>[0;32mOK<1b>[0m
test_utils.R.................. 33 tests <1b>[0;32mOK<1b>[0m
test_utils.R.................. 34 tests <1b>[0;32mOK<1b>[0m
test_utils.R.................. 35 tests <1b>[0;32mOK<1b>[0m
test_utils.R.................. 37 tests <1b>[0;32mOK<1b>[0m <1b>[0;34m0.4s<1b>[0m
test_validator.R.............. 0 tests
test_validator.R.............. 0 tests
test_validator.R.............. 1 tests <1b>[0;32mOK<1b>[0m
test_validator.R.............. 1 tests <1b>[0;32mOK<1b>[0m
test_validator.R.............. 2 tests <1b>[0;32mOK<1b>[0m
test_validator.R.............. 2 tests <1b>[0;32mOK<1b>[0m
test_validator.R.............. 3 tests <1b>[0;32mOK<1b>[0m
test_validator.R.............. 3 tests <1b>[0;32mOK<1b>[0m
test_validator.R.............. 4 tests <1b>[0;32mOK<1b>[0m
test_validator.R.............. 5 tests <1b>[0;32mOK<1b>[0m
test_validator.R.............. 6 tests <1b>[0;32mOK<1b>[0m
test_validator.R.............. 7 tests <1b>[0;32mOK<1b>[0m
test_validator.R.............. 8 tests <1b>[0;32mOK<1b>[0m
test_validator.R.............. 9 tests <1b>[0;32mOK<1b>[0m
test_validator.R.............. 9 tests <1b>[0;32mOK<1b>[0m
test_validator.R.............. 10 tests <1b>[0;32mOK<1b>[0m
test_validator.R.............. 11 tests <1b>[0;32mOK<1b>[0m
test_validator.R.............. 11 tests <1b>[0;32mOK<1b>[0m
test_validator.R.............. 11 tests <1b>[0;32mOK<1b>[0m
test_validator.R.............. 11 tests <1b>[0;32mOK<1b>[0m
test_validator.R.............. 12 tests <1b>[0;32mOK<1b>[0m
test_validator.R.............. 12 tests <1b>[0;32mOK<1b>[0m
test_validator.R.............. 12 tests <1b>[0;32mOK<1b>[0m
test_validator.R.............. 12 tests <1b>[0;32mOK<1b>[0m
test_validator.R.............. 12 tests <1b>[0;32mOK<1b>[0m
test_validator.R.............. 12 tests <1b>[0;32mOK<1b>[0m
test_validator.R.............. 12 tests <1b>[0;32mOK<1b>[0m
test_validator.R.............. 12 tests <1b>[0;32mOK<1b>[0m
test_validator.R.............. 12 tests <1b>[0;32mOK<1b>[0m
test_validator.R.............. 12 tests <1b>[0;32mOK<1b>[0m
test_validator.R.............. 13 tests <1b>[0;32mOK<1b>[0m
test_validator.R.............. 13 tests <1b>[0;32mOK<1b>[0m
test_validator.R.............. 13 tests <1b>[0;32mOK<1b>[0m
test_validator.R.............. 13 tests <1b>[0;32mOK<1b>[0m Error in file(file, ifelse(append, "a", "w")) :
cannot open the connection
Calls: <Anonymous> ... eval -> export_yaml -> export_yaml -> write -> cat -> file
In addition: Warning message:
In file(file, ifelse(append, "a", "w")) :
cannot open file 'yamltests/tricky_rules.yaml': Read-only file system
Execution halted
Flavor: r-devel-linux-x86_64-debian-gcc
Version: 1.1.6
Check: tests
Result: ERROR
Running ‘tinytest.R’ [5s/6s]
Running the tests in ‘tests/tinytest.R’ failed.
Complete output:
>
> if ( requireNamespace("tinytest", quietly=TRUE) ){
+ # redirect plots
+ pdf(file=tempfile())
+ tinytest::test_package("validate")
+ }
test_confrontation.R.......... 0 tests
test_confrontation.R.......... 1 tests <1b>[0;32mOK<1b>[0m
test_confrontation.R.......... 2 tests <1b>[0;32mOK<1b>[0m
test_confrontation.R.......... 2 tests <1b>[0;32mOK<1b>[0m
test_confrontation.R.......... 2 tests <1b>[0;32mOK<1b>[0m
test_confrontation.R.......... 3 tests <1b>[0;32mOK<1b>[0m
test_confrontation.R.......... 4 tests <1b>[0;32mOK<1b>[0m
test_confrontation.R.......... 5 tests <1b>[0;32mOK<1b>[0m
test_confrontation.R.......... 5 tests <1b>[0;32mOK<1b>[0m
test_confrontation.R.......... 6 tests <1b>[0;32mOK<1b>[0m
test_confrontation.R.......... 7 tests <1b>[0;32mOK<1b>[0m
test_confrontation.R.......... 8 tests <1b>[0;32mOK<1b>[0m
test_confrontation.R.......... 9 tests <1b>[0;32mOK<1b>[0m
test_confrontation.R.......... 9 tests <1b>[0;32mOK<1b>[0m
test_confrontation.R.......... 10 tests <1b>[0;32mOK<1b>[0m
test_confrontation.R.......... 10 tests <1b>[0;32mOK<1b>[0m
test_confrontation.R.......... 10 tests <1b>[0;32mOK<1b>[0m
test_confrontation.R.......... 11 tests <1b>[0;32mOK<1b>[0m
test_confrontation.R.......... 11 tests <1b>[0;32mOK<1b>[0m
test_confrontation.R.......... 11 tests <1b>[0;32mOK<1b>[0m
test_confrontation.R.......... 11 tests <1b>[0;32mOK<1b>[0m
test_confrontation.R.......... 11 tests <1b>[0;32mOK<1b>[0m
test_confrontation.R.......... 12 tests <1b>[0;32mOK<1b>[0m
test_confrontation.R.......... 12 tests <1b>[0;32mOK<1b>[0m
test_confrontation.R.......... 13 tests <1b>[0;32mOK<1b>[0m
test_confrontation.R.......... 14 tests <1b>[0;32mOK<1b>[0m
test_confrontation.R.......... 15 tests <1b>[0;32mOK<1b>[0m
test_confrontation.R.......... 15 tests <1b>[0;32mOK<1b>[0m
test_confrontation.R.......... 15 tests <1b>[0;32mOK<1b>[0m
test_confrontation.R.......... 16 tests <1b>[0;32mOK<1b>[0m
test_confrontation.R.......... 17 tests <1b>[0;32mOK<1b>[0m
test_confrontation.R.......... 17 tests <1b>[0;32mOK<1b>[0m
test_confrontation.R.......... 17 tests <1b>[0;32mOK<1b>[0m
test_confrontation.R.......... 18 tests <1b>[0;32mOK<1b>[0m
test_confrontation.R.......... 19 tests <1b>[0;32mOK<1b>[0m
test_confrontation.R.......... 19 tests <1b>[0;32mOK<1b>[0m
test_confrontation.R.......... 19 tests <1b>[0;32mOK<1b>[0m
test_confrontation.R.......... 20 tests <1b>[0;32mOK<1b>[0m
test_confrontation.R.......... 20 tests <1b>[0;32mOK<1b>[0m
test_confrontation.R.......... 20 tests <1b>[0;32mOK<1b>[0m
test_confrontation.R.......... 21 tests <1b>[0;32mOK<1b>[0m
test_confrontation.R.......... 22 tests <1b>[0;32mOK<1b>[0m
test_confrontation.R.......... 23 tests <1b>[0;32mOK<1b>[0m
test_confrontation.R.......... 24 tests <1b>[0;32mOK<1b>[0m
test_confrontation.R.......... 25 tests <1b>[0;32mOK<1b>[0m
test_confrontation.R.......... 25 tests <1b>[0;32mOK<1b>[0m
test_confrontation.R.......... 26 tests <1b>[0;32mOK<1b>[0m
test_confrontation.R.......... 26 tests <1b>[0;32mOK<1b>[0m
test_confrontation.R.......... 26 tests <1b>[0;32mOK<1b>[0m
test_confrontation.R.......... 27 tests <1b>[0;32mOK<1b>[0m
test_confrontation.R.......... 28 tests <1b>[0;32mOK<1b>[0m
test_confrontation.R.......... 29 tests <1b>[0;32mOK<1b>[0m
test_confrontation.R.......... 29 tests <1b>[0;32mOK<1b>[0m
test_confrontation.R.......... 29 tests <1b>[0;32mOK<1b>[0m
test_confrontation.R.......... 29 tests <1b>[0;32mOK<1b>[0m
test_confrontation.R.......... 29 tests <1b>[0;32mOK<1b>[0m
test_confrontation.R.......... 29 tests <1b>[0;32mOK<1b>[0m
test_confrontation.R.......... 29 tests <1b>[0;32mOK<1b>[0m
test_confrontation.R.......... 29 tests <1b>[0;32mOK<1b>[0m
test_confrontation.R.......... 30 tests <1b>[0;32mOK<1b>[0m
test_confrontation.R.......... 31 tests <1b>[0;32mOK<1b>[0m
test_confrontation.R.......... 31 tests <1b>[0;32mOK<1b>[0m
test_confrontation.R.......... 32 tests <1b>[0;32mOK<1b>[0m
test_confrontation.R.......... 33 tests <1b>[0;32mOK<1b>[0m
test_confrontation.R.......... 34 tests <1b>[0;32mOK<1b>[0m
test_confrontation.R.......... 34 tests <1b>[0;32mOK<1b>[0m
test_confrontation.R.......... 34 tests <1b>[0;32mOK<1b>[0m
test_confrontation.R.......... 34 tests <1b>[0;32mOK<1b>[0m
test_confrontation.R.......... 34 tests <1b>[0;32mOK<1b>[0m
test_confrontation.R.......... 35 tests <1b>[0;32mOK<1b>[0m
test_confrontation.R.......... 35 tests <1b>[0;32mOK<1b>[0m
test_confrontation.R.......... 36 tests <1b>[0;32mOK<1b>[0m
test_confrontation.R.......... 36 tests <1b>[0;32mOK<1b>[0m
test_confrontation.R.......... 37 tests <1b>[0;32mOK<1b>[0m
test_confrontation.R.......... 37 tests <1b>[0;32mOK<1b>[0m
test_confrontation.R.......... 38 tests <1b>[0;32mOK<1b>[0m
test_confrontation.R.......... 38 tests <1b>[0;32mOK<1b>[0m
test_confrontation.R.......... 38 tests <1b>[0;32mOK<1b>[0m
test_confrontation.R.......... 39 tests <1b>[0;32mOK<1b>[0m
test_confrontation.R.......... 39 tests <1b>[0;32mOK<1b>[0m
test_confrontation.R.......... 39 tests <1b>[0;32mOK<1b>[0m
test_confrontation.R.......... 40 tests <1b>[0;32mOK<1b>[0m
test_confrontation.R.......... 41 tests <1b>[0;32mOK<1b>[0m
test_confrontation.R.......... 41 tests <1b>[0;32mOK<1b>[0m
test_confrontation.R.......... 42 tests <1b>[0;32mOK<1b>[0m
test_confrontation.R.......... 43 tests <1b>[0;32mOK<1b>[0m
test_confrontation.R.......... 43 tests <1b>[0;32mOK<1b>[0m
test_confrontation.R.......... 43 tests <1b>[0;32mOK<1b>[0m
test_confrontation.R.......... 44 tests <1b>[0;32mOK<1b>[0m
test_confrontation.R.......... 45 tests <1b>[0;32mOK<1b>[0m
test_confrontation.R.......... 45 tests <1b>[0;32mOK<1b>[0m
test_confrontation.R.......... 45 tests <1b>[0;32mOK<1b>[0m
test_confrontation.R.......... 46 tests <1b>[0;32mOK<1b>[0m
test_confrontation.R.......... 46 tests <1b>[0;32mOK<1b>[0m
test_confrontation.R.......... 46 tests <1b>[0;32mOK<1b>[0m
test_confrontation.R.......... 47 tests <1b>[0;32mOK<1b>[0m
test_confrontation.R.......... 47 tests <1b>[0;32mOK<1b>[0m
test_confrontation.R.......... 47 tests <1b>[0;32mOK<1b>[0m
test_confrontation.R.......... 47 tests <1b>[0;32mOK<1b>[0m
test_confrontation.R.......... 47 tests <1b>[0;32mOK<1b>[0m
test_confrontation.R.......... 48 tests <1b>[0;32mOK<1b>[0m
test_confrontation.R.......... 49 tests <1b>[0;32mOK<1b>[0m
test_confrontation.R.......... 50 tests <1b>[0;32mOK<1b>[0m
test_confrontation.R.......... 50 tests <1b>[0;32mOK<1b>[0m
test_confrontation.R.......... 51 tests <1b>[0;32mOK<1b>[0m
test_confrontation.R.......... 52 tests <1b>[0;32mOK<1b>[0m
test_confrontation.R.......... 53 tests <1b>[0;32mOK<1b>[0m
test_confrontation.R.......... 54 tests <1b>[0;32mOK<1b>[0m
test_confrontation.R.......... 55 tests <1b>[0;32mOK<1b>[0m
test_confrontation.R.......... 55 tests <1b>[0;32mOK<1b>[0m
test_confrontation.R.......... 56 tests <1b>[0;32mOK<1b>[0m
test_confrontation.R.......... 57 tests <1b>[0;32mOK<1b>[0m
test_confrontation.R.......... 57 tests <1b>[0;32mOK<1b>[0m
test_confrontation.R.......... 57 tests <1b>[0;32mOK<1b>[0m
test_confrontation.R.......... 58 tests <1b>[0;32mOK<1b>[0m
test_confrontation.R.......... 58 tests <1b>[0;32mOK<1b>[0m
test_confrontation.R.......... 59 tests <1b>[0;32mOK<1b>[0m
test_confrontation.R.......... 59 tests <1b>[0;32mOK<1b>[0m
test_confrontation.R.......... 60 tests <1b>[0;32mOK<1b>[0m <1b>[0;34m1.0s<1b>[0m
test_genericrules.R........... 1 tests <1b>[0;32mOK<1b>[0m
test_genericrules.R........... 2 tests <1b>[0;32mOK<1b>[0m
test_genericrules.R........... 3 tests <1b>[0;32mOK<1b>[0m
test_genericrules.R........... 4 tests <1b>[0;32mOK<1b>[0m
test_genericrules.R........... 5 tests <1b>[0;32mOK<1b>[0m
test_genericrules.R........... 6 tests <1b>[0;32mOK<1b>[0m
test_genericrules.R........... 7 tests <1b>[0;32mOK<1b>[0m
test_genericrules.R........... 8 tests <1b>[0;32mOK<1b>[0m
test_genericrules.R........... 9 tests <1b>[0;32mOK<1b>[0m
test_genericrules.R........... 10 tests <1b>[0;32mOK<1b>[0m
test_genericrules.R........... 11 tests <1b>[0;32mOK<1b>[0m
test_genericrules.R........... 12 tests <1b>[0;32mOK<1b>[0m
test_genericrules.R........... 13 tests <1b>[0;32mOK<1b>[0m
test_genericrules.R........... 14 tests <1b>[0;32mOK<1b>[0m
test_genericrules.R........... 15 tests <1b>[0;32mOK<1b>[0m
test_genericrules.R........... 16 tests <1b>[0;32mOK<1b>[0m
test_genericrules.R........... 17 tests <1b>[0;32mOK<1b>[0m
test_genericrules.R........... 18 tests <1b>[0;32mOK<1b>[0m
test_genericrules.R........... 19 tests <1b>[0;32mOK<1b>[0m
test_genericrules.R........... 20 tests <1b>[0;32mOK<1b>[0m
test_genericrules.R........... 21 tests <1b>[0;32mOK<1b>[0m
test_genericrules.R........... 22 tests <1b>[0;32mOK<1b>[0m
test_genericrules.R........... 23 tests <1b>[0;32mOK<1b>[0m
test_genericrules.R........... 24 tests <1b>[0;32mOK<1b>[0m
test_genericrules.R........... 25 tests <1b>[0;32mOK<1b>[0m
test_genericrules.R........... 26 tests <1b>[0;32mOK<1b>[0m
test_genericrules.R........... 27 tests <1b>[0;32mOK<1b>[0m
test_genericrules.R........... 27 tests <1b>[0;32mOK<1b>[0m
test_genericrules.R........... 27 tests <1b>[0;32mOK<1b>[0m
test_genericrules.R........... 28 tests <1b>[0;32mOK<1b>[0m
test_genericrules.R........... 28 tests <1b>[0;32mOK<1b>[0m
test_genericrules.R........... 29 tests <1b>[0;32mOK<1b>[0m
test_genericrules.R........... 30 tests <1b>[0;32mOK<1b>[0m
test_genericrules.R........... 31 tests <1b>[0;32mOK<1b>[0m
test_genericrules.R........... 32 tests <1b>[0;32mOK<1b>[0m
test_genericrules.R........... 33 tests <1b>[0;32mOK<1b>[0m
test_genericrules.R........... 34 tests <1b>[0;32mOK<1b>[0m
test_genericrules.R........... 34 tests <1b>[0;32mOK<1b>[0m
test_genericrules.R........... 34 tests <1b>[0;32mOK<1b>[0m
test_genericrules.R........... 35 tests <1b>[0;32mOK<1b>[0m
test_genericrules.R........... 35 tests <1b>[0;32mOK<1b>[0m
test_genericrules.R........... 36 tests <1b>[0;32mOK<1b>[0m
test_genericrules.R........... 36 tests <1b>[0;32mOK<1b>[0m
test_genericrules.R........... 36 tests <1b>[0;32mOK<1b>[0m
test_genericrules.R........... 36 tests <1b>[0;32mOK<1b>[0m
test_genericrules.R........... 36 tests <1b>[0;32mOK<1b>[0m
test_genericrules.R........... 37 tests <1b>[0;32mOK<1b>[0m
test_genericrules.R........... 37 tests <1b>[0;32mOK<1b>[0m
test_genericrules.R........... 38 tests <1b>[0;32mOK<1b>[0m
test_genericrules.R........... 39 tests <1b>[0;32mOK<1b>[0m
test_genericrules.R........... 40 tests <1b>[0;32mOK<1b>[0m
test_genericrules.R........... 40 tests <1b>[0;32mOK<1b>[0m
test_genericrules.R........... 40 tests <1b>[0;32mOK<1b>[0m
test_genericrules.R........... 41 tests <1b>[0;32mOK<1b>[0m
test_genericrules.R........... 41 tests <1b>[0;32mOK<1b>[0m
test_genericrules.R........... 42 tests <1b>[0;32mOK<1b>[0m
test_genericrules.R........... 43 tests <1b>[0;32mOK<1b>[0m
test_genericrules.R........... 44 tests <1b>[0;32mOK<1b>[0m
test_genericrules.R........... 45 tests <1b>[0;32mOK<1b>[0m
test_genericrules.R........... 46 tests <1b>[0;32mOK<1b>[0m
test_genericrules.R........... 47 tests <1b>[0;32mOK<1b>[0m
test_genericrules.R........... 48 tests <1b>[0;32mOK<1b>[0m
test_genericrules.R........... 49 tests <1b>[0;32mOK<1b>[0m
test_genericrules.R........... 50 tests <1b>[0;32mOK<1b>[0m
test_genericrules.R........... 51 tests <1b>[0;32mOK<1b>[0m
test_genericrules.R........... 52 tests <1b>[0;32mOK<1b>[0m
test_genericrules.R........... 53 tests <1b>[0;32mOK<1b>[0m
test_genericrules.R........... 54 tests <1b>[0;32mOK<1b>[0m
test_genericrules.R........... 55 tests <1b>[0;32mOK<1b>[0m
test_genericrules.R........... 56 tests <1b>[0;32mOK<1b>[0m
test_genericrules.R........... 57 tests <1b>[0;32mOK<1b>[0m
test_genericrules.R........... 58 tests <1b>[0;32mOK<1b>[0m
test_genericrules.R........... 59 tests <1b>[0;32mOK<1b>[0m
test_genericrules.R........... 60 tests <1b>[0;32mOK<1b>[0m
test_genericrules.R........... 61 tests <1b>[0;32mOK<1b>[0m
test_genericrules.R........... 62 tests <1b>[0;32mOK<1b>[0m
test_genericrules.R........... 63 tests <1b>[0;32mOK<1b>[0m
test_genericrules.R........... 64 tests <1b>[0;32mOK<1b>[0m
test_genericrules.R........... 64 tests <1b>[0;32mOK<1b>[0m
test_genericrules.R........... 64 tests <1b>[0;32mOK<1b>[0m
test_genericrules.R........... 65 tests <1b>[0;32mOK<1b>[0m
test_genericrules.R........... 65 tests <1b>[0;32mOK<1b>[0m
test_genericrules.R........... 65 tests <1b>[0;32mOK<1b>[0m
test_genericrules.R........... 65 tests <1b>[0;32mOK<1b>[0m
test_genericrules.R........... 65 tests <1b>[0;32mOK<1b>[0m
test_genericrules.R........... 65 tests <1b>[0;32mOK<1b>[0m
test_genericrules.R........... 66 tests <1b>[0;32mOK<1b>[0m
test_genericrules.R........... 66 tests <1b>[0;32mOK<1b>[0m
test_genericrules.R........... 66 tests <1b>[0;32mOK<1b>[0m
test_genericrules.R........... 66 tests <1b>[0;32mOK<1b>[0m
test_genericrules.R........... 67 tests <1b>[0;32mOK<1b>[0m
test_genericrules.R........... 68 tests <1b>[0;32mOK<1b>[0m
test_genericrules.R........... 68 tests <1b>[0;32mOK<1b>[0m
test_genericrules.R........... 68 tests <1b>[0;32mOK<1b>[0m
test_genericrules.R........... 69 tests <1b>[0;32mOK<1b>[0m
test_genericrules.R........... 70 tests <1b>[0;32mOK<1b>[0m
test_genericrules.R........... 70 tests <1b>[0;32mOK<1b>[0m
test_genericrules.R........... 71 tests <1b>[0;32mOK<1b>[0m
test_genericrules.R........... 72 tests <1b>[0;32mOK<1b>[0m
test_genericrules.R........... 72 tests <1b>[0;32mOK<1b>[0m
test_genericrules.R........... 73 tests <1b>[0;32mOK<1b>[0m
test_genericrules.R........... 73 tests <1b>[0;32mOK<1b>[0m
test_genericrules.R........... 73 tests <1b>[0;32mOK<1b>[0m
test_genericrules.R........... 74 tests <1b>[0;32mOK<1b>[0m
test_genericrules.R........... 74 tests <1b>[0;32mOK<1b>[0m
test_genericrules.R........... 76 tests <1b>[0;32mOK<1b>[0m
test_genericrules.R........... 76 tests <1b>[0;32mOK<1b>[0m
test_genericrules.R........... 76 tests <1b>[0;32mOK<1b>[0m
test_genericrules.R........... 76 tests <1b>[0;32mOK<1b>[0m
test_genericrules.R........... 76 tests <1b>[0;32mOK<1b>[0m
test_genericrules.R........... 76 tests <1b>[0;32mOK<1b>[0m
test_genericrules.R........... 77 tests <1b>[0;32mOK<1b>[0m
test_genericrules.R........... 77 tests <1b>[0;32mOK<1b>[0m
test_genericrules.R........... 77 tests <1b>[0;32mOK<1b>[0m
test_genericrules.R........... 77 tests <1b>[0;32mOK<1b>[0m
test_genericrules.R........... 78 tests <1b>[0;32mOK<1b>[0m
test_genericrules.R........... 79 tests <1b>[0;32mOK<1b>[0m
test_genericrules.R........... 80 tests <1b>[0;32mOK<1b>[0m
test_genericrules.R........... 80 tests <1b>[0;32mOK<1b>[0m
test_genericrules.R........... 80 tests <1b>[0;32mOK<1b>[0m
test_genericrules.R........... 81 tests <1b>[0;32mOK<1b>[0m
test_genericrules.R........... 81 tests <1b>[0;32mOK<1b>[0m
test_genericrules.R........... 82 tests <1b>[0;32mOK<1b>[0m
test_genericrules.R........... 83 tests <1b>[0;32mOK<1b>[0m <1b>[0;34m0.5s<1b>[0m
test_gh_issue_091.R........... 0 tests
test_gh_issue_091.R........... 0 tests
test_gh_issue_091.R........... 0 tests
test_gh_issue_091.R........... 1 tests <1b>[0;32mOK<1b>[0m
test_gh_issue_091.R........... 2 tests <1b>[0;32mOK<1b>[0m <1b>[0;34m0.3s<1b>[0m
test_gh_issue_092.R........... 0 tests
test_gh_issue_092.R........... 1 tests <1b>[0;32mOK<1b>[0m
test_gh_issue_092.R........... 2 tests <1b>[0;32mOK<1b>[0m <1b>[0;36m27ms<1b>[0m
test_gh_issue_098.R........... 0 tests
test_gh_issue_098.R........... 0 tests
test_gh_issue_098.R........... 1 tests <1b>[0;32mOK<1b>[0m
test_gh_issue_098.R........... 2 tests <1b>[0;32mOK<1b>[0m <1b>[0;36m23ms<1b>[0m
test_gh_issue_109.R........... 0 tests
test_gh_issue_109.R........... 0 tests
test_gh_issue_109.R........... 1 tests <1b>[0;32mOK<1b>[0m <1b>[0;36m12ms<1b>[0m
test_gh_issue_112.R........... 1 tests <1b>[0;32mOK<1b>[0m <1b>[0;36m33ms<1b>[0m
test_gh_issue_116.R........... 0 tests
test_gh_issue_116.R........... 0 tests
test_gh_issue_116.R........... 0 tests
test_gh_issue_116.R........... 0 tests
test_gh_issue_116.R........... 1 tests <1b>[0;32mOK<1b>[0m <1b>[0;36m38ms<1b>[0m
test_gh_issue_128.R........... 1 tests <1b>[0;32mOK<1b>[0m
test_gh_issue_128.R........... 1 tests <1b>[0;32mOK<1b>[0m
test_gh_issue_128.R........... 1 tests <1b>[0;32mOK<1b>[0m
test_gh_issue_128.R........... 1 tests <1b>[0;32mOK<1b>[0m
test_gh_issue_128.R........... 2 tests <1b>[0;32mOK<1b>[0m
test_gh_issue_128.R........... 3 tests <1b>[0;32mOK<1b>[0m <1b>[0;36m61ms<1b>[0m
test_gh_issue_148.R........... 0 tests
test_gh_issue_148.R........... 1 tests <1b>[0;32mOK<1b>[0m <1b>[0;36m26ms<1b>[0m
test_gh_issue_149.R........... 0 tests
test_gh_issue_149.R........... 0 tests
test_gh_issue_149.R........... 0 tests
test_gh_issue_149.R........... 1 tests <1b>[0;32mOK<1b>[0m <1b>[0;36m21ms<1b>[0m
test_gh_issue_151.R........... 0 tests
test_gh_issue_151.R........... 0 tests
test_gh_issue_151.R........... 0 tests
test_gh_issue_151.R........... 1 tests <1b>[0;32mOK<1b>[0m <1b>[0;36m21ms<1b>[0m
test_indicator.R.............. 0 tests
test_indicator.R.............. 0 tests
test_indicator.R.............. 1 tests <1b>[0;32mOK<1b>[0m
test_indicator.R.............. 1 tests <1b>[0;32mOK<1b>[0m
test_indicator.R.............. 1 tests <1b>[0;32mOK<1b>[0m
test_indicator.R.............. 2 tests <1b>[0;32mOK<1b>[0m
test_indicator.R.............. 3 tests <1b>[0;32mOK<1b>[0m
test_indicator.R.............. 3 tests <1b>[0;32mOK<1b>[0m
test_indicator.R.............. 4 tests <1b>[0;32mOK<1b>[0m
test_indicator.R.............. 4 tests <1b>[0;32mOK<1b>[0m
test_indicator.R.............. 4 tests <1b>[0;32mOK<1b>[0m
test_indicator.R.............. 5 tests <1b>[0;32mOK<1b>[0m
test_indicator.R.............. 6 tests <1b>[0;32mOK<1b>[0m
test_indicator.R.............. 6 tests <1b>[0;32mOK<1b>[0m
test_indicator.R.............. 6 tests <1b>[0;32mOK<1b>[0m
test_indicator.R.............. 7 tests <1b>[0;32mOK<1b>[0m <1b>[0;36m64ms<1b>[0m
test_linear_coefficients.R.... 0 tests
test_linear_coefficients.R.... 1 tests <1b>[0;32mOK<1b>[0m
test_linear_coefficients.R.... 2 tests <1b>[0;32mOK<1b>[0m
test_linear_coefficients.R.... 2 tests <1b>[0;32mOK<1b>[0m
test_linear_coefficients.R.... 3 tests <1b>[0;32mOK<1b>[0m
test_linear_coefficients.R.... 4 tests <1b>[0;32mOK<1b>[0m
test_linear_coefficients.R.... 4 tests <1b>[0;32mOK<1b>[0m
test_linear_coefficients.R.... 5 tests <1b>[0;32mOK<1b>[0m
test_linear_coefficients.R.... 6 tests <1b>[0;32mOK<1b>[0m
test_linear_coefficients.R.... 6 tests <1b>[0;32mOK<1b>[0m
test_linear_coefficients.R.... 7 tests <1b>[0;32mOK<1b>[0m
test_linear_coefficients.R.... 8 tests <1b>[0;32mOK<1b>[0m
test_linear_coefficients.R.... 8 tests <1b>[0;32mOK<1b>[0m
test_linear_coefficients.R.... 9 tests <1b>[0;32mOK<1b>[0m
test_linear_coefficients.R.... 10 tests <1b>[0;32mOK<1b>[0m
test_linear_coefficients.R.... 15 tests <1b>[0;32mOK<1b>[0m
test_linear_coefficients.R.... 16 tests <1b>[0;32mOK<1b>[0m
test_linear_coefficients.R.... 17 tests <1b>[0;32mOK<1b>[0m
test_linear_coefficients.R.... 17 tests <1b>[0;32mOK<1b>[0m
test_linear_coefficients.R.... 18 tests <1b>[0;32mOK<1b>[0m
test_linear_coefficients.R.... 19 tests <1b>[0;32mOK<1b>[0m <1b>[0;36m90ms<1b>[0m
test_lumberjack.R............. 0 tests
test_lumberjack.R............. 0 tests
test_lumberjack.R............. 0 tests
test_lumberjack.R............. 0 tests
test_lumberjack.R............. 0 tests
test_lumberjack.R............. 0 tests
test_lumberjack.R............. 0 tests
test_lumberjack.R............. 1 tests <1b>[0;32mOK<1b>[0m
test_lumberjack.R............. 1 tests <1b>[0;32mOK<1b>[0m
test_lumberjack.R............. 2 tests <1b>[0;32mOK<1b>[0m
test_lumberjack.R............. 3 tests <1b>[0;32mOK<1b>[0m
test_lumberjack.R............. 4 tests <1b>[0;32mOK<1b>[0m
test_lumberjack.R............. 4 tests <1b>[0;32mOK<1b>[0m
test_lumberjack.R............. 4 tests <1b>[0;32mOK<1b>[0m
test_lumberjack.R............. 4 tests <1b>[0;32mOK<1b>[0m
test_lumberjack.R............. 4 tests <1b>[0;32mOK<1b>[0m
test_lumberjack.R............. 4 tests <1b>[0;32mOK<1b>[0m
test_lumberjack.R............. 4 tests <1b>[0;32mOK<1b>[0m
test_lumberjack.R............. 4 tests <1b>[0;32mOK<1b>[0m
test_lumberjack.R............. 5 tests <1b>[0;32mOK<1b>[0m
test_lumberjack.R............. 5 tests <1b>[0;32mOK<1b>[0m
test_lumberjack.R............. 6 tests <1b>[0;32mOK<1b>[0m
test_lumberjack.R............. 7 tests <1b>[0;32mOK<1b>[0m
test_lumberjack.R............. 8 tests <1b>[0;32mOK<1b>[0m <1b>[0;34m0.2s<1b>[0m
test_methods.R................ 0 tests
test_methods.R................ 1 tests <1b>[0;32mOK<1b>[0m
test_methods.R................ 2 tests <1b>[0;32mOK<1b>[0m
test_methods.R................ 3 tests <1b>[0;32mOK<1b>[0m
test_methods.R................ 4 tests <1b>[0;32mOK<1b>[0m
test_methods.R................ 5 tests <1b>[0;32mOK<1b>[0m
test_methods.R................ 6 tests <1b>[0;32mOK<1b>[0m
test_methods.R................ 7 tests <1b>[0;32mOK<1b>[0m
test_methods.R................ 8 tests <1b>[0;32mOK<1b>[0m
test_methods.R................ 9 tests <1b>[0;32mOK<1b>[0m
test_methods.R................ 9 tests <1b>[0;32mOK<1b>[0m
test_methods.R................ 10 tests <1b>[0;32mOK<1b>[0m
test_methods.R................ 11 tests <1b>[0;32mOK<1b>[0m
test_methods.R................ 12 tests <1b>[0;32mOK<1b>[0m
test_methods.R................ 13 tests <1b>[0;32mOK<1b>[0m
test_methods.R................ 14 tests <1b>[0;32mOK<1b>[0m
test_methods.R................ 15 tests <1b>[0;32mOK<1b>[0m
test_methods.R................ 16 tests <1b>[0;32mOK<1b>[0m
test_methods.R................ 17 tests <1b>[0;32mOK<1b>[0m
test_methods.R................ 17 tests <1b>[0;32mOK<1b>[0m
test_methods.R................ 18 tests <1b>[0;32mOK<1b>[0m
test_methods.R................ 19 tests <1b>[0;32mOK<1b>[0m
test_methods.R................ 19 tests <1b>[0;32mOK<1b>[0m
test_methods.R................ 20 tests <1b>[0;32mOK<1b>[0m
test_methods.R................ 20 tests <1b>[0;32mOK<1b>[0m
test_methods.R................ 21 tests <1b>[0;32mOK<1b>[0m
test_methods.R................ 21 tests <1b>[0;32mOK<1b>[0m
test_methods.R................ 21 tests <1b>[0;32mOK<1b>[0m
test_methods.R................ 22 tests <1b>[0;32mOK<1b>[0m
test_methods.R................ 22 tests <1b>[0;32mOK<1b>[0m
test_methods.R................ 23 tests <1b>[0;32mOK<1b>[0m
test_methods.R................ 23 tests <1b>[0;32mOK<1b>[0m
test_methods.R................ 24 tests <1b>[0;32mOK<1b>[0m
test_methods.R................ 24 tests <1b>[0;32mOK<1b>[0m
test_methods.R................ 25 tests <1b>[0;32mOK<1b>[0m
test_methods.R................ 26 tests <1b>[0;32mOK<1b>[0m
test_methods.R................ 26 tests <1b>[0;32mOK<1b>[0m
test_methods.R................ 27 tests <1b>[0;32mOK<1b>[0m
test_methods.R................ 28 tests <1b>[0;32mOK<1b>[0m
test_methods.R................ 29 tests <1b>[0;32mOK<1b>[0m
test_methods.R................ 30 tests <1b>[0;32mOK<1b>[0m
test_methods.R................ 30 tests <1b>[0;32mOK<1b>[0m
test_methods.R................ 31 tests <1b>[0;32mOK<1b>[0m
test_methods.R................ 31 tests <1b>[0;32mOK<1b>[0m
test_methods.R................ 32 tests <1b>[0;32mOK<1b>[0m
test_methods.R................ 32 tests <1b>[0;32mOK<1b>[0m
test_methods.R................ 32 tests <1b>[0;32mOK<1b>[0m
test_methods.R................ 32 tests <1b>[0;32mOK<1b>[0m
test_methods.R................ 33 tests <1b>[0;32mOK<1b>[0m
test_methods.R................ 33 tests <1b>[0;32mOK<1b>[0m
test_methods.R................ 34 tests <1b>[0;32mOK<1b>[0m <1b>[0;34m0.4s<1b>[0m
test_options.R................ 0 tests
test_options.R................ 0 tests
test_options.R................ 1 tests <1b>[0;32mOK<1b>[0m
test_options.R................ 1 tests <1b>[0;32mOK<1b>[0m
test_options.R................ 2 tests <1b>[0;32mOK<1b>[0m
test_options.R................ 2 tests <1b>[0;32mOK<1b>[0m
test_options.R................ 2 tests <1b>[0;32mOK<1b>[0m
test_options.R................ 2 tests <1b>[0;32mOK<1b>[0m
test_options.R................ 3 tests <1b>[0;32mOK<1b>[0m
test_options.R................ 4 tests <1b>[0;32mOK<1b>[0m
test_options.R................ 5 tests <1b>[0;32mOK<1b>[0m
test_options.R................ 5 tests <1b>[0;32mOK<1b>[0m
test_options.R................ 6 tests <1b>[0;32mOK<1b>[0m
test_options.R................ 7 tests <1b>[0;32mOK<1b>[0m
test_options.R................ 8 tests <1b>[0;32mOK<1b>[0m <1b>[0;36m31ms<1b>[0m
test_parse.R.................. 1 tests <1b>[0;32mOK<1b>[0m
test_parse.R.................. 2 tests <1b>[0;32mOK<1b>[0m
test_parse.R.................. 3 tests <1b>[0;32mOK<1b>[0m
test_parse.R.................. 4 tests <1b>[0;32mOK<1b>[0m
test_parse.R.................. 5 tests <1b>[0;32mOK<1b>[0m
test_parse.R.................. 6 tests <1b>[0;32mOK<1b>[0m
test_parse.R.................. 7 tests <1b>[0;32mOK<1b>[0m
test_parse.R.................. 8 tests <1b>[0;32mOK<1b>[0m
test_parse.R.................. 9 tests <1b>[0;32mOK<1b>[0m
test_parse.R.................. 10 tests <1b>[0;32mOK<1b>[0m
test_parse.R.................. 11 tests <1b>[0;32mOK<1b>[0m
test_parse.R.................. 12 tests <1b>[0;32mOK<1b>[0m
test_parse.R.................. 13 tests <1b>[0;32mOK<1b>[0m
test_parse.R.................. 13 tests <1b>[0;32mOK<1b>[0m
test_parse.R.................. 13 tests <1b>[0;32mOK<1b>[0m
test_parse.R.................. 14 tests <1b>[0;32mOK<1b>[0m
test_parse.R.................. 15 tests <1b>[0;32mOK<1b>[0m
test_parse.R.................. 16 tests <1b>[0;32mOK<1b>[0m
test_parse.R.................. 17 tests <1b>[0;32mOK<1b>[0m
test_parse.R.................. 18 tests <1b>[0;32mOK<1b>[0m
test_parse.R.................. 19 tests <1b>[0;32mOK<1b>[0m
test_parse.R.................. 20 tests <1b>[0;32mOK<1b>[0m
test_parse.R.................. 21 tests <1b>[0;32mOK<1b>[0m
test_parse.R.................. 22 tests <1b>[0;32mOK<1b>[0m
test_parse.R.................. 22 tests <1b>[0;32mOK<1b>[0m
test_parse.R.................. 22 tests <1b>[0;32mOK<1b>[0m
test_parse.R.................. 23 tests <1b>[0;32mOK<1b>[0m
test_parse.R.................. 23 tests <1b>[0;32mOK<1b>[0m
test_parse.R.................. 24 tests <1b>[0;32mOK<1b>[0m
test_parse.R.................. 25 tests <1b>[0;32mOK<1b>[0m
test_parse.R.................. 25 tests <1b>[0;32mOK<1b>[0m
test_parse.R.................. 26 tests <1b>[0;32mOK<1b>[0m
test_parse.R.................. 27 tests <1b>[0;32mOK<1b>[0m
test_parse.R.................. 27 tests <1b>[0;32mOK<1b>[0m
test_parse.R.................. 28 tests <1b>[0;32mOK<1b>[0m
test_parse.R.................. 29 tests <1b>[0;32mOK<1b>[0m
test_parse.R.................. 29 tests <1b>[0;32mOK<1b>[0m
test_parse.R.................. 30 tests <1b>[0;32mOK<1b>[0m
test_parse.R.................. 31 tests <1b>[0;32mOK<1b>[0m
test_parse.R.................. 32 tests <1b>[0;32mOK<1b>[0m
test_parse.R.................. 32 tests <1b>[0;32mOK<1b>[0m
test_parse.R.................. 33 tests <1b>[0;32mOK<1b>[0m
test_parse.R.................. 34 tests <1b>[0;32mOK<1b>[0m
test_parse.R.................. 35 tests <1b>[0;32mOK<1b>[0m
test_parse.R.................. 36 tests <1b>[0;32mOK<1b>[0m
test_parse.R.................. 37 tests <1b>[0;32mOK<1b>[0m
test_parse.R.................. 38 tests <1b>[0;32mOK<1b>[0m
test_parse.R.................. 39 tests <1b>[0;32mOK<1b>[0m
test_parse.R.................. 40 tests <1b>[0;32mOK<1b>[0m
test_parse.R.................. 41 tests <1b>[0;32mOK<1b>[0m
test_parse.R.................. 42 tests <1b>[0;32mOK<1b>[0m
test_parse.R.................. 43 tests <1b>[0;32mOK<1b>[0m
test_parse.R.................. 44 tests <1b>[0;32mOK<1b>[0m
test_parse.R.................. 45 tests <1b>[0;32mOK<1b>[0m
test_parse.R.................. 46 tests <1b>[0;32mOK<1b>[0m
test_parse.R.................. 47 tests <1b>[0;32mOK<1b>[0m
test_parse.R.................. 48 tests <1b>[0;32mOK<1b>[0m
test_parse.R.................. 49 tests <1b>[0;32mOK<1b>[0m
test_parse.R.................. 49 tests <1b>[0;32mOK<1b>[0m
test_parse.R.................. 49 tests <1b>[0;32mOK<1b>[0m
test_parse.R.................. 50 tests <1b>[0;32mOK<1b>[0m
test_parse.R.................. 50 tests <1b>[0;32mOK<1b>[0m
test_parse.R.................. 50 tests <1b>[0;32mOK<1b>[0m
test_parse.R.................. 51 tests <1b>[0;32mOK<1b>[0m
test_parse.R.................. 51 tests <1b>[0;32mOK<1b>[0m
test_parse.R.................. 51 tests <1b>[0;32mOK<1b>[0m
test_parse.R.................. 52 tests <1b>[0;32mOK<1b>[0m
test_parse.R.................. 52 tests <1b>[0;32mOK<1b>[0m
test_parse.R.................. 52 tests <1b>[0;32mOK<1b>[0m
test_parse.R.................. 53 tests <1b>[0;32mOK<1b>[0m
test_parse.R.................. 53 tests <1b>[0;32mOK<1b>[0m
test_parse.R.................. 53 tests <1b>[0;32mOK<1b>[0m
test_parse.R.................. 54 tests <1b>[0;32mOK<1b>[0m
test_parse.R.................. 54 tests <1b>[0;32mOK<1b>[0m
test_parse.R.................. 54 tests <1b>[0;32mOK<1b>[0m
test_parse.R.................. 55 tests <1b>[0;32mOK<1b>[0m
test_parse.R.................. 55 tests <1b>[0;32mOK<1b>[0m
test_parse.R.................. 55 tests <1b>[0;32mOK<1b>[0m
test_parse.R.................. 55 tests <1b>[0;32mOK<1b>[0m
test_parse.R.................. 56 tests <1b>[0;32mOK<1b>[0m
test_parse.R.................. 56 tests <1b>[0;32mOK<1b>[0m
test_parse.R.................. 57 tests <1b>[0;32mOK<1b>[0m
test_parse.R.................. 57 tests <1b>[0;32mOK<1b>[0m
test_parse.R.................. 58 tests <1b>[0;32mOK<1b>[0m
test_parse.R.................. 58 tests <1b>[0;32mOK<1b>[0m
test_parse.R.................. 59 tests <1b>[0;32mOK<1b>[0m
test_parse.R.................. 59 tests <1b>[0;32mOK<1b>[0m
test_parse.R.................. 60 tests <1b>[0;32mOK<1b>[0m
test_parse.R.................. 60 tests <1b>[0;32mOK<1b>[0m
test_parse.R.................. 60 tests <1b>[0;32mOK<1b>[0m
test_parse.R.................. 61 tests <1b>[0;32mOK<1b>[0m
test_parse.R.................. 61 tests <1b>[0;32mOK<1b>[0m
test_parse.R.................. 62 tests <1b>[0;32mOK<1b>[0m
test_parse.R.................. 62 tests <1b>[0;32mOK<1b>[0m
test_parse.R.................. 63 tests <1b>[0;32mOK<1b>[0m
test_parse.R.................. 63 tests <1b>[0;32mOK<1b>[0m
test_parse.R.................. 64 tests <1b>[0;32mOK<1b>[0m
test_parse.R.................. 64 tests <1b>[0;32mOK<1b>[0m
test_parse.R.................. 65 tests <1b>[0;32mOK<1b>[0m
test_parse.R.................. 65 tests <1b>[0;32mOK<1b>[0m
test_parse.R.................. 65 tests <1b>[0;32mOK<1b>[0m
test_parse.R.................. 65 tests <1b>[0;32mOK<1b>[0m
test_parse.R.................. 66 tests <1b>[0;32mOK<1b>[0m
test_parse.R.................. 66 tests <1b>[0;32mOK<1b>[0m
test_parse.R.................. 66 tests <1b>[0;32mOK<1b>[0m
test_parse.R.................. 67 tests <1b>[0;32mOK<1b>[0m
test_parse.R.................. 67 tests <1b>[0;32mOK<1b>[0m
test_parse.R.................. 67 tests <1b>[0;32mOK<1b>[0m
test_parse.R.................. 68 tests <1b>[0;32mOK<1b>[0m <1b>[0;34m0.3s<1b>[0m
test_poc.R.................... 0 tests
test_poc.R.................... 0 tests
test_poc.R.................... 1 tests <1b>[0;32mOK<1b>[0m
test_poc.R.................... 1 tests <1b>[0;32mOK<1b>[0m
test_poc.R.................... 1 tests <1b>[0;32mOK<1b>[0m
test_poc.R.................... 2 tests <1b>[0;32mOK<1b>[0m
test_poc.R.................... 2 tests <1b>[0;32mOK<1b>[0m
test_poc.R.................... 2 tests <1b>[0;32mOK<1b>[0m
test_poc.R.................... 3 tests <1b>[0;32mOK<1b>[0m
test_poc.R.................... 3 tests <1b>[0;32mOK<1b>[0m
test_poc.R.................... 4 tests <1b>[0;32mOK<1b>[0m
test_poc.R.................... 4 tests <1b>[0;32mOK<1b>[0m
test_poc.R.................... 5 tests <1b>[0;32mOK<1b>[0m
test_poc.R.................... 5 tests <1b>[0;32mOK<1b>[0m
test_poc.R.................... 5 tests <1b>[0;32mOK<1b>[0m
test_poc.R.................... 6 tests <1b>[0;32mOK<1b>[0m
test_poc.R.................... 6 tests <1b>[0;32mOK<1b>[0m
test_poc.R.................... 6 tests <1b>[0;32mOK<1b>[0m
test_poc.R.................... 7 tests <1b>[0;32mOK<1b>[0m
test_poc.R.................... 7 tests <1b>[0;32mOK<1b>[0m
test_poc.R.................... 7 tests <1b>[0;32mOK<1b>[0m
test_poc.R.................... 8 tests <1b>[0;32mOK<1b>[0m
test_poc.R.................... 8 tests <1b>[0;32mOK<1b>[0m
test_poc.R.................... 8 tests <1b>[0;32mOK<1b>[0m
test_poc.R.................... 9 tests <1b>[0;32mOK<1b>[0m
test_poc.R.................... 9 tests <1b>[0;32mOK<1b>[0m
test_poc.R.................... 9 tests <1b>[0;32mOK<1b>[0m
test_poc.R.................... 9 tests <1b>[0;32mOK<1b>[0m
test_poc.R.................... 10 tests <1b>[0;32mOK<1b>[0m
test_poc.R.................... 10 tests <1b>[0;32mOK<1b>[0m
test_poc.R.................... 10 tests <1b>[0;32mOK<1b>[0m
test_poc.R.................... 11 tests <1b>[0;32mOK<1b>[0m
test_poc.R.................... 11 tests <1b>[0;32mOK<1b>[0m
test_poc.R.................... 12 tests <1b>[0;32mOK<1b>[0m
test_poc.R.................... 12 tests <1b>[0;32mOK<1b>[0m
test_poc.R.................... 13 tests <1b>[0;32mOK<1b>[0m
test_poc.R.................... 13 tests <1b>[0;32mOK<1b>[0m
test_poc.R.................... 13 tests <1b>[0;32mOK<1b>[0m
test_poc.R.................... 14 tests <1b>[0;32mOK<1b>[0m
test_poc.R.................... 14 tests <1b>[0;32mOK<1b>[0m
test_poc.R.................... 15 tests <1b>[0;32mOK<1b>[0m
test_poc.R.................... 15 tests <1b>[0;32mOK<1b>[0m
test_poc.R.................... 16 tests <1b>[0;32mOK<1b>[0m
test_poc.R.................... 16 tests <1b>[0;32mOK<1b>[0m
test_poc.R.................... 16 tests <1b>[0;32mOK<1b>[0m
test_poc.R.................... 17 tests <1b>[0;32mOK<1b>[0m
test_poc.R.................... 17 tests <1b>[0;32mOK<1b>[0m
test_poc.R.................... 18 tests <1b>[0;32mOK<1b>[0m
test_poc.R.................... 18 tests <1b>[0;32mOK<1b>[0m
test_poc.R.................... 19 tests <1b>[0;32mOK<1b>[0m
test_poc.R.................... 19 tests <1b>[0;32mOK<1b>[0m
test_poc.R.................... 20 tests <1b>[0;32mOK<1b>[0m
test_poc.R.................... 20 tests <1b>[0;32mOK<1b>[0m
test_poc.R.................... 21 tests <1b>[0;32mOK<1b>[0m
test_poc.R.................... 21 tests <1b>[0;32mOK<1b>[0m
test_poc.R.................... 21 tests <1b>[0;32mOK<1b>[0m
test_poc.R.................... 22 tests <1b>[0;32mOK<1b>[0m
test_poc.R.................... 22 tests <1b>[0;32mOK<1b>[0m
test_poc.R.................... 23 tests <1b>[0;32mOK<1b>[0m
test_poc.R.................... 23 tests <1b>[0;32mOK<1b>[0m
test_poc.R.................... 24 tests <1b>[0;32mOK<1b>[0m
test_poc.R.................... 24 tests <1b>[0;32mOK<1b>[0m
test_poc.R.................... 24 tests <1b>[0;32mOK<1b>[0m
test_poc.R.................... 25 tests <1b>[0;32mOK<1b>[0m
test_poc.R.................... 25 tests <1b>[0;32mOK<1b>[0m
test_poc.R.................... 26 tests <1b>[0;32mOK<1b>[0m
test_poc.R.................... 26 tests <1b>[0;32mOK<1b>[0m
test_poc.R.................... 26 tests <1b>[0;32mOK<1b>[0m
test_poc.R.................... 27 tests <1b>[0;32mOK<1b>[0m
test_poc.R.................... 27 tests <1b>[0;32mOK<1b>[0m
test_poc.R.................... 28 tests <1b>[0;32mOK<1b>[0m
test_poc.R.................... 28 tests <1b>[0;32mOK<1b>[0m
test_poc.R.................... 28 tests <1b>[0;32mOK<1b>[0m
test_poc.R.................... 29 tests <1b>[0;32mOK<1b>[0m
test_poc.R.................... 29 tests <1b>[0;32mOK<1b>[0m
test_poc.R.................... 29 tests <1b>[0;32mOK<1b>[0m
test_poc.R.................... 30 tests <1b>[0;32mOK<1b>[0m
test_poc.R.................... 30 tests <1b>[0;32mOK<1b>[0m
test_poc.R.................... 31 tests <1b>[0;32mOK<1b>[0m
test_poc.R.................... 31 tests <1b>[0;32mOK<1b>[0m
test_poc.R.................... 31 tests <1b>[0;32mOK<1b>[0m
test_poc.R.................... 31 tests <1b>[0;32mOK<1b>[0m
test_poc.R.................... 32 tests <1b>[0;32mOK<1b>[0m
test_poc.R.................... 32 tests <1b>[0;32mOK<1b>[0m
test_poc.R.................... 32 tests <1b>[0;32mOK<1b>[0m
test_poc.R.................... 32 tests <1b>[0;32mOK<1b>[0m
test_poc.R.................... 33 tests <1b>[0;32mOK<1b>[0m
test_poc.R.................... 33 tests <1b>[0;32mOK<1b>[0m
test_poc.R.................... 34 tests <1b>[0;32mOK<1b>[0m <1b>[0;34m0.8s<1b>[0m
test_run_validation.R......... 1 tests <1b>[0;32mOK<1b>[0m
test_run_validation.R......... 2 tests <1b>[0;32mOK<1b>[0m
test_run_validation.R......... 3 tests <1b>[0;32mOK<1b>[0m
test_run_validation.R......... 4 tests <1b>[0;32mOK<1b>[0m
test_run_validation.R......... 4 tests <1b>[0;32mOK<1b>[0m
test_run_validation.R......... 4 tests <1b>[0;32mOK<1b>[0m
test_run_validation.R......... 5 tests <1b>[0;32mOK<1b>[0m <1b>[0;36m64ms<1b>[0m
test_sdmx.R................... 0 tests
test_sdmx.R................... 0 tests <1b>[0;34m0.8s<1b>[0m [Exited at #6: skipping API-calling sdmx tests]
test_syntax.R................. 1 tests <1b>[0;32mOK<1b>[0m
test_syntax.R................. 2 tests <1b>[0;32mOK<1b>[0m
test_syntax.R................. 3 tests <1b>[0;32mOK<1b>[0m
test_syntax.R................. 3 tests <1b>[0;32mOK<1b>[0m
test_syntax.R................. 4 tests <1b>[0;32mOK<1b>[0m
test_syntax.R................. 5 tests <1b>[0;32mOK<1b>[0m
test_syntax.R................. 5 tests <1b>[0;32mOK<1b>[0m
test_syntax.R................. 6 tests <1b>[0;32mOK<1b>[0m
test_syntax.R................. 6 tests <1b>[0;32mOK<1b>[0m
test_syntax.R................. 7 tests <1b>[0;32mOK<1b>[0m
test_syntax.R................. 8 tests <1b>[0;32mOK<1b>[0m
test_syntax.R................. 8 tests <1b>[0;32mOK<1b>[0m
test_syntax.R................. 8 tests <1b>[0;32mOK<1b>[0m
test_syntax.R................. 8 tests <1b>[0;32mOK<1b>[0m
test_syntax.R................. 8 tests <1b>[0;32mOK<1b>[0m
test_syntax.R................. 9 tests <1b>[0;32mOK<1b>[0m
test_syntax.R................. 9 tests <1b>[0;32mOK<1b>[0m
test_syntax.R................. 10 tests <1b>[0;32mOK<1b>[0m
test_syntax.R................. 10 tests <1b>[0;32mOK<1b>[0m
test_syntax.R................. 11 tests <1b>[0;32mOK<1b>[0m
test_syntax.R................. 11 tests <1b>[0;32mOK<1b>[0m
test_syntax.R................. 12 tests <1b>[0;32mOK<1b>[0m
test_syntax.R................. 13 tests <1b>[0;32mOK<1b>[0m
test_syntax.R................. 14 tests <1b>[0;32mOK<1b>[0m
test_syntax.R................. 15 tests <1b>[0;32mOK<1b>[0m
test_syntax.R................. 16 tests <1b>[0;32mOK<1b>[0m
test_syntax.R................. 17 tests <1b>[0;32mOK<1b>[0m
test_syntax.R................. 17 tests <1b>[0;32mOK<1b>[0m
test_syntax.R................. 17 tests <1b>[0;32mOK<1b>[0m
test_syntax.R................. 18 tests <1b>[0;32mOK<1b>[0m
test_syntax.R................. 19 tests <1b>[0;32mOK<1b>[0m
test_syntax.R................. 20 tests <1b>[0;32mOK<1b>[0m
test_syntax.R................. 20 tests <1b>[0;32mOK<1b>[0m
test_syntax.R................. 20 tests <1b>[0;32mOK<1b>[0m
test_syntax.R................. 21 tests <1b>[0;32mOK<1b>[0m
test_syntax.R................. 21 tests <1b>[0;32mOK<1b>[0m
test_syntax.R................. 21 tests <1b>[0;32mOK<1b>[0m
test_syntax.R................. 22 tests <1b>[0;32mOK<1b>[0m
test_syntax.R................. 22 tests <1b>[0;32mOK<1b>[0m
test_syntax.R................. 23 tests <1b>[0;32mOK<1b>[0m
test_syntax.R................. 23 tests <1b>[0;32mOK<1b>[0m
test_syntax.R................. 24 tests <1b>[0;32mOK<1b>[0m <1b>[0;34m0.1s<1b>[0m
test_utils.R.................. 1 tests <1b>[0;32mOK<1b>[0m
test_utils.R.................. 1 tests <1b>[0;32mOK<1b>[0m
test_utils.R.................. 2 tests <1b>[0;32mOK<1b>[0m
test_utils.R.................. 2 tests <1b>[0;32mOK<1b>[0m
test_utils.R.................. 2 tests <1b>[0;32mOK<1b>[0m
test_utils.R.................. 3 tests <1b>[0;32mOK<1b>[0m
test_utils.R.................. 4 tests <1b>[0;32mOK<1b>[0m
test_utils.R.................. 5 tests <1b>[0;32mOK<1b>[0m
test_utils.R.................. 6 tests <1b>[0;32mOK<1b>[0m
test_utils.R.................. 6 tests <1b>[0;32mOK<1b>[0m
test_utils.R.................. 7 tests <1b>[0;32mOK<1b>[0m
test_utils.R.................. 7 tests <1b>[0;32mOK<1b>[0m
test_utils.R.................. 8 tests <1b>[0;32mOK<1b>[0m
test_utils.R.................. 9 tests <1b>[0;32mOK<1b>[0m
test_utils.R.................. 10 tests <1b>[0;32mOK<1b>[0m
test_utils.R.................. 11 tests <1b>[0;32mOK<1b>[0m
test_utils.R.................. 12 tests <1b>[0;32mOK<1b>[0m
test_utils.R.................. 13 tests <1b>[0;32mOK<1b>[0m
test_utils.R.................. 13 tests <1b>[0;32mOK<1b>[0m
test_utils.R.................. 13 tests <1b>[0;32mOK<1b>[0m
test_utils.R.................. 13 tests <1b>[0;32mOK<1b>[0m
test_utils.R.................. 13 tests <1b>[0;32mOK<1b>[0m
test_utils.R.................. 14 tests <1b>[0;32mOK<1b>[0m
test_utils.R.................. 14 tests <1b>[0;32mOK<1b>[0m
test_utils.R.................. 15 tests <1b>[0;32mOK<1b>[0m
test_utils.R.................. 16 tests <1b>[0;32mOK<1b>[0m
test_utils.R.................. 17 tests <1b>[0;32mOK<1b>[0m
test_utils.R.................. 17 tests <1b>[0;32mOK<1b>[0m
test_utils.R.................. 17 tests <1b>[0;32mOK<1b>[0m
test_utils.R.................. 17 tests <1b>[0;32mOK<1b>[0m
test_utils.R.................. 18 tests <1b>[0;32mOK<1b>[0m
test_utils.R.................. 19 tests <1b>[0;32mOK<1b>[0m
test_utils.R.................. 20 tests <1b>[0;32mOK<1b>[0m
test_utils.R.................. 21 tests <1b>[0;32mOK<1b>[0m
test_utils.R.................. 21 tests <1b>[0;32mOK<1b>[0m
test_utils.R.................. 22 tests <1b>[0;32mOK<1b>[0m
test_utils.R.................. 23 tests <1b>[0;32mOK<1b>[0m
test_utils.R.................. 23 tests <1b>[0;32mOK<1b>[0m
test_utils.R.................. 24 tests <1b>[0;32mOK<1b>[0m
test_utils.R.................. 24 tests <1b>[0;32mOK<1b>[0m
test_utils.R.................. 25 tests <1b>[0;32mOK<1b>[0m
test_utils.R.................. 26 tests <1b>[0;32mOK<1b>[0m
test_utils.R.................. 27 tests <1b>[0;32mOK<1b>[0m
test_utils.R.................. 28 tests <1b>[0;32mOK<1b>[0m
test_utils.R.................. 29 tests <1b>[0;32mOK<1b>[0m
test_utils.R.................. 30 tests <1b>[0;32mOK<1b>[0m
test_utils.R.................. 31 tests <1b>[0;32mOK<1b>[0m
test_utils.R.................. 32 tests <1b>[0;32mOK<1b>[0m
test_utils.R.................. 33 tests <1b>[0;32mOK<1b>[0m
test_utils.R.................. 34 tests <1b>[0;32mOK<1b>[0m
test_utils.R.................. 35 tests <1b>[0;32mOK<1b>[0m
test_utils.R.................. 37 tests <1b>[0;32mOK<1b>[0m <1b>[0;34m0.4s<1b>[0m
test_validator.R.............. 0 tests
test_validator.R.............. 0 tests
test_validator.R.............. 1 tests <1b>[0;32mOK<1b>[0m
test_validator.R.............. 1 tests <1b>[0;32mOK<1b>[0m
test_validator.R.............. 2 tests <1b>[0;32mOK<1b>[0m
test_validator.R.............. 2 tests <1b>[0;32mOK<1b>[0m
test_validator.R.............. 3 tests <1b>[0;32mOK<1b>[0m
test_validator.R.............. 3 tests <1b>[0;32mOK<1b>[0m
test_validator.R.............. 4 tests <1b>[0;32mOK<1b>[0m
test_validator.R.............. 5 tests <1b>[0;32mOK<1b>[0m
test_validator.R.............. 6 tests <1b>[0;32mOK<1b>[0m
test_validator.R.............. 7 tests <1b>[0;32mOK<1b>[0m
test_validator.R.............. 8 tests <1b>[0;32mOK<1b>[0m
test_validator.R.............. 9 tests <1b>[0;32mOK<1b>[0m
test_validator.R.............. 9 tests <1b>[0;32mOK<1b>[0m
test_validator.R.............. 10 tests <1b>[0;32mOK<1b>[0m
test_validator.R.............. 11 tests <1b>[0;32mOK<1b>[0m
test_validator.R.............. 11 tests <1b>[0;32mOK<1b>[0m
test_validator.R.............. 11 tests <1b>[0;32mOK<1b>[0m
test_validator.R.............. 11 tests <1b>[0;32mOK<1b>[0m
test_validator.R.............. 12 tests <1b>[0;32mOK<1b>[0m
test_validator.R.............. 12 tests <1b>[0;32mOK<1b>[0m
test_validator.R.............. 12 tests <1b>[0;32mOK<1b>[0m
test_validator.R.............. 12 tests <1b>[0;32mOK<1b>[0m
test_validator.R.............. 12 tests <1b>[0;32mOK<1b>[0m
test_validator.R.............. 12 tests <1b>[0;32mOK<1b>[0m
test_validator.R.............. 12 tests <1b>[0;32mOK<1b>[0m
test_validator.R.............. 12 tests <1b>[0;32mOK<1b>[0m
test_validator.R.............. 12 tests <1b>[0;32mOK<1b>[0m
test_validator.R.............. 12 tests <1b>[0;32mOK<1b>[0m
test_validator.R.............. 13 tests <1b>[0;32mOK<1b>[0m
test_validator.R.............. 13 tests <1b>[0;32mOK<1b>[0m
test_validator.R.............. 13 tests <1b>[0;32mOK<1b>[0m
test_validator.R.............. 13 tests <1b>[0;32mOK<1b>[0m Error in file(file, ifelse(append, "a", "w")) :
cannot open the connection
Calls: <Anonymous> ... eval -> export_yaml -> export_yaml -> write -> cat -> file
In addition: Warning message:
In file(file, ifelse(append, "a", "w")) :
cannot open file 'yamltests/tricky_rules.yaml': Read-only file system
Execution halted
Flavor: r-release-linux-x86_64