Last updated on 2025-11-15 11:51:01 CET.
| Flavor | Version | Tinstall | Tcheck | Ttotal | Status | Flags |
|---|---|---|---|---|---|---|
| r-devel-linux-x86_64-debian-clang | 0.1.0 | 2.71 | 37.73 | 40.44 | OK | |
| r-devel-linux-x86_64-debian-gcc | 0.1.0 | 2.02 | 28.78 | 30.80 | OK | |
| r-devel-linux-x86_64-fedora-clang | 0.1.0 | 17.00 | 48.73 | 65.73 | NOTE | |
| r-devel-linux-x86_64-fedora-gcc | 0.1.0 | 14.00 | 63.70 | 77.70 | NOTE | |
| r-devel-windows-x86_64 | 0.1.0 | 6.00 | 59.00 | 65.00 | OK | |
| r-patched-linux-x86_64 | 0.1.0 | 2.68 | 34.71 | 37.39 | OK | |
| r-release-linux-x86_64 | 0.1.0 | 2.60 | 34.72 | 37.32 | OK | |
| r-release-macos-arm64 | 0.1.0 | 1.00 | 30.00 | 31.00 | OK | |
| r-release-macos-x86_64 | 0.1.0 | 2.00 | 59.00 | 61.00 | OK | |
| r-release-windows-x86_64 | 0.1.0 | 5.00 | 64.00 | 69.00 | OK | |
| r-oldrel-macos-arm64 | 0.1.0 | 1.00 | 27.00 | 28.00 | OK | |
| r-oldrel-macos-x86_64 | 0.1.0 | 2.00 | 38.00 | 40.00 | OK | |
| r-oldrel-windows-x86_64 | 0.1.0 | 7.00 | 68.00 | 75.00 | OK |
Version: 0.1.0
Check: dependencies in R code
Result: NOTE
Namespaces in Imports field not imported from:
‘BBmisc’ ‘badger’
All declared Imports should be used.
Flavors: r-devel-linux-x86_64-fedora-clang, r-devel-linux-x86_64-fedora-gcc