Last updated on 2025-11-08 09:51:05 CET.
| Flavor | Version | Tinstall | Tcheck | Ttotal | Status | Flags |
|---|---|---|---|---|---|---|
| r-devel-linux-x86_64-debian-clang | 0.0.3 | 21.21 | 37.17 | 58.38 | OK | |
| r-devel-linux-x86_64-debian-gcc | 0.0.3 | 12.94 | 30.11 | 43.05 | OK | |
| r-devel-linux-x86_64-fedora-clang | 0.0.3 | 46.00 | 36.93 | 82.93 | ERROR | |
| r-devel-linux-x86_64-fedora-gcc | 0.0.3 | 47.00 | 55.79 | 102.79 | OK | |
| r-devel-windows-x86_64 | 0.0.3 | 27.00 | 82.00 | 109.00 | OK | |
| r-patched-linux-x86_64 | 0.0.3 | 19.47 | 35.54 | 55.01 | OK | |
| r-release-linux-x86_64 | 0.0.3 | 22.21 | 35.42 | 57.63 | OK | |
| r-release-macos-arm64 | 0.0.3 | 8.00 | 29.00 | 37.00 | OK | |
| r-release-macos-x86_64 | 0.0.3 | 13.00 | 56.00 | 69.00 | OK | |
| r-release-windows-x86_64 | 0.0.3 | 25.00 | 84.00 | 109.00 | OK | |
| r-oldrel-macos-arm64 | 0.0.3 | 8.00 | 26.00 | 34.00 | OK | |
| r-oldrel-macos-x86_64 | 0.0.3 | 12.00 | 45.00 | 57.00 | OK | |
| r-oldrel-windows-x86_64 | 0.0.3 | 30.00 | 98.00 | 128.00 | OK |
Version: 0.0.3
Check: re-building of vignette outputs
Result: ERROR
Error(s) in re-building vignettes:
--- re-building ‘vMF.Rmd’ using rmarkdown
Quitting from vMF.Rmd:92-102 [comp2]
~~~~~~~~~~~~~~~~~~~~~~~~~~~~~~~~~~~~~~~~~~~~~~~~~~~~~~~~~~~~~~~~~~~~~~~~~~~~~~~~
<error/rlang_error>
Error in `loadNamespace()`:
! there is no package called 'ddpcr'
---
Backtrace:
x
1. \-base::loadNamespace(x)
2. \-base::withRestarts(stop(cond), retry_loadNamespace = function() NULL)
3. \-base (local) withOneRestart(expr, restarts[[1L]])
4. \-base (local) doWithOneRestart(return(expr), restart)
~~~~~~~~~~~~~~~~~~~~~~~~~~~~~~~~~~~~~~~~~~~~~~~~~~~~~~~~~~~~~~~~~~~~~~~~~~~~~~~~
Error: processing vignette 'vMF.Rmd' failed with diagnostics:
there is no package called 'ddpcr'
--- failed re-building ‘vMF.Rmd’
SUMMARY: processing the following file failed:
‘vMF.Rmd’
Error: Vignette re-building failed.
Execution halted
Flavor: r-devel-linux-x86_64-fedora-clang