CRAN Package Check Results for Package uaparserjs

Last updated on 2025-10-22 09:50:57 CEST.

Flavor Version Tinstall Tcheck Ttotal Status Flags
r-devel-linux-x86_64-debian-clang 0.3.5 3.72 36.36 40.08 NOTE
r-devel-linux-x86_64-debian-gcc 0.3.5 2.91 29.36 32.27 NOTE
r-devel-linux-x86_64-fedora-clang 0.3.5 28.00 32.93 60.93 NOTE
r-devel-linux-x86_64-fedora-gcc 0.3.5 56.72 NOTE
r-devel-windows-x86_64 0.3.5 5.00 49.00 54.00 NOTE
r-patched-linux-x86_64 0.3.5 3.11 33.60 36.71 NOTE
r-release-linux-x86_64 0.3.5 3.55 34.29 37.84 NOTE
r-release-macos-arm64 0.3.5 4.00 30.00 34.00 NOTE
r-release-macos-x86_64 0.3.5 3.00 39.00 42.00 NOTE
r-release-windows-x86_64 0.3.5 5.00 52.00 57.00 NOTE
r-oldrel-macos-arm64 0.3.5 2.00 24.00 26.00 NOTE
r-oldrel-macos-x86_64 0.3.5 3.00 33.00 36.00 NOTE
r-oldrel-windows-x86_64 0.3.5 6.00 58.00 64.00 NOTE

Check Details

Version: 0.3.5
Check: package subdirectories
Result: NOTE Problems with news in ‘NEWS.md’: No news entries found. Flavors: r-devel-linux-x86_64-debian-clang, r-devel-linux-x86_64-debian-gcc, r-devel-linux-x86_64-fedora-clang, r-devel-linux-x86_64-fedora-gcc, r-devel-windows-x86_64, r-patched-linux-x86_64, r-release-linux-x86_64, r-release-macos-arm64, r-release-macos-x86_64, r-release-windows-x86_64, r-oldrel-macos-arm64, r-oldrel-macos-x86_64, r-oldrel-windows-x86_64