Last updated on 2025-10-22 09:50:57 CEST.
Flavor | Version | Tinstall | Tcheck | Ttotal | Status | Flags |
---|---|---|---|---|---|---|
r-devel-linux-x86_64-debian-clang | 1.1.6 | 12.13 | 139.22 | 151.35 | NOTE | |
r-devel-linux-x86_64-debian-gcc | 1.1.6 | 7.89 | 92.88 | 100.77 | NOTE | |
r-devel-linux-x86_64-fedora-clang | 1.1.6 | 69.00 | 165.35 | 234.35 | OK | |
r-devel-linux-x86_64-fedora-gcc | 1.1.6 | 29.00 | 208.24 | 237.24 | OK | |
r-devel-windows-x86_64 | 1.1.6 | 14.00 | 148.00 | 162.00 | OK | |
r-patched-linux-x86_64 | 1.1.6 | 12.04 | 129.81 | 141.85 | OK | |
r-release-linux-x86_64 | 1.1.6 | 9.91 | 132.33 | 142.24 | OK | |
r-release-macos-arm64 | 1.1.6 | 7.00 | 78.00 | 85.00 | OK | |
r-release-macos-x86_64 | 1.1.6 | 11.00 | 129.00 | 140.00 | OK | |
r-release-windows-x86_64 | 1.1.6 | 14.00 | 152.00 | 166.00 | OK | |
r-oldrel-macos-arm64 | 1.1.6 | 6.00 | 67.00 | 73.00 | OK | |
r-oldrel-macos-x86_64 | 1.1.6 | 12.00 | 135.00 | 147.00 | OK | |
r-oldrel-windows-x86_64 | 1.1.6 | 18.00 | 197.00 | 215.00 | OK |
Version: 1.1.6
Check: HTML version of manual
Result: NOTE
Found the following HTML validation problems:
build_tsibble_meta.html:75:1 (build_tsibble_meta.Rd:28): Warning: missing </ul> before </div>
default_time_units.html:46:1 (default_time_units.Rd:10): Warning: missing </ul> before </div>
key_drop_default.html:46:1 (key_drop_default.Rd:10): Warning: missing </ul> before </div>
new_tsibble.html:54:1 (new_tsibble.Rd:14): Warning: missing </ul> before </div>
unnest_tsibble.html:62:1 (unnest_tsibble.Rd:20): Warning: missing </ul> before </div>
Flavors: r-devel-linux-x86_64-debian-clang, r-devel-linux-x86_64-debian-gcc