Last updated on 2025-10-31 09:50:33 CET.
| Flavor | Version | Tinstall | Tcheck | Ttotal | Status | Flags | 
|---|---|---|---|---|---|---|
| r-devel-linux-x86_64-debian-clang | 0.2.1 | 43.79 | 390.74 | 434.53 | OK | |
| r-devel-linux-x86_64-debian-gcc | 0.2.1 | 32.77 | 282.13 | 314.90 | OK | |
| r-devel-linux-x86_64-fedora-clang | 0.2.1 | 100.00 | 467.42 | 567.42 | OK | |
| r-devel-linux-x86_64-fedora-gcc | 0.2.1 | 238.00 | 416.99 | 654.99 | OK | |
| r-devel-windows-x86_64 | 0.2.1 | 47.00 | 321.00 | 368.00 | OK | |
| r-patched-linux-x86_64 | 0.2.1 | 0.32 | 1.78 | 2.10 | ERROR | |
| r-release-linux-x86_64 | 0.2.1 | 34.60 | 362.53 | 397.13 | OK | |
| r-release-macos-arm64 | 0.2.1 | 20.00 | 153.00 | 173.00 | OK | |
| r-release-macos-x86_64 | 0.2.1 | 38.00 | 269.00 | 307.00 | OK | |
| r-release-windows-x86_64 | 0.2.1 | 45.00 | 316.00 | 361.00 | OK | |
| r-oldrel-macos-arm64 | 0.2.1 | 20.00 | 166.00 | 186.00 | OK | |
| r-oldrel-macos-x86_64 | 0.2.1 | 27.00 | 224.00 | 251.00 | OK | |
| r-oldrel-windows-x86_64 | 0.2.1 | 58.00 | 427.00 | 485.00 | OK | 
Version: 0.2.1
Check: package dependencies
Result: ERROR
  Packages required but not available:
    'csaw', 'InteractionSet', 'SummarizedExperiment', 'HiCDOC'
  
  See section ‘The DESCRIPTION file’ in the ‘Writing R Extensions’
  manual.
Flavor: r-patched-linux-x86_64