CRAN Package Check Results for Package tmod

Last updated on 2025-10-22 09:50:56 CEST.

Flavor Version Tinstall Tcheck Ttotal Status Flags
r-devel-linux-x86_64-debian-clang 0.50.13 10.95 159.39 170.34 NOTE
r-devel-linux-x86_64-debian-gcc 0.50.13 8.47 111.63 120.10 NOTE
r-devel-linux-x86_64-fedora-clang 0.50.13 57.00 209.33 266.33 NOTE
r-devel-linux-x86_64-fedora-gcc 0.50.13 24.00 235.26 259.26 NOTE
r-devel-windows-x86_64 0.50.13 13.00 160.00 173.00 NOTE
r-patched-linux-x86_64 0.50.13 10.64 150.40 161.04 NOTE
r-release-linux-x86_64 0.50.13 10.19 149.53 159.72 NOTE
r-release-macos-arm64 0.50.13 4.00 69.00 73.00 NOTE
r-release-macos-x86_64 0.50.13 10.00 136.00 146.00 NOTE
r-release-windows-x86_64 0.50.13 14.00 161.00 175.00 NOTE
r-oldrel-macos-arm64 0.50.13 4.00 69.00 73.00 NOTE
r-oldrel-macos-x86_64 0.50.13 7.00 101.00 108.00 NOTE
r-oldrel-windows-x86_64 0.50.13 19.00 205.00 224.00 NOTE

Check Details

Version: 0.50.13
Check: Rd files
Result: NOTE checkRd: (-1) pvalEffectPlot.Rd:90: Lost braces in \itemize; meant \describe ? checkRd: (-1) pvalEffectPlot.Rd:91: Lost braces in \itemize; meant \describe ? checkRd: (-1) pvalEffectPlot.Rd:92: Lost braces in \itemize; meant \describe ? checkRd: (-1) pvalEffectPlot.Rd:93: Lost braces in \itemize; meant \describe ? checkRd: (-1) pvalEffectPlot.Rd:94: Lost braces in \itemize; meant \describe ? Flavors: r-devel-linux-x86_64-debian-clang, r-devel-linux-x86_64-debian-gcc, r-devel-linux-x86_64-fedora-clang, r-devel-linux-x86_64-fedora-gcc, r-devel-windows-x86_64, r-patched-linux-x86_64, r-release-linux-x86_64, r-release-macos-arm64, r-release-macos-x86_64, r-release-windows-x86_64, r-oldrel-macos-arm64, r-oldrel-macos-x86_64, r-oldrel-windows-x86_64

Version: 0.50.13
Check: HTML version of manual
Result: NOTE Found the following HTML validation problems: check_tmod_gs.html:46:1 (check_tmod_gs.Rd:10): Warning: missing </ul> before </div> ggEvidencePlot.html:78:1 (ggEvidencePlot.Rd:30): Warning: missing </ul> before </div> Flavors: r-devel-linux-x86_64-debian-clang, r-devel-linux-x86_64-debian-gcc